DROP table if exists c_city cascade;

DROP TABLE if exists c_country cascade;

DROP table if exists c_genre cascade;

DROP TABLE if exists c_language cascade; 

DROP TABLE if exists c_role cascade;

DROP TABLE if exists c_sex cascade; 

DROP TABLE if exists t_cast cascade;

DROP TABLE if exists t_cinema cascade;

DROP TABLE if exists t_hall cascade;

DROP TABLE if exists t_is_of_genre cascade;

DROP TABLE if exists t_movie cascade;

DROP TABLE if exists t_person cascade;

DROP TABLE if exists t_person_role cascade;

DROP TABLE if exists t_produced_in cascade;

DROP TABLE if exists t_program cascade;

DROP FUNCTION if exists get_age(date);


CREATE OR REPLACE FUNCTION get_age(birthday date)
	RETURNS interval 
	LANGUAGE plpgsql IMMUTABLE
AS $function$
	begin
		RETURN age(birthday);
	END;
$function$;

-- t_hall definition

-- Drop table

-- DROP TABLE t_hall;

CREATE TABLE t_hall (
	hal_id serial NOT NULL,
	hal_name varchar(100) NOT NULL,
	hal_capacity int4 NOT NULL,
	xhal_cin_id int4 NOT NULL,
	hal_inserted timestamp(0) NOT NULL DEFAULT now(),
	hal_inserted_by text NOT NULL DEFAULT SESSION_USER,
	hal_modified timestamp(0) NULL,
	hal_modified_by text NULL,
	CONSTRAINT t_hall_pk PRIMARY KEY (hal_id)
);


-- t_movie definition

-- Drop table

-- DROP TABLE t_movie;

CREATE TABLE t_movie (
	mov_id serial NOT NULL,
	mov_name varchar(100) NOT NULL,
	mov_duration int4 NOT NULL,
	mov_release_date date NOT NULL,
	mov_cost int4 NULL,
	mov_inserted timestamp(0) NOT NULL DEFAULT now(),
	mov_inserted_by text NOT NULL DEFAULT SESSION_USER,
	mov_modified timestamp(0) NULL,
	mov_modified_by text NULL,
	CONSTRAINT t_movie_pk PRIMARY KEY (mov_id)
);

-- c_country definition

-- Drop table

-- DROP TABLE c_country;

CREATE TABLE c_country (
	cou_name varchar(100) NOT NULL,
	cou_inserted timestamp(0) NOT NULL DEFAULT now(),
	cou_inserted_by text NOT NULL DEFAULT SESSION_USER,
	cou_modified timestamp(0) NULL,
	cou_modified_by text NULL,
	cou_id bpchar(3) NOT NULL,
	CONSTRAINT c_country_pk PRIMARY KEY (cou_id)
);

-- c_genre definition

-- Drop table

-- DROP TABLE c_genre;

CREATE TABLE c_genre (
	gen_id serial NOT NULL,
	gen_name varchar(100) NOT NULL,
	gen_inserted timestamp(0) NOT NULL DEFAULT now(),
	gen_inserted_by text NOT NULL DEFAULT SESSION_USER,
	gen_modified timestamp(0) NULL,
	gen_modified_by text NULL,
	CONSTRAINT c_genre_pk PRIMARY KEY (gen_id)
);


-- c_language definition

-- Drop table

-- DROP TABLE c_language;

CREATE TABLE c_language (
	lan_name varchar(50) NOT NULL,
	lan_inserted timestamp(0) NOT NULL DEFAULT now(),
	lan_inserted_by text NOT NULL DEFAULT SESSION_USER,
	lan_modified timestamp(0) NULL,
	lan_modified_by text NULL,
	lan_id bpchar(2) NOT NULL,
	CONSTRAINT c_language_pk PRIMARY KEY (lan_id)
);

-- c_role definition

-- Drop table

-- DROP TABLE c_role;

CREATE TABLE c_role (
	rol_id serial NOT NULL,
	rol_name varchar(100) NOT NULL,
	rol_inserted timestamp(0) NOT NULL DEFAULT now(),
	rol_inserted_by text NOT NULL DEFAULT SESSION_USER,
	rol_modified timestamp(0) NULL,
	rol_modified_by text NULL,
	CONSTRAINT c_role_pk PRIMARY KEY (rol_id)
);

-- t_person definition

-- Drop table

-- DROP TABLE t_person;

CREATE TABLE t_person (
	per_id serial NOT NULL,
	per_first_name varchar(50) NOT NULL,
	per_middle_name varchar(50) NULL,
	per_last_name varchar(100) NOT NULL,
	per_birthdate date NULL,
	per_inserted timestamp(0) NOT NULL DEFAULT now(),
	per_inserted_by text NOT NULL DEFAULT SESSION_USER,
	per_modified timestamp(0) NULL,
	per_modified_by text NULL,
	xper_sex_id bpchar(1) NULL,
	per_age interval GENERATED ALWAYS AS (get_age(per_birthdate)) STORED,
	CONSTRAINT t_person_pk PRIMARY KEY (per_id),
	CONSTRAINT t_person_un UNIQUE (per_first_name, per_middle_name, per_last_name),
	CONSTRAINT t_person_un_1 UNIQUE (per_first_name, per_last_name)
);

-- t_person_role definition

-- Drop table

-- DROP TABLE t_person_role;

CREATE TABLE t_person_role (
	pro_id serial NOT NULL,
	xpro_per_id int4 NOT NULL,
	xpro_rol_id int4 NOT NULL,
	pro_inserted timestamp(0) NOT NULL DEFAULT now(),
	pro_inserted_by text NOT NULL DEFAULT SESSION_USER,
	pro_modified timestamp(0) NULL,
	pro_modified_by text NULL,
	CONSTRAINT t_person_role_pk PRIMARY KEY (pro_id),
	CONSTRAINT t_person_role_un UNIQUE (xpro_per_id, xpro_rol_id)
);

-- c_city definition

-- Drop table

-- DROP TABLE c_city;

CREATE TABLE c_city (
	cit_id serial NOT NULL,
	cit_name varchar(100) NOT NULL,
	cit_inserted timestamp(0) NOT NULL DEFAULT now(),
	cit_inserted_by text NOT NULL DEFAULT SESSION_USER,
	cit_modified timestamp(0) NULL,
	cit_modified_by text NULL,
	CONSTRAINT c_city_pk PRIMARY KEY (cit_id)
);

-- t_produced_in definition

-- Drop table

-- DROP TABLE t_produced_in;

CREATE TABLE t_produced_in (
	xprd_mov_id int4 NOT NULL,
	prd_inserted timestamp(0) NOT NULL DEFAULT now(),
	prd_inserted_by text NOT NULL DEFAULT SESSION_USER,
	prd_modified timestamp(0) NULL,
	prd_modified_by text NULL,
	xprd_cou_id bpchar(3) NOT NULL,
	CONSTRAINT t_produced_in_pk PRIMARY KEY (xprd_mov_id, xprd_cou_id)
);

-- t_is_of_genre definition

-- Drop table

-- DROP TABLE t_is_of_genre;

CREATE TABLE t_is_of_genre (
	xiog_mov_id int4 NOT NULL,
	xiog_gen_id int4 NOT NULL,
	iog_inserted timestamp(0) NOT NULL DEFAULT now(),
	iog_inserted_by text NOT NULL DEFAULT SESSION_USER,
	iog_modified timestamp(0) NULL,
	iog_modified_by text NULL,
	CONSTRAINT t_is_of_genre_pk PRIMARY KEY (xiog_mov_id, xiog_gen_id)
);

-- t_cast definition

-- Drop table

-- DROP TABLE t_cast;

CREATE TABLE t_cast (
	xcas_mov_id int4 NOT NULL,
	xcas_pro_id int4 NOT NULL,
	cas_inserted timestamp(0) NOT NULL DEFAULT now(),
	cas_inserted_by text NOT NULL DEFAULT SESSION_USER,
	cas_modified timestamp(0) NULL,
	cas_modified_by text NULL,
	CONSTRAINT t_cast_pk PRIMARY KEY (xcas_mov_id, xcas_pro_id)
);

-- t_cinema definition

-- Drop table

-- DROP TABLE t_cinema;

CREATE TABLE t_cinema (
	cin_id serial NOT NULL,
	cin_name varchar(100) NOT NULL,
	cin_street varchar(100) NOT NULL,
	cin_postal_code varchar(10) NOT NULL,
	cin_telephone varchar(20) NOT NULL,
	cin_email varchar(100) NOT NULL,
	xcin_cit_id int4 NOT NULL,
	cin_inserted timestamp(0) NOT NULL DEFAULT now(),
	cin_inserted_by text NOT NULL DEFAULT SESSION_USER,
	cin_modified timestamp(0) NULL,
	cin_modified_by text NULL,
	CONSTRAINT t_cinema_pk PRIMARY KEY (cin_id)
);

-- t_program definition

-- Drop table

-- DROP TABLE t_program;

CREATE TABLE t_program (
	prg_id serial NOT NULL,
	prg_starts timestamp NOT NULL,
	prg_price varchar(5) NOT NULL,
	xprg_hal_id int4 NOT NULL,
	xprg_mov_id int4 NOT NULL,
	xprg_lan_id bpchar(2) NOT NULL,
	xprg_lan_id_dubbing bpchar(2) NULL,
	CONSTRAINT t_program_pk PRIMARY KEY (prg_id)
);

--CUDZIE KLUCE


-- t_hall foreign keys

ALTER TABLE t_hall ADD CONSTRAINT t_hall_fk FOREIGN KEY (xhal_cin_id) REFERENCES t_cinema(cin_id) ON DELETE CASCADE;

-- t_person_role foreign keys

ALTER TABLE t_person_role ADD CONSTRAINT t_person_role_fk FOREIGN KEY (xpro_per_id) REFERENCES t_person(per_id) ON DELETE CASCADE;
ALTER TABLE t_person_role ADD CONSTRAINT t_person_role_fk_1 FOREIGN KEY (xpro_rol_id) REFERENCES c_role(rol_id) ON DELETE CASCADE;

-- t_produced_in foreign keys

ALTER TABLE t_produced_in ADD CONSTRAINT t_produced_in_fk FOREIGN KEY (xprd_cou_id) REFERENCES c_country(cou_id);
ALTER TABLE t_produced_in ADD CONSTRAINT t_produced_in_fk_1 FOREIGN KEY (xprd_mov_id) REFERENCES t_movie(mov_id) ON DELETE CASCADE;

-- t_is_of_genre foreign keys

ALTER TABLE t_is_of_genre ADD CONSTRAINT t_is_of_genre_fk FOREIGN KEY (xiog_gen_id) REFERENCES c_genre(gen_id) ON DELETE CASCADE;
ALTER TABLE t_is_of_genre ADD CONSTRAINT t_is_of_genre_fk_1 FOREIGN KEY (xiog_mov_id) REFERENCES t_movie(mov_id) ON DELETE CASCADE;

-- t_cast foreign keys

ALTER TABLE t_cast ADD CONSTRAINT t_cast_fk FOREIGN KEY (xcas_mov_id) REFERENCES t_movie(mov_id) ON DELETE CASCADE;
ALTER TABLE t_cast ADD CONSTRAINT t_cast_fk_1 FOREIGN KEY (xcas_pro_id) REFERENCES t_person_role(pro_id) ON DELETE CASCADE;


-- t_cinema foreign keys

ALTER TABLE t_cinema ADD CONSTRAINT t_cinema_fk FOREIGN KEY (xcin_cit_id) REFERENCES c_city(cit_id) ON DELETE CASCADE;

-- t_program foreign keys

ALTER TABLE t_program ADD CONSTRAINT t_program_fk FOREIGN KEY (xprg_lan_id) REFERENCES c_language(lan_id);
ALTER TABLE t_program ADD CONSTRAINT t_program_fk_1 FOREIGN KEY (xprg_lan_id_dubbing) REFERENCES c_language(lan_id);
ALTER TABLE t_program ADD CONSTRAINT t_program_fk_2 FOREIGN KEY (xprg_hal_id) REFERENCES t_hall(hal_id) ON DELETE CASCADE;
ALTER TABLE t_program ADD CONSTRAINT t_program_fk_3 FOREIGN KEY (xprg_mov_id) REFERENCES t_movie(mov_id) ON DELETE cascade;


--INSERTY

INSERT INTO t_movie (mov_id,mov_name,mov_duration,mov_release_date,mov_cost,mov_inserted,mov_inserted_by,mov_modified,mov_modified_by) VALUES (1,'The Irishman',210,'2019-09-27',159000000,'2021-02-16 23:41:15','ds2020',NULL,NULL);
INSERT INTO t_movie (mov_id,mov_name,mov_duration,mov_release_date,mov_cost,mov_inserted,mov_inserted_by,mov_modified,mov_modified_by) VALUES (2,'Forrest Gump',142,'1994-10-20',55000000,'2021-02-16 23:41:15','ds2020',NULL,NULL);
INSERT INTO t_movie (mov_id,mov_name,mov_duration,mov_release_date,mov_cost,mov_inserted,mov_inserted_by,mov_modified,mov_modified_by) VALUES (3,'The Shawshank Redemption',142,'1995-07-13',25000000,'2021-02-16 23:41:15','ds2020',NULL,NULL);
INSERT INTO t_movie (mov_id,mov_name,mov_duration,mov_release_date,mov_cost,mov_inserted,mov_inserted_by,mov_modified,mov_modified_by) VALUES (4,'The Green Mile',188,'2000-03-16',60000000,'2021-02-16 23:41:15','ds2020',NULL,NULL);
INSERT INTO t_movie (mov_id,mov_name,mov_duration,mov_release_date,mov_cost,mov_inserted,mov_inserted_by,mov_modified,mov_modified_by) VALUES (5,'One Flew Over the Cuckoo''s Nest',133,'1975-11-19',4400000,'2021-02-16 23:41:15','ds2020',NULL,NULL);
INSERT INTO t_movie (mov_id,mov_name,mov_duration,mov_release_date,mov_cost,mov_inserted,mov_inserted_by,mov_modified,mov_modified_by) VALUES (6,'Seven',127,'1996-03-21',30000000,'2021-02-16 23:41:15','ds2020',NULL,NULL);
INSERT INTO t_movie (mov_id,mov_name,mov_duration,mov_release_date,mov_cost,mov_inserted,mov_inserted_by,mov_modified,mov_modified_by) VALUES (7,'Schindler''s List',195,'1994-03-10',25000000,'2021-02-16 23:41:15','ds2020',NULL,NULL);
INSERT INTO t_movie (mov_id,mov_name,mov_duration,mov_release_date,mov_cost,mov_inserted,mov_inserted_by,mov_modified,mov_modified_by) VALUES (8,'The Godfather',175,'1972-03-24',6000000,'2021-02-16 23:41:15','ds2020',NULL,NULL);
INSERT INTO t_movie (mov_id,mov_name,mov_duration,mov_release_date,mov_cost,mov_inserted,mov_inserted_by,mov_modified,mov_modified_by) VALUES (9,'Intouchables',112,'2012-06-07',10800000,'2021-02-16 23:41:15','ds2020',NULL,NULL);
INSERT INTO t_movie (mov_id,mov_name,mov_duration,mov_release_date,mov_cost,mov_inserted,mov_inserted_by,mov_modified,mov_modified_by) VALUES (10,'12 Angry Men',96,'1957-04-10',340000,'2021-02-16 23:41:15','ds2020',NULL,NULL);
INSERT INTO t_movie (mov_id,mov_name,mov_duration,mov_release_date,mov_cost,mov_inserted,mov_inserted_by,mov_modified,mov_modified_by) VALUES (11,'Pelíšky',116,'1999-04-08',20000000,'2021-02-16 23:41:15','ds2020',NULL,NULL);
INSERT INTO t_movie (mov_id,mov_name,mov_duration,mov_release_date,mov_cost,mov_inserted,mov_inserted_by,mov_modified,mov_modified_by) VALUES (12,'Terminator 2: Judgment Day',137,'1991-07-03',102000000,'2021-02-16 23:41:15','ds2020',NULL,NULL);
INSERT INTO t_movie (mov_id,mov_name,mov_duration,mov_release_date,mov_cost,mov_inserted,mov_inserted_by,mov_modified,mov_modified_by) VALUES (13,'The Godfather: Part II',202,'1974-12-20',13000000,'2021-02-16 23:41:15','ds2020',NULL,NULL);
INSERT INTO t_movie (mov_id,mov_name,mov_duration,mov_release_date,mov_cost,mov_inserted,mov_inserted_by,mov_modified,mov_modified_by) VALUES (14,'Pulp Fiction',154,'1994-10-13',8500000,'2021-02-16 23:41:15','ds2020',NULL,NULL);
INSERT INTO t_movie (mov_id,mov_name,mov_duration,mov_release_date,mov_cost,mov_inserted,mov_inserted_by,mov_modified,mov_modified_by) VALUES (15,'Once Upon a Time in the West',166,'1969-05-28',5000000,'2021-02-16 23:41:15','ds2020',NULL,NULL);
INSERT INTO t_movie (mov_id,mov_name,mov_duration,mov_release_date,mov_cost,mov_inserted,mov_inserted_by,mov_modified,mov_modified_by) VALUES (16,'The Lord of the Rings: The Fellowship of the Ring',172,'2002-01-24',93000000,'2021-02-16 23:41:15','ds2020',NULL,NULL);
INSERT INTO t_movie (mov_id,mov_name,mov_duration,mov_release_date,mov_cost,mov_inserted,mov_inserted_by,mov_modified,mov_modified_by) VALUES (17,'The Lord of the Rings: The Return of the King',201,'2004-01-15',94000000,'2021-02-16 23:41:15','ds2020',NULL,NULL);
INSERT INTO t_movie (mov_id,mov_name,mov_duration,mov_release_date,mov_cost,mov_inserted,mov_inserted_by,mov_modified,mov_modified_by) VALUES (18,'The Silence of the Lambs',119,'1991-02-14',19000000,'2021-02-16 23:41:15','ds2020',NULL,NULL);
INSERT INTO t_movie (mov_id,mov_name,mov_duration,mov_release_date,mov_cost,mov_inserted,mov_inserted_by,mov_modified,mov_modified_by) VALUES (19,'The Dark Knight',152,'2008-07-24',180000000,'2021-02-16 23:41:15','ds2020',NULL,NULL);
INSERT INTO t_movie (mov_id,mov_name,mov_duration,mov_release_date,mov_cost,mov_inserted,mov_inserted_by,mov_modified,mov_modified_by) VALUES (20,'Gran Torino',116,'2009-04-09',33000000,'2021-02-16 23:41:15','ds2020',NULL,NULL);
INSERT INTO t_movie (mov_id,mov_name,mov_duration,mov_release_date,mov_cost,mov_inserted,mov_inserted_by,mov_modified,mov_modified_by) VALUES (21,'The Matrix',136,'1999-08-05',63000000,'2021-02-16 23:41:15','ds2020',NULL,NULL);

INSERT INTO c_country (cou_name,cou_inserted,cou_inserted_by,cou_modified,cou_modified_by,cou_id) VALUES ('USA','2021-02-16 23:41:15','ds2020',NULL,NULL,'USA');
INSERT INTO c_country (cou_name,cou_inserted,cou_inserted_by,cou_modified,cou_modified_by,cou_id) VALUES ('France','2021-02-16 23:41:15','ds2020',NULL,NULL,'FRA');
INSERT INTO c_country (cou_name,cou_inserted,cou_inserted_by,cou_modified,cou_modified_by,cou_id) VALUES ('Czech Republic','2021-02-16 23:41:15','ds2020',NULL,NULL,'CZE');
INSERT INTO c_country (cou_name,cou_inserted,cou_inserted_by,cou_modified,cou_modified_by,cou_id) VALUES ('Italy','2021-02-16 23:41:15','ds2020',NULL,NULL,'ITA');
INSERT INTO c_country (cou_name,cou_inserted,cou_inserted_by,cou_modified,cou_modified_by,cou_id) VALUES ('New Zealand','2021-02-16 23:41:15','ds2020',NULL,NULL,'NZL');
INSERT INTO c_country (cou_name,cou_inserted,cou_inserted_by,cou_modified,cou_modified_by,cou_id) VALUES ('Germany','2021-02-16 23:41:15','ds2020',NULL,NULL,'GER');
INSERT INTO c_country (cou_name,cou_inserted,cou_inserted_by,cou_modified,cou_modified_by,cou_id) VALUES ('United Kingdom','2021-02-16 23:41:15','ds2020',NULL,NULL,'GBR');

INSERT INTO c_genre (gen_id,gen_name,gen_inserted,gen_inserted_by,gen_modified,gen_modified_by) VALUES (1,'Crime','2021-02-16 23:41:15','ds2020',NULL,NULL);
INSERT INTO c_genre (gen_id,gen_name,gen_inserted,gen_inserted_by,gen_modified,gen_modified_by) VALUES (2,'Drama','2021-02-16 23:41:15','ds2020',NULL,NULL);
INSERT INTO c_genre (gen_id,gen_name,gen_inserted,gen_inserted_by,gen_modified,gen_modified_by) VALUES (3,'Action','2021-02-16 23:41:15','ds2020',NULL,NULL);
INSERT INTO c_genre (gen_id,gen_name,gen_inserted,gen_inserted_by,gen_modified,gen_modified_by) VALUES (4,'Adventure','2021-02-16 23:41:15','ds2020',NULL,NULL);
INSERT INTO c_genre (gen_id,gen_name,gen_inserted,gen_inserted_by,gen_modified,gen_modified_by) VALUES (5,'Comedy','2021-02-16 23:41:15','ds2020',NULL,NULL);
INSERT INTO c_genre (gen_id,gen_name,gen_inserted,gen_inserted_by,gen_modified,gen_modified_by) VALUES (6,'Fantasy','2021-02-16 23:41:15','ds2020',NULL,NULL);
INSERT INTO c_genre (gen_id,gen_name,gen_inserted,gen_inserted_by,gen_modified,gen_modified_by) VALUES (7,'Horror','2021-02-16 23:41:15','ds2020',NULL,NULL);
INSERT INTO c_genre (gen_id,gen_name,gen_inserted,gen_inserted_by,gen_modified,gen_modified_by) VALUES (8,'Mystery','2021-02-16 23:41:15','ds2020',NULL,NULL);
INSERT INTO c_genre (gen_id,gen_name,gen_inserted,gen_inserted_by,gen_modified,gen_modified_by) VALUES (9,'Romance','2021-02-16 23:41:15','ds2020',NULL,NULL);
INSERT INTO c_genre (gen_id,gen_name,gen_inserted,gen_inserted_by,gen_modified,gen_modified_by) VALUES (10,'Sci-Fi','2021-02-16 23:41:15','ds2020',NULL,NULL);
INSERT INTO c_genre (gen_id,gen_name,gen_inserted,gen_inserted_by,gen_modified,gen_modified_by) VALUES (11,'Thriller','2021-02-16 23:41:15','ds2020',NULL,NULL);
INSERT INTO c_genre (gen_id,gen_name,gen_inserted,gen_inserted_by,gen_modified,gen_modified_by) VALUES (12,'Western','2021-02-16 23:41:15','ds2020',NULL,NULL);
INSERT INTO c_genre (gen_id,gen_name,gen_inserted,gen_inserted_by,gen_modified,gen_modified_by) VALUES (13,'Psychological','2021-02-16 23:41:15','ds2020',NULL,NULL);
INSERT INTO c_genre (gen_id,gen_name,gen_inserted,gen_inserted_by,gen_modified,gen_modified_by) VALUES (14,'History','2021-02-16 23:41:15','ds2020',NULL,NULL);
INSERT INTO c_genre (gen_id,gen_name,gen_inserted,gen_inserted_by,gen_modified,gen_modified_by) VALUES (16,'Biography','2021-02-16 23:41:15','ds2020',NULL,NULL);
INSERT INTO c_genre (gen_id,gen_name,gen_inserted,gen_inserted_by,gen_modified,gen_modified_by) VALUES (17,'Documentary','2021-02-16 23:41:15','ds2020',NULL,NULL);
INSERT INTO c_genre (gen_id,gen_name,gen_inserted,gen_inserted_by,gen_modified,gen_modified_by) VALUES (18,'Family','2021-02-16 23:41:15','ds2020',NULL,NULL);
INSERT INTO c_genre (gen_id,gen_name,gen_inserted,gen_inserted_by,gen_modified,gen_modified_by) VALUES (19,'Musical','2021-02-16 23:41:15','ds2020',NULL,NULL);
INSERT INTO c_genre (gen_id,gen_name,gen_inserted,gen_inserted_by,gen_modified,gen_modified_by) VALUES (20,'Sport','2021-02-16 23:41:15','ds2020',NULL,NULL);
INSERT INTO c_genre (gen_id,gen_name,gen_inserted,gen_inserted_by,gen_modified,gen_modified_by) VALUES (21,'War','2021-02-16 23:41:15','ds2020',NULL,NULL);
INSERT INTO c_genre (gen_id,gen_name,gen_inserted,gen_inserted_by,gen_modified,gen_modified_by) VALUES (15,'Animation','2021-02-16 23:41:15','ds2020',NULL,NULL);

INSERT INTO c_language (lan_name,lan_inserted,lan_inserted_by,lan_modified,lan_modified_by,lan_id) VALUES ('English','2021-02-17 00:17:16','ds2020',NULL,NULL,'EN');
INSERT INTO c_language (lan_name,lan_inserted,lan_inserted_by,lan_modified,lan_modified_by,lan_id) VALUES ('German','2021-02-17 00:17:16','ds2020',NULL,NULL,'DE');
INSERT INTO c_language (lan_name,lan_inserted,lan_inserted_by,lan_modified,lan_modified_by,lan_id) VALUES ('Italian','2021-02-17 00:17:16','ds2020',NULL,NULL,'IT');
INSERT INTO c_language (lan_name,lan_inserted,lan_inserted_by,lan_modified,lan_modified_by,lan_id) VALUES ('French','2021-02-17 00:17:16','ds2020',NULL,NULL,'FR');
INSERT INTO c_language (lan_name,lan_inserted,lan_inserted_by,lan_modified,lan_modified_by,lan_id) VALUES ('Spanish','2021-02-17 00:17:16','ds2020',NULL,NULL,'ES');
INSERT INTO c_language (lan_name,lan_inserted,lan_inserted_by,lan_modified,lan_modified_by,lan_id) VALUES ('Czech','2021-02-17 00:17:16','ds2020',NULL,NULL,'CS');
INSERT INTO c_language (lan_name,lan_inserted,lan_inserted_by,lan_modified,lan_modified_by,lan_id) VALUES ('Slovak','2021-02-17 00:17:16','ds2020',NULL,NULL,'SK');
INSERT INTO c_language (lan_name,lan_inserted,lan_inserted_by,lan_modified,lan_modified_by,lan_id) VALUES ('Russian','2021-02-17 00:17:16','ds2020',NULL,NULL,'RU');
INSERT INTO c_language (lan_name,lan_inserted,lan_inserted_by,lan_modified,lan_modified_by,lan_id) VALUES ('Polish','2021-02-17 00:17:16','ds2020',NULL,NULL,'PL');
INSERT INTO c_language (lan_name,lan_inserted,lan_inserted_by,lan_modified,lan_modified_by,lan_id) VALUES ('Chinese','2021-02-17 00:17:16','ds2020',NULL,NULL,'ZH');
INSERT INTO c_language (lan_name,lan_inserted,lan_inserted_by,lan_modified,lan_modified_by,lan_id) VALUES ('Japanese','2021-02-17 00:17:16','ds2020',NULL,NULL,'JA');
INSERT INTO c_language (lan_name,lan_inserted,lan_inserted_by,lan_modified,lan_modified_by,lan_id) VALUES ('Arabic','2021-02-17 00:17:16','ds2020',NULL,NULL,'AR');
INSERT INTO c_language (lan_name,lan_inserted,lan_inserted_by,lan_modified,lan_modified_by,lan_id) VALUES ('Portuguese','2021-02-17 00:17:16','ds2020',NULL,NULL,'PT');
INSERT INTO c_language (lan_name,lan_inserted,lan_inserted_by,lan_modified,lan_modified_by,lan_id) VALUES ('Korean','2021-02-17 00:17:16','ds2020',NULL,NULL,'KO');

INSERT INTO c_role (rol_id,rol_name,rol_inserted,rol_inserted_by,rol_modified,rol_modified_by) VALUES (1,'Director','2021-02-17 00:14:09','ds2020',NULL,NULL);
INSERT INTO c_role (rol_id,rol_name,rol_inserted,rol_inserted_by,rol_modified,rol_modified_by) VALUES (2,'Writer','2021-02-17 00:14:09','ds2020',NULL,NULL);
INSERT INTO c_role (rol_id,rol_name,rol_inserted,rol_inserted_by,rol_modified,rol_modified_by) VALUES (3,'Actor','2021-02-17 00:14:09','ds2020',NULL,NULL);
INSERT INTO c_role (rol_id,rol_name,rol_inserted,rol_inserted_by,rol_modified,rol_modified_by) VALUES (4,'Producer','2021-02-17 00:14:09','ds2020',NULL,NULL);
INSERT INTO c_role (rol_id,rol_name,rol_inserted,rol_inserted_by,rol_modified,rol_modified_by) VALUES (5,'Film Editor','2021-02-17 00:14:09','ds2020',NULL,NULL);
INSERT INTO c_role (rol_id,rol_name,rol_inserted,rol_inserted_by,rol_modified,rol_modified_by) VALUES (6,'Makeup Artist','2021-02-17 00:14:09','ds2020',NULL,NULL);
INSERT INTO c_role (rol_id,rol_name,rol_inserted,rol_inserted_by,rol_modified,rol_modified_by) VALUES (7,'Director of photography','2021-02-17 00:14:09','ds2020',NULL,NULL);
INSERT INTO c_role (rol_id,rol_name,rol_inserted,rol_inserted_by,rol_modified,rol_modified_by) VALUES (8,'Costume Design','2021-02-17 00:14:09','ds2020',NULL,NULL);
INSERT INTO c_role (rol_id,rol_name,rol_inserted,rol_inserted_by,rol_modified,rol_modified_by) VALUES (9,'Music','2021-02-17 00:14:09','ds2020',NULL,NULL);
INSERT INTO c_role (rol_id,rol_name,rol_inserted,rol_inserted_by,rol_modified,rol_modified_by) VALUES (10,'Graphic Designer','2021-02-17 00:14:09','ds2020',NULL,NULL);

INSERT INTO t_person (per_id,per_first_name,per_middle_name,per_last_name,per_birthdate,per_inserted,per_inserted_by,per_modified,per_modified_by,xper_sex_id) VALUES (2,'Al',NULL,'Pacino','1940-04-25','2021-02-17 00:28:11','ds2020',NULL,NULL,'M');
INSERT INTO t_person (per_id,per_first_name,per_middle_name,per_last_name,per_birthdate,per_inserted,per_inserted_by,per_modified,per_modified_by,xper_sex_id) VALUES (40,'Howard',NULL,'Shore','1946-10-18','2021-02-17 00:28:11','ds2020',NULL,NULL,'M');
INSERT INTO t_person (per_id,per_first_name,per_middle_name,per_last_name,per_birthdate,per_inserted,per_inserted_by,per_modified,per_modified_by,xper_sex_id) VALUES (41,'Richard',NULL,'Francis-Bruce','1948-12-10','2021-02-17 00:28:11','ds2020',NULL,NULL,'M');
INSERT INTO t_person (per_id,per_first_name,per_middle_name,per_last_name,per_birthdate,per_inserted,per_inserted_by,per_modified,per_modified_by,xper_sex_id) VALUES (42,'Liam',NULL,'Neeson','1952-06-07','2021-02-17 00:28:11','ds2020',NULL,NULL,'M');
INSERT INTO t_person (per_id,per_first_name,per_middle_name,per_last_name,per_birthdate,per_inserted,per_inserted_by,per_modified,per_modified_by,xper_sex_id) VALUES (43,'Ralph',NULL,'Fiennes','1962-12-22','2021-02-17 00:28:11','ds2020',NULL,NULL,'M');
INSERT INTO t_person (per_id,per_first_name,per_middle_name,per_last_name,per_birthdate,per_inserted,per_inserted_by,per_modified,per_modified_by,xper_sex_id) VALUES (44,'Ben',NULL,'Kingsley','1943-12-31','2021-02-17 00:28:11','ds2020',NULL,NULL,'M');
INSERT INTO t_person (per_id,per_first_name,per_middle_name,per_last_name,per_birthdate,per_inserted,per_inserted_by,per_modified,per_modified_by,xper_sex_id) VALUES (45,'Steven',NULL,'Spielberg','1946-12-18','2021-02-17 00:28:11','ds2020',NULL,NULL,'M');
INSERT INTO t_person (per_id,per_first_name,per_middle_name,per_last_name,per_birthdate,per_inserted,per_inserted_by,per_modified,per_modified_by,xper_sex_id) VALUES (46,'Thomas',NULL,'Keneally','1946-12-18','2021-02-17 00:28:11','ds2020',NULL,NULL,'M');
INSERT INTO t_person (per_id,per_first_name,per_middle_name,per_last_name,per_birthdate,per_inserted,per_inserted_by,per_modified,per_modified_by,xper_sex_id) VALUES (47,'Kathleen',NULL,'Kennedy','1953-06-05','2021-02-17 00:28:11','ds2020',NULL,NULL,'F');
INSERT INTO t_person (per_id,per_first_name,per_middle_name,per_last_name,per_birthdate,per_inserted,per_inserted_by,per_modified,per_modified_by,xper_sex_id) VALUES (48,'Michael',NULL,'Kahn','1935-12-08','2021-02-17 00:28:11','ds2020',NULL,NULL,'M');
INSERT INTO t_person (per_id,per_first_name,per_middle_name,per_last_name,per_birthdate,per_inserted,per_inserted_by,per_modified,per_modified_by,xper_sex_id) VALUES (49,'John',NULL,'Williams','1932-02-08','2021-02-17 00:28:11','ds2020',NULL,NULL,'M');
INSERT INTO t_person (per_id,per_first_name,per_middle_name,per_last_name,per_birthdate,per_inserted,per_inserted_by,per_modified,per_modified_by,xper_sex_id) VALUES (50,'Marlon',NULL,'Brando','1924-04-03','2021-02-17 00:28:11','ds2020',NULL,NULL,'M');
INSERT INTO t_person (per_id,per_first_name,per_middle_name,per_last_name,per_birthdate,per_inserted,per_inserted_by,per_modified,per_modified_by,xper_sex_id) VALUES (51,'James',NULL,'Caan','1940-03-26','2021-02-17 00:28:11','ds2020',NULL,NULL,'M');
INSERT INTO t_person (per_id,per_first_name,per_middle_name,per_last_name,per_birthdate,per_inserted,per_inserted_by,per_modified,per_modified_by,xper_sex_id) VALUES (52,'François',NULL,'Cluzet','1955-09-21','2021-02-17 00:28:11','ds2020',NULL,NULL,'M');
INSERT INTO t_person (per_id,per_first_name,per_middle_name,per_last_name,per_birthdate,per_inserted,per_inserted_by,per_modified,per_modified_by,xper_sex_id) VALUES (53,'Omar',NULL,'Sy','1978-01-20','2021-02-17 00:28:11','ds2020',NULL,NULL,'M');
INSERT INTO t_person (per_id,per_first_name,per_middle_name,per_last_name,per_birthdate,per_inserted,per_inserted_by,per_modified,per_modified_by,xper_sex_id) VALUES (54,'Anne','Le','Ny','1962-12-16','2021-02-17 00:28:11','ds2020',NULL,NULL,'F');
INSERT INTO t_person (per_id,per_first_name,per_middle_name,per_last_name,per_birthdate,per_inserted,per_inserted_by,per_modified,per_modified_by,xper_sex_id) VALUES (55,'Olivier',NULL,'Nakache','1973-04-15','2021-02-17 00:28:11','ds2020',NULL,NULL,'M');
INSERT INTO t_person (per_id,per_first_name,per_middle_name,per_last_name,per_birthdate,per_inserted,per_inserted_by,per_modified,per_modified_by,xper_sex_id) VALUES (56,'Éric',NULL,'Toledano','1971-07-03','2021-02-17 00:28:11','ds2020',NULL,NULL,'M');
INSERT INTO t_person (per_id,per_first_name,per_middle_name,per_last_name,per_birthdate,per_inserted,per_inserted_by,per_modified,per_modified_by,xper_sex_id) VALUES (57,'Sidney',NULL,'Lumet','1924-06-25','2021-02-17 00:28:11','ds2020',NULL,NULL,'M');
INSERT INTO t_person (per_id,per_first_name,per_middle_name,per_last_name,per_birthdate,per_inserted,per_inserted_by,per_modified,per_modified_by,xper_sex_id) VALUES (58,'Reginald',NULL,'Rose','1920-12-10','2021-02-17 00:28:11','ds2020',NULL,NULL,'M');
INSERT INTO t_person (per_id,per_first_name,per_middle_name,per_last_name,per_birthdate,per_inserted,per_inserted_by,per_modified,per_modified_by,xper_sex_id) VALUES (74,'Jeff',NULL,'Dawn',NULL,'2021-02-17 00:28:11','ds2020',NULL,NULL,'M');
INSERT INTO t_person (per_id,per_first_name,per_middle_name,per_last_name,per_birthdate,per_inserted,per_inserted_by,per_modified,per_modified_by,xper_sex_id) VALUES (75,'Dan',NULL,'Garde',NULL,'2021-02-17 00:28:11','ds2020',NULL,NULL,'M');
INSERT INTO t_person (per_id,per_first_name,per_middle_name,per_last_name,per_birthdate,per_inserted,per_inserted_by,per_modified,per_modified_by,xper_sex_id) VALUES (76,'Bruce',NULL,'Hogard',NULL,'2021-02-17 00:28:11','ds2020',NULL,NULL,'M');
INSERT INTO t_person (per_id,per_first_name,per_middle_name,per_last_name,per_birthdate,per_inserted,per_inserted_by,per_modified,per_modified_by,xper_sex_id) VALUES (77,'Adam',NULL,'Greenberg',NULL,'2021-02-17 00:28:11','ds2020',NULL,NULL,'M');
INSERT INTO t_person (per_id,per_first_name,per_middle_name,per_last_name,per_birthdate,per_inserted,per_inserted_by,per_modified,per_modified_by,xper_sex_id) VALUES (78,'Diane',NULL,'Keaton','1946-01-05','2021-02-17 00:28:11','ds2020',NULL,NULL,'F');
INSERT INTO t_person (per_id,per_first_name,per_middle_name,per_last_name,per_birthdate,per_inserted,per_inserted_by,per_modified,per_modified_by,xper_sex_id) VALUES (79,'Francis','Ford','Coppola','1939-04-07','2021-02-17 00:28:11','ds2020',NULL,NULL,'M');
INSERT INTO t_person (per_id,per_first_name,per_middle_name,per_last_name,per_birthdate,per_inserted,per_inserted_by,per_modified,per_modified_by,xper_sex_id) VALUES (80,'Mario',NULL,'Puzo','1920-10-15','2021-02-17 00:28:11','ds2020',NULL,NULL,'M');
INSERT INTO t_person (per_id,per_first_name,per_middle_name,per_last_name,per_birthdate,per_inserted,per_inserted_by,per_modified,per_modified_by,xper_sex_id) VALUES (81,'Nino',NULL,'Rota','1911-12-03','2021-02-17 00:28:11','ds2020',NULL,NULL,'M');
INSERT INTO t_person (per_id,per_first_name,per_middle_name,per_last_name,per_birthdate,per_inserted,per_inserted_by,per_modified,per_modified_by,xper_sex_id) VALUES (82,'Theadora',NULL,'Van Runkle','1928-03-27','2021-02-17 00:28:11','ds2020',NULL,NULL,'M');
INSERT INTO t_person (per_id,per_first_name,per_middle_name,per_last_name,per_birthdate,per_inserted,per_inserted_by,per_modified,per_modified_by,xper_sex_id) VALUES (83,'Gordon',NULL,'Willis','1931-05-28','2021-02-17 00:28:11','ds2020',NULL,NULL,'M');
INSERT INTO t_person (per_id,per_first_name,per_middle_name,per_last_name,per_birthdate,per_inserted,per_inserted_by,per_modified,per_modified_by,xper_sex_id) VALUES (84,'John','Joseph','Travolta','1954-02-18','2021-02-17 00:28:11','ds2020',NULL,NULL,'M');
INSERT INTO t_person (per_id,per_first_name,per_middle_name,per_last_name,per_birthdate,per_inserted,per_inserted_by,per_modified,per_modified_by,xper_sex_id) VALUES (85,'Uma','Karuna','Thurman','1970-04-29','2021-02-17 00:28:11','ds2020',NULL,NULL,'F');
INSERT INTO t_person (per_id,per_first_name,per_middle_name,per_last_name,per_birthdate,per_inserted,per_inserted_by,per_modified,per_modified_by,xper_sex_id) VALUES (86,'Samuel',NULL,'L. Jackson','1948-12-21','2021-02-17 00:28:11','ds2020',NULL,NULL,'M');
INSERT INTO t_person (per_id,per_first_name,per_middle_name,per_last_name,per_birthdate,per_inserted,per_inserted_by,per_modified,per_modified_by,xper_sex_id) VALUES (87,'Quentin','Jerome','Tarantino','1963-03-27','2021-02-17 00:28:11','ds2020',NULL,NULL,'M');
INSERT INTO t_person (per_id,per_first_name,per_middle_name,per_last_name,per_birthdate,per_inserted,per_inserted_by,per_modified,per_modified_by,xper_sex_id) VALUES (88,'Roger',NULL,'Avary','1965-08-23','2021-02-17 00:28:11','ds2020',NULL,NULL,'M');
INSERT INTO t_person (per_id,per_first_name,per_middle_name,per_last_name,per_birthdate,per_inserted,per_inserted_by,per_modified,per_modified_by,xper_sex_id) VALUES (89,'Danny',NULL,'DeVito','1944-11-17','2021-02-17 00:28:11','ds2020',NULL,NULL,'M');
INSERT INTO t_person (per_id,per_first_name,per_middle_name,per_last_name,per_birthdate,per_inserted,per_inserted_by,per_modified,per_modified_by,xper_sex_id) VALUES (90,'Linda',NULL,'Arnold',NULL,'2021-02-17 00:28:11','ds2020',NULL,NULL,'F');
INSERT INTO t_person (per_id,per_first_name,per_middle_name,per_last_name,per_birthdate,per_inserted,per_inserted_by,per_modified,per_modified_by,xper_sex_id) VALUES (91,'David',NULL,'Bartlett',NULL,'2021-02-17 00:28:11','ds2020',NULL,NULL,'M');
INSERT INTO t_person (per_id,per_first_name,per_middle_name,per_last_name,per_birthdate,per_inserted,per_inserted_by,per_modified,per_modified_by,xper_sex_id) VALUES (92,'Jacqueline',NULL,'Aronson',NULL,'2021-02-17 00:28:11','ds2020',NULL,NULL,'F');
INSERT INTO t_person (per_id,per_first_name,per_middle_name,per_last_name,per_birthdate,per_inserted,per_inserted_by,per_modified,per_modified_by,xper_sex_id) VALUES (93,'Andrzej',NULL,'Sekula','1954-12-19','2021-02-17 00:28:11','ds2020',NULL,NULL,'M');
INSERT INTO t_person (per_id,per_first_name,per_middle_name,per_last_name,per_birthdate,per_inserted,per_inserted_by,per_modified,per_modified_by,xper_sex_id) VALUES (94,'Charles',NULL,'Bronson','1921-11-03','2021-02-17 00:28:11','ds2020',NULL,NULL,'M');
INSERT INTO t_person (per_id,per_first_name,per_middle_name,per_last_name,per_birthdate,per_inserted,per_inserted_by,per_modified,per_modified_by,xper_sex_id) VALUES (95,'Claudia',NULL,'Cardinale','1938-04-15','2021-02-17 00:28:11','ds2020',NULL,NULL,'F');
INSERT INTO t_person (per_id,per_first_name,per_middle_name,per_last_name,per_birthdate,per_inserted,per_inserted_by,per_modified,per_modified_by,xper_sex_id) VALUES (96,'Sergio',NULL,'Leone','1929-04-30','2021-02-17 00:28:11','ds2020',NULL,NULL,'M');
INSERT INTO t_person (per_id,per_first_name,per_middle_name,per_last_name,per_birthdate,per_inserted,per_inserted_by,per_modified,per_modified_by,xper_sex_id) VALUES (97,'Bino',NULL,'Cicogna','1935-11-29','2021-02-17 00:28:11','ds2020',NULL,NULL,'M');
INSERT INTO t_person (per_id,per_first_name,per_middle_name,per_last_name,per_birthdate,per_inserted,per_inserted_by,per_modified,per_modified_by,xper_sex_id) VALUES (98,'Ennio',NULL,'Morricone','1928-11-10','2021-02-17 00:28:11','ds2020',NULL,NULL,'M');
INSERT INTO t_person (per_id,per_first_name,per_middle_name,per_last_name,per_birthdate,per_inserted,per_inserted_by,per_modified,per_modified_by,xper_sex_id) VALUES (99,'Tonino','Delli','Colli','1922-10-20','2021-02-17 00:28:11','ds2020',NULL,NULL,'M');
INSERT INTO t_person (per_id,per_first_name,per_middle_name,per_last_name,per_birthdate,per_inserted,per_inserted_by,per_modified,per_modified_by,xper_sex_id) VALUES (100,'Elijah',NULL,'Wood','1981-01-28','2021-02-17 00:28:11','ds2020',NULL,NULL,'M');
INSERT INTO t_person (per_id,per_first_name,per_middle_name,per_last_name,per_birthdate,per_inserted,per_inserted_by,per_modified,per_modified_by,xper_sex_id) VALUES (101,'Ian','Murray','McKellen','1939-05-25','2021-02-17 00:28:11','ds2020',NULL,NULL,'M');
INSERT INTO t_person (per_id,per_first_name,per_middle_name,per_last_name,per_birthdate,per_inserted,per_inserted_by,per_modified,per_modified_by,xper_sex_id) VALUES (102,'Orlando','Jonathan','Bloom','1977-01-13','2021-02-17 00:28:11','ds2020',NULL,NULL,'M');
INSERT INTO t_person (per_id,per_first_name,per_middle_name,per_last_name,per_birthdate,per_inserted,per_inserted_by,per_modified,per_modified_by,xper_sex_id) VALUES (103,'Viggo',NULL,'Mortensen','1958-10-20','2021-02-17 00:28:11','ds2020',NULL,NULL,'M');
INSERT INTO t_person (per_id,per_first_name,per_middle_name,per_last_name,per_birthdate,per_inserted,per_inserted_by,per_modified,per_modified_by,xper_sex_id) VALUES (104,'Peter',NULL,'Jackson','1961-10-31','2021-02-17 00:28:11','ds2020',NULL,NULL,'M');
INSERT INTO t_person (per_id,per_first_name,per_middle_name,per_last_name,per_birthdate,per_inserted,per_inserted_by,per_modified,per_modified_by,xper_sex_id) VALUES (105,'J.R.R.',NULL,'Tolkien','1892-09-02','2021-02-17 00:28:11','ds2020',NULL,NULL,'M');
INSERT INTO t_person (per_id,per_first_name,per_middle_name,per_last_name,per_birthdate,per_inserted,per_inserted_by,per_modified,per_modified_by,xper_sex_id) VALUES (106,'Harvey',NULL,'Weinstein','1952-03-19','2021-02-17 00:28:11','ds2020',NULL,NULL,'M');
INSERT INTO t_person (per_id,per_first_name,per_middle_name,per_last_name,per_birthdate,per_inserted,per_inserted_by,per_modified,per_modified_by,xper_sex_id) VALUES (107,'Andrew',NULL,'Lesnie','1956-01-01','2021-02-17 00:28:11','ds2020',NULL,NULL,'M');
INSERT INTO t_person (per_id,per_first_name,per_middle_name,per_last_name,per_birthdate,per_inserted,per_inserted_by,per_modified,per_modified_by,xper_sex_id) VALUES (108,'Jodie',NULL,'Foster','1962-11-19','2021-02-17 00:28:11','ds2020',NULL,NULL,'F');
INSERT INTO t_person (per_id,per_first_name,per_middle_name,per_last_name,per_birthdate,per_inserted,per_inserted_by,per_modified,per_modified_by,xper_sex_id) VALUES (109,'Anthony',NULL,'Hopkins','1937-12-31','2021-02-17 00:28:11','ds2020',NULL,NULL,'M');
INSERT INTO t_person (per_id,per_first_name,per_middle_name,per_last_name,per_birthdate,per_inserted,per_inserted_by,per_modified,per_modified_by,xper_sex_id) VALUES (110,'Ted',NULL,'Levine','1957-05-29','2021-02-17 00:28:11','ds2020',NULL,NULL,'M');
INSERT INTO t_person (per_id,per_first_name,per_middle_name,per_last_name,per_birthdate,per_inserted,per_inserted_by,per_modified,per_modified_by,xper_sex_id) VALUES (111,'Jonathan',NULL,'Demme','1944-02-22','2021-02-17 00:28:11','ds2020',NULL,NULL,'M');
INSERT INTO t_person (per_id,per_first_name,per_middle_name,per_last_name,per_birthdate,per_inserted,per_inserted_by,per_modified,per_modified_by,xper_sex_id) VALUES (112,'Thomas',NULL,'Harris',NULL,'2021-02-17 00:28:11','ds2020',NULL,NULL,'M');
INSERT INTO t_person (per_id,per_first_name,per_middle_name,per_last_name,per_birthdate,per_inserted,per_inserted_by,per_modified,per_modified_by,xper_sex_id) VALUES (113,'Gary',NULL,'Goetzman','1952-11-06','2021-02-17 00:28:11','ds2020',NULL,NULL,'M');
INSERT INTO t_person (per_id,per_first_name,per_middle_name,per_last_name,per_birthdate,per_inserted,per_inserted_by,per_modified,per_modified_by,xper_sex_id) VALUES (114,'Allen',NULL,'Weisinger',NULL,'2021-02-17 00:28:11','ds2020',NULL,NULL,'M');
INSERT INTO t_person (per_id,per_first_name,per_middle_name,per_last_name,per_birthdate,per_inserted,per_inserted_by,per_modified,per_modified_by,xper_sex_id) VALUES (115,'Colleen',NULL,'Atwood','1948-09-25','2021-02-17 00:28:11','ds2020',NULL,NULL,'F');
INSERT INTO t_person (per_id,per_first_name,per_middle_name,per_last_name,per_birthdate,per_inserted,per_inserted_by,per_modified,per_modified_by,xper_sex_id) VALUES (116,'Tak',NULL,'Fujimoto','1939-07-12','2021-02-17 00:28:11','ds2020',NULL,NULL,'M');
INSERT INTO t_person (per_id,per_first_name,per_middle_name,per_last_name,per_birthdate,per_inserted,per_inserted_by,per_modified,per_modified_by,xper_sex_id) VALUES (117,'Christian','Charles','Bale','1974-01-30','2021-02-17 00:28:11','ds2020',NULL,NULL,'M');
INSERT INTO t_person (per_id,per_first_name,per_middle_name,per_last_name,per_birthdate,per_inserted,per_inserted_by,per_modified,per_modified_by,xper_sex_id) VALUES (118,'Heath',NULL,'Ledger','1979-04-04','2021-02-17 00:28:11','ds2020',NULL,NULL,'M');
INSERT INTO t_person (per_id,per_first_name,per_middle_name,per_last_name,per_birthdate,per_inserted,per_inserted_by,per_modified,per_modified_by,xper_sex_id) VALUES (119,'Christopher',NULL,'Nolan','1970-07-30','2021-02-17 00:28:11','ds2020',NULL,NULL,'M');
INSERT INTO t_person (per_id,per_first_name,per_middle_name,per_last_name,per_birthdate,per_inserted,per_inserted_by,per_modified,per_modified_by,xper_sex_id) VALUES (120,'Jonathan',NULL,'Nolan','1976-06-06','2021-02-17 00:28:11','ds2020',NULL,NULL,'M');
INSERT INTO t_person (per_id,per_first_name,per_middle_name,per_last_name,per_birthdate,per_inserted,per_inserted_by,per_modified,per_modified_by,xper_sex_id) VALUES (121,'Kevin',NULL,'de la Noy',NULL,'2021-02-17 00:28:11','ds2020',NULL,NULL,'M');
INSERT INTO t_person (per_id,per_first_name,per_middle_name,per_last_name,per_birthdate,per_inserted,per_inserted_by,per_modified,per_modified_by,xper_sex_id) VALUES (122,'Hans',NULL,'Zimmer','1957-09-12','2021-02-17 00:28:11','ds2020',NULL,NULL,'M');
INSERT INTO t_person (per_id,per_first_name,per_middle_name,per_last_name,per_birthdate,per_inserted,per_inserted_by,per_modified,per_modified_by,xper_sex_id) VALUES (123,'Lindy',NULL,'Hemming','1948-08-21','2021-02-17 00:28:11','ds2020',NULL,NULL,'F');
INSERT INTO t_person (per_id,per_first_name,per_middle_name,per_last_name,per_birthdate,per_inserted,per_inserted_by,per_modified,per_modified_by,xper_sex_id) VALUES (124,'Wally',NULL,'Pfister','1961-07-08','2021-02-17 00:28:11','ds2020',NULL,NULL,'M');
INSERT INTO t_person (per_id,per_first_name,per_middle_name,per_last_name,per_birthdate,per_inserted,per_inserted_by,per_modified,per_modified_by,xper_sex_id) VALUES (125,'Clint',NULL,'Eastwood','1930-05-31','2021-02-17 00:28:11','ds2020',NULL,NULL,'M');
INSERT INTO t_person (per_id,per_first_name,per_middle_name,per_last_name,per_birthdate,per_inserted,per_inserted_by,per_modified,per_modified_by,xper_sex_id) VALUES (126,'Bee',NULL,'Vang','1991-11-04','2021-02-17 00:28:11','ds2020',NULL,NULL,'M');
INSERT INTO t_person (per_id,per_first_name,per_middle_name,per_last_name,per_birthdate,per_inserted,per_inserted_by,per_modified,per_modified_by,xper_sex_id) VALUES (127,'Christopher',NULL,'Carley','1978-05-31','2021-02-17 00:28:11','ds2020',NULL,NULL,'M');
INSERT INTO t_person (per_id,per_first_name,per_middle_name,per_last_name,per_birthdate,per_inserted,per_inserted_by,per_modified,per_modified_by,xper_sex_id) VALUES (128,'Nick',NULL,'Schenk',NULL,'2021-02-17 00:28:11','ds2020',NULL,NULL,'M');
INSERT INTO t_person (per_id,per_first_name,per_middle_name,per_last_name,per_birthdate,per_inserted,per_inserted_by,per_modified,per_modified_by,xper_sex_id) VALUES (129,'Kyle',NULL,'Eastwood','1968-05-19','2021-02-17 00:28:11','ds2020',NULL,NULL,'M');
INSERT INTO t_person (per_id,per_first_name,per_middle_name,per_last_name,per_birthdate,per_inserted,per_inserted_by,per_modified,per_modified_by,xper_sex_id) VALUES (130,'Deborah',NULL,'Hopper',NULL,'2021-02-17 00:28:11','ds2020',NULL,NULL,'F');
INSERT INTO t_person (per_id,per_first_name,per_middle_name,per_last_name,per_birthdate,per_inserted,per_inserted_by,per_modified,per_modified_by,xper_sex_id) VALUES (131,'Tom',NULL,'Stern','1946-12-16','2021-02-17 00:28:11','ds2020',NULL,NULL,'M');
INSERT INTO t_person (per_id,per_first_name,per_middle_name,per_last_name,per_birthdate,per_inserted,per_inserted_by,per_modified,per_modified_by,xper_sex_id) VALUES (132,'Keanu','Charles','Reeves','1964-09-02','2021-02-17 00:28:11','ds2020',NULL,NULL,'M');
INSERT INTO t_person (per_id,per_first_name,per_middle_name,per_last_name,per_birthdate,per_inserted,per_inserted_by,per_modified,per_modified_by,xper_sex_id) VALUES (133,'Laurence',NULL,'Fishburne','1961-07-30','2021-02-17 00:28:11','ds2020',NULL,NULL,'M');
INSERT INTO t_person (per_id,per_first_name,per_middle_name,per_last_name,per_birthdate,per_inserted,per_inserted_by,per_modified,per_modified_by,xper_sex_id) VALUES (134,'Carrie-Anne',NULL,'Moss','1967-08-21','2021-02-17 00:28:11','ds2020',NULL,NULL,'F');
INSERT INTO t_person (per_id,per_first_name,per_middle_name,per_last_name,per_birthdate,per_inserted,per_inserted_by,per_modified,per_modified_by,xper_sex_id) VALUES (135,'Lana',NULL,'Wachowski','1965-06-21','2021-02-17 00:28:11','ds2020',NULL,NULL,'F');
INSERT INTO t_person (per_id,per_first_name,per_middle_name,per_last_name,per_birthdate,per_inserted,per_inserted_by,per_modified,per_modified_by,xper_sex_id) VALUES (136,'Lilly',NULL,'Wachowski','1967-12-29','2021-02-17 00:28:11','ds2020',NULL,NULL,'F');
INSERT INTO t_person (per_id,per_first_name,per_middle_name,per_last_name,per_birthdate,per_inserted,per_inserted_by,per_modified,per_modified_by,xper_sex_id) VALUES (137,'Don',NULL,'Davis','1957-02-04','2021-02-17 00:28:11','ds2020',NULL,NULL,'M');
INSERT INTO t_person (per_id,per_first_name,per_middle_name,per_last_name,per_birthdate,per_inserted,per_inserted_by,per_modified,per_modified_by,xper_sex_id) VALUES (138,'Kym',NULL,'Barrett',NULL,'2021-02-17 00:28:11','ds2020',NULL,NULL,'F');
INSERT INTO t_person (per_id,per_first_name,per_middle_name,per_last_name,per_birthdate,per_inserted,per_inserted_by,per_modified,per_modified_by,xper_sex_id) VALUES (139,'Rick',NULL,'Connelly',NULL,'2021-02-17 00:28:11','ds2020',NULL,NULL,'M');
INSERT INTO t_person (per_id,per_first_name,per_middle_name,per_last_name,per_birthdate,per_inserted,per_inserted_by,per_modified,per_modified_by,xper_sex_id) VALUES (140,'Bill',NULL,'Pope','1952-06-19','2021-02-17 00:28:11','ds2020',NULL,NULL,'M');
INSERT INTO t_person (per_id,per_first_name,per_middle_name,per_last_name,per_birthdate,per_inserted,per_inserted_by,per_modified,per_modified_by,xper_sex_id) VALUES (1,'Robert',NULL,'De Niro','1943-08-17','2021-02-17 00:28:11','ds2020',NULL,NULL,'M');
INSERT INTO t_person (per_id,per_first_name,per_middle_name,per_last_name,per_birthdate,per_inserted,per_inserted_by,per_modified,per_modified_by,xper_sex_id) VALUES (3,'Joe',NULL,'Pesci','1943-02-09','2021-02-17 00:28:11','ds2020',NULL,NULL,'M');
INSERT INTO t_person (per_id,per_first_name,per_middle_name,per_last_name,per_birthdate,per_inserted,per_inserted_by,per_modified,per_modified_by,xper_sex_id) VALUES (4,'Martin',NULL,'Scorsese','1942-11-17','2021-02-17 00:28:11','ds2020',NULL,NULL,'M');
INSERT INTO t_person (per_id,per_first_name,per_middle_name,per_last_name,per_birthdate,per_inserted,per_inserted_by,per_modified,per_modified_by,xper_sex_id) VALUES (5,'Steven',NULL,'Zaillian','1953-01-30','2021-02-17 00:28:11','ds2020',NULL,NULL,'M');
INSERT INTO t_person (per_id,per_first_name,per_middle_name,per_last_name,per_birthdate,per_inserted,per_inserted_by,per_modified,per_modified_by,xper_sex_id) VALUES (6,'Richard',NULL,'Baratta',NULL,'2021-02-17 00:28:11','ds2020',NULL,NULL,'M');
INSERT INTO t_person (per_id,per_first_name,per_middle_name,per_last_name,per_birthdate,per_inserted,per_inserted_by,per_modified,per_modified_by,xper_sex_id) VALUES (7,'Robbie',NULL,'Robertson','1943-07-05','2021-02-17 00:28:11','ds2020',NULL,NULL,'M');
INSERT INTO t_person (per_id,per_first_name,per_middle_name,per_last_name,per_birthdate,per_inserted,per_inserted_by,per_modified,per_modified_by,xper_sex_id) VALUES (8,'Thelma',NULL,'Schoonmaker','1940-01-03','2021-02-17 00:28:11','ds2020',NULL,NULL,'F');
INSERT INTO t_person (per_id,per_first_name,per_middle_name,per_last_name,per_birthdate,per_inserted,per_inserted_by,per_modified,per_modified_by,xper_sex_id) VALUES (9,'Christopher',NULL,'Peterson',NULL,'2021-02-17 00:28:11','ds2020',NULL,NULL,'M');
INSERT INTO t_person (per_id,per_first_name,per_middle_name,per_last_name,per_birthdate,per_inserted,per_inserted_by,per_modified,per_modified_by,xper_sex_id) VALUES (10,'Sandy',NULL,'Powell','1960-04-05','2021-02-17 00:28:11','ds2020',NULL,NULL,'F');
INSERT INTO t_person (per_id,per_first_name,per_middle_name,per_last_name,per_birthdate,per_inserted,per_inserted_by,per_modified,per_modified_by,xper_sex_id) VALUES (11,'Lisa','Jouet','Mosenson',NULL,'2021-02-17 00:28:11','ds2020',NULL,NULL,'F');
INSERT INTO t_person (per_id,per_first_name,per_middle_name,per_last_name,per_birthdate,per_inserted,per_inserted_by,per_modified,per_modified_by,xper_sex_id) VALUES (12,'Holly',NULL,'Watson',NULL,'2021-02-17 00:28:11','ds2020',NULL,NULL,'F');
INSERT INTO t_person (per_id,per_first_name,per_middle_name,per_last_name,per_birthdate,per_inserted,per_inserted_by,per_modified,per_modified_by,xper_sex_id) VALUES (13,'Rodrigo',NULL,'Prieto','1965-11-23','2021-02-17 00:28:11','ds2020',NULL,NULL,'M');
INSERT INTO t_person (per_id,per_first_name,per_middle_name,per_last_name,per_birthdate,per_inserted,per_inserted_by,per_modified,per_modified_by,xper_sex_id) VALUES (14,'Tom',NULL,'Hanks','1956-07-09','2021-02-17 00:28:11','ds2020',NULL,NULL,'M');
INSERT INTO t_person (per_id,per_first_name,per_middle_name,per_last_name,per_birthdate,per_inserted,per_inserted_by,per_modified,per_modified_by,xper_sex_id) VALUES (15,'Robin',NULL,'Wright','1966-04-08','2021-02-17 00:28:11','ds2020',NULL,NULL,'F');
INSERT INTO t_person (per_id,per_first_name,per_middle_name,per_last_name,per_birthdate,per_inserted,per_inserted_by,per_modified,per_modified_by,xper_sex_id) VALUES (16,'Gary',NULL,'Sinise','1955-03-17','2021-02-17 00:28:11','ds2020',NULL,NULL,'M');
INSERT INTO t_person (per_id,per_first_name,per_middle_name,per_last_name,per_birthdate,per_inserted,per_inserted_by,per_modified,per_modified_by,xper_sex_id) VALUES (17,'Robert',NULL,'Zemeckis','1951-05-14','2021-02-17 00:28:11','ds2020',NULL,NULL,'M');
INSERT INTO t_person (per_id,per_first_name,per_middle_name,per_last_name,per_birthdate,per_inserted,per_inserted_by,per_modified,per_modified_by,xper_sex_id) VALUES (18,'Winston',NULL,'Groom','1943-03-23','2021-02-17 00:28:11','ds2020',NULL,NULL,'M');
INSERT INTO t_person (per_id,per_first_name,per_middle_name,per_last_name,per_birthdate,per_inserted,per_inserted_by,per_modified,per_modified_by,xper_sex_id) VALUES (19,'Eric',NULL,'Roth','1945-03-22','2021-02-17 00:28:11','ds2020',NULL,NULL,'M');
INSERT INTO t_person (per_id,per_first_name,per_middle_name,per_last_name,per_birthdate,per_inserted,per_inserted_by,per_modified,per_modified_by,xper_sex_id) VALUES (20,'Wendy',NULL,'Finerman','1961-08-02','2021-02-17 00:28:11','ds2020',NULL,NULL,'F');
INSERT INTO t_person (per_id,per_first_name,per_middle_name,per_last_name,per_birthdate,per_inserted,per_inserted_by,per_modified,per_modified_by,xper_sex_id) VALUES (21,'Tim',NULL,'Robbins','1958-10-16','2021-02-17 00:28:11','ds2020',NULL,NULL,'M');
INSERT INTO t_person (per_id,per_first_name,per_middle_name,per_last_name,per_birthdate,per_inserted,per_inserted_by,per_modified,per_modified_by,xper_sex_id) VALUES (22,'Morgan',NULL,'Freeman','1937-06-01','2021-02-17 00:28:11','ds2020',NULL,NULL,'M');
INSERT INTO t_person (per_id,per_first_name,per_middle_name,per_last_name,per_birthdate,per_inserted,per_inserted_by,per_modified,per_modified_by,xper_sex_id) VALUES (23,'Bob',NULL,'Gunton','1945-11-15','2021-02-17 00:28:11','ds2020',NULL,NULL,'M');
INSERT INTO t_person (per_id,per_first_name,per_middle_name,per_last_name,per_birthdate,per_inserted,per_inserted_by,per_modified,per_modified_by,xper_sex_id) VALUES (24,'Frank',NULL,'Darabont','1959-01-28','2021-02-17 00:28:11','ds2020',NULL,NULL,'M');
INSERT INTO t_person (per_id,per_first_name,per_middle_name,per_last_name,per_birthdate,per_inserted,per_inserted_by,per_modified,per_modified_by,xper_sex_id) VALUES (25,'Stephen',NULL,'King','1947-09-21','2021-02-17 00:28:11','ds2020',NULL,NULL,'M');
INSERT INTO t_person (per_id,per_first_name,per_middle_name,per_last_name,per_birthdate,per_inserted,per_inserted_by,per_modified,per_modified_by,xper_sex_id) VALUES (26,'Michael','Clarke','Duncan','1957-12-10','2021-02-17 00:28:11','ds2020',NULL,NULL,'M');
INSERT INTO t_person (per_id,per_first_name,per_middle_name,per_last_name,per_birthdate,per_inserted,per_inserted_by,per_modified,per_modified_by,xper_sex_id) VALUES (27,'David',NULL,'Morse','1953-10-11','2021-02-17 00:28:11','ds2020',NULL,NULL,'M');
INSERT INTO t_person (per_id,per_first_name,per_middle_name,per_last_name,per_birthdate,per_inserted,per_inserted_by,per_modified,per_modified_by,xper_sex_id) VALUES (28,'Jack',NULL,'Nicholson','1937-04-22','2021-02-17 00:28:11','ds2020',NULL,NULL,'M');
INSERT INTO t_person (per_id,per_first_name,per_middle_name,per_last_name,per_birthdate,per_inserted,per_inserted_by,per_modified,per_modified_by,xper_sex_id) VALUES (29,'Louise',NULL,'Fletcher','1934-07-22','2021-02-17 00:28:11','ds2020',NULL,NULL,'F');
INSERT INTO t_person (per_id,per_first_name,per_middle_name,per_last_name,per_birthdate,per_inserted,per_inserted_by,per_modified,per_modified_by,xper_sex_id) VALUES (30,'Michael',NULL,'Berryman','1948-09-04','2021-02-17 00:28:11','ds2020',NULL,NULL,'M');
INSERT INTO t_person (per_id,per_first_name,per_middle_name,per_last_name,per_birthdate,per_inserted,per_inserted_by,per_modified,per_modified_by,xper_sex_id) VALUES (31,'Milos',NULL,'Forman','1932-02-18','2021-02-17 00:28:11','ds2020',NULL,NULL,'M');
INSERT INTO t_person (per_id,per_first_name,per_middle_name,per_last_name,per_birthdate,per_inserted,per_inserted_by,per_modified,per_modified_by,xper_sex_id) VALUES (32,'Lawrence',NULL,'Hauben','1931-03-03','2021-02-17 00:28:11','ds2020',NULL,NULL,'M');
INSERT INTO t_person (per_id,per_first_name,per_middle_name,per_last_name,per_birthdate,per_inserted,per_inserted_by,per_modified,per_modified_by,xper_sex_id) VALUES (33,'Bo',NULL,'Goldman','1932-09-10','2021-02-17 00:28:11','ds2020',NULL,NULL,'M');
INSERT INTO t_person (per_id,per_first_name,per_middle_name,per_last_name,per_birthdate,per_inserted,per_inserted_by,per_modified,per_modified_by,xper_sex_id) VALUES (34,'Michael',NULL,'Douglas','1944-09-25','2021-02-17 00:28:11','ds2020',NULL,NULL,'M');
INSERT INTO t_person (per_id,per_first_name,per_middle_name,per_last_name,per_birthdate,per_inserted,per_inserted_by,per_modified,per_modified_by,xper_sex_id) VALUES (35,'Jack',NULL,'Nitzsche','1937-04-22','2021-02-17 00:28:11','ds2020',NULL,NULL,'M');
INSERT INTO t_person (per_id,per_first_name,per_middle_name,per_last_name,per_birthdate,per_inserted,per_inserted_by,per_modified,per_modified_by,xper_sex_id) VALUES (36,'Brad',NULL,'Pitt','1963-12-18','2021-02-17 00:28:11','ds2020',NULL,NULL,'M');
INSERT INTO t_person (per_id,per_first_name,per_middle_name,per_last_name,per_birthdate,per_inserted,per_inserted_by,per_modified,per_modified_by,xper_sex_id) VALUES (37,'Kevin',NULL,'Spacey','1959-06-26','2021-02-17 00:28:11','ds2020',NULL,NULL,'M');
INSERT INTO t_person (per_id,per_first_name,per_middle_name,per_last_name,per_birthdate,per_inserted,per_inserted_by,per_modified,per_modified_by,xper_sex_id) VALUES (38,'David',NULL,'Fincher','1962-08-28','2021-02-17 00:28:11','ds2020',NULL,NULL,'M');
INSERT INTO t_person (per_id,per_first_name,per_middle_name,per_last_name,per_birthdate,per_inserted,per_inserted_by,per_modified,per_modified_by,xper_sex_id) VALUES (39,'Andrew','Kevin','Walker','1964-08-14','2021-02-17 00:28:11','ds2020',NULL,NULL,'M');
INSERT INTO t_person (per_id,per_first_name,per_middle_name,per_last_name,per_birthdate,per_inserted,per_inserted_by,per_modified,per_modified_by,xper_sex_id) VALUES (59,'Henry','Jaynes','Fonda','1905-05-16','2021-02-17 00:28:11','ds2020',NULL,NULL,'M');
INSERT INTO t_person (per_id,per_first_name,per_middle_name,per_last_name,per_birthdate,per_inserted,per_inserted_by,per_modified,per_modified_by,xper_sex_id) VALUES (60,'Lee','J.','Cobb','1911-12-08','2021-02-17 00:28:11','ds2020',NULL,NULL,'M');
INSERT INTO t_person (per_id,per_first_name,per_middle_name,per_last_name,per_birthdate,per_inserted,per_inserted_by,per_modified,per_modified_by,xper_sex_id) VALUES (61,'Martin',NULL,'Balsam','1919-11-04','2021-02-17 00:28:11','ds2020',NULL,NULL,'M');
INSERT INTO t_person (per_id,per_first_name,per_middle_name,per_last_name,per_birthdate,per_inserted,per_inserted_by,per_modified,per_modified_by,xper_sex_id) VALUES (62,'Miroslav',NULL,'Donutil','1951-02-07','2021-02-17 00:28:11','ds2020',NULL,NULL,'M');
INSERT INTO t_person (per_id,per_first_name,per_middle_name,per_last_name,per_birthdate,per_inserted,per_inserted_by,per_modified,per_modified_by,xper_sex_id) VALUES (63,'Jiří',NULL,'Kodet','1937-12-06','2021-02-17 00:28:11','ds2020',NULL,NULL,'M');
INSERT INTO t_person (per_id,per_first_name,per_middle_name,per_last_name,per_birthdate,per_inserted,per_inserted_by,per_modified,per_modified_by,xper_sex_id) VALUES (64,'Emília',NULL,'Vášáryová','1942-05-18','2021-02-17 00:28:11','ds2020',NULL,NULL,'F');
INSERT INTO t_person (per_id,per_first_name,per_middle_name,per_last_name,per_birthdate,per_inserted,per_inserted_by,per_modified,per_modified_by,xper_sex_id) VALUES (65,'Boleslav',NULL,'Polívka','1949-07-31','2021-02-17 00:28:11','ds2020',NULL,NULL,'M');
INSERT INTO t_person (per_id,per_first_name,per_middle_name,per_last_name,per_birthdate,per_inserted,per_inserted_by,per_modified,per_modified_by,xper_sex_id) VALUES (66,'Jan',NULL,'Hřebejk','1967-06-27','2021-02-17 00:28:11','ds2020',NULL,NULL,'M');
INSERT INTO t_person (per_id,per_first_name,per_middle_name,per_last_name,per_birthdate,per_inserted,per_inserted_by,per_modified,per_modified_by,xper_sex_id) VALUES (67,'Petr',NULL,'Šabach','1951-08-23','2021-02-17 00:28:11','ds2020',NULL,NULL,'M');
INSERT INTO t_person (per_id,per_first_name,per_middle_name,per_last_name,per_birthdate,per_inserted,per_inserted_by,per_modified,per_modified_by,xper_sex_id) VALUES (68,'Arnold','Alois','Schwarzenegger','1947-07-30','2021-02-17 00:28:11','ds2020',NULL,NULL,'M');
INSERT INTO t_person (per_id,per_first_name,per_middle_name,per_last_name,per_birthdate,per_inserted,per_inserted_by,per_modified,per_modified_by,xper_sex_id) VALUES (69,'Linda',NULL,'Hamilton','1956-09-26','2021-02-17 00:28:11','ds2020',NULL,NULL,'F');
INSERT INTO t_person (per_id,per_first_name,per_middle_name,per_last_name,per_birthdate,per_inserted,per_inserted_by,per_modified,per_modified_by,xper_sex_id) VALUES (70,'Edward','Walter','Furlong','1977-08-02','2021-02-17 00:28:11','ds2020',NULL,NULL,'M');
INSERT INTO t_person (per_id,per_first_name,per_middle_name,per_last_name,per_birthdate,per_inserted,per_inserted_by,per_modified,per_modified_by,xper_sex_id) VALUES (71,'James','Francis','Cameron','1954-08-16','2021-02-17 00:28:11','ds2020',NULL,NULL,'M');
INSERT INTO t_person (per_id,per_first_name,per_middle_name,per_last_name,per_birthdate,per_inserted,per_inserted_by,per_modified,per_modified_by,xper_sex_id) VALUES (72,'William',NULL,'Wisher',NULL,'2021-02-17 00:28:11','ds2020',NULL,NULL,'M');
INSERT INTO t_person (per_id,per_first_name,per_middle_name,per_last_name,per_birthdate,per_inserted,per_inserted_by,per_modified,per_modified_by,xper_sex_id) VALUES (73,'Gale','Anne','Hurd','1955-10-25','2021-02-17 00:28:11','ds2020',NULL,NULL,'F');

INSERT INTO t_person_role (pro_id,xpro_per_id,xpro_rol_id,pro_inserted,pro_inserted_by,pro_modified,pro_modified_by) VALUES (1,1,3,'2021-02-17 00:31:37','ds2020',NULL,NULL);
INSERT INTO t_person_role (pro_id,xpro_per_id,xpro_rol_id,pro_inserted,pro_inserted_by,pro_modified,pro_modified_by) VALUES (2,2,3,'2021-02-17 00:31:37','ds2020',NULL,NULL);
INSERT INTO t_person_role (pro_id,xpro_per_id,xpro_rol_id,pro_inserted,pro_inserted_by,pro_modified,pro_modified_by) VALUES (3,3,3,'2021-02-17 00:31:37','ds2020',NULL,NULL);
INSERT INTO t_person_role (pro_id,xpro_per_id,xpro_rol_id,pro_inserted,pro_inserted_by,pro_modified,pro_modified_by) VALUES (4,4,1,'2021-02-17 00:31:37','ds2020',NULL,NULL);
INSERT INTO t_person_role (pro_id,xpro_per_id,xpro_rol_id,pro_inserted,pro_inserted_by,pro_modified,pro_modified_by) VALUES (5,5,2,'2021-02-17 00:31:37','ds2020',NULL,NULL);
INSERT INTO t_person_role (pro_id,xpro_per_id,xpro_rol_id,pro_inserted,pro_inserted_by,pro_modified,pro_modified_by) VALUES (6,6,4,'2021-02-17 00:31:37','ds2020',NULL,NULL);
INSERT INTO t_person_role (pro_id,xpro_per_id,xpro_rol_id,pro_inserted,pro_inserted_by,pro_modified,pro_modified_by) VALUES (7,7,9,'2021-02-17 00:31:37','ds2020',NULL,NULL);
INSERT INTO t_person_role (pro_id,xpro_per_id,xpro_rol_id,pro_inserted,pro_inserted_by,pro_modified,pro_modified_by) VALUES (8,8,5,'2021-02-17 00:31:37','ds2020',NULL,NULL);
INSERT INTO t_person_role (pro_id,xpro_per_id,xpro_rol_id,pro_inserted,pro_inserted_by,pro_modified,pro_modified_by) VALUES (9,9,8,'2021-02-17 00:31:37','ds2020',NULL,NULL);
INSERT INTO t_person_role (pro_id,xpro_per_id,xpro_rol_id,pro_inserted,pro_inserted_by,pro_modified,pro_modified_by) VALUES (10,10,8,'2021-02-17 00:31:37','ds2020',NULL,NULL);
INSERT INTO t_person_role (pro_id,xpro_per_id,xpro_rol_id,pro_inserted,pro_inserted_by,pro_modified,pro_modified_by) VALUES (11,11,6,'2021-02-17 00:31:37','ds2020',NULL,NULL);
INSERT INTO t_person_role (pro_id,xpro_per_id,xpro_rol_id,pro_inserted,pro_inserted_by,pro_modified,pro_modified_by) VALUES (12,12,10,'2021-02-17 00:31:37','ds2020',NULL,NULL);
INSERT INTO t_person_role (pro_id,xpro_per_id,xpro_rol_id,pro_inserted,pro_inserted_by,pro_modified,pro_modified_by) VALUES (13,13,7,'2021-02-17 00:31:37','ds2020',NULL,NULL);
INSERT INTO t_person_role (pro_id,xpro_per_id,xpro_rol_id,pro_inserted,pro_inserted_by,pro_modified,pro_modified_by) VALUES (14,14,3,'2021-02-17 00:31:37','ds2020',NULL,NULL);
INSERT INTO t_person_role (pro_id,xpro_per_id,xpro_rol_id,pro_inserted,pro_inserted_by,pro_modified,pro_modified_by) VALUES (15,15,3,'2021-02-17 00:31:37','ds2020',NULL,NULL);
INSERT INTO t_person_role (pro_id,xpro_per_id,xpro_rol_id,pro_inserted,pro_inserted_by,pro_modified,pro_modified_by) VALUES (16,16,3,'2021-02-17 00:31:37','ds2020',NULL,NULL);
INSERT INTO t_person_role (pro_id,xpro_per_id,xpro_rol_id,pro_inserted,pro_inserted_by,pro_modified,pro_modified_by) VALUES (17,17,1,'2021-02-17 00:31:37','ds2020',NULL,NULL);
INSERT INTO t_person_role (pro_id,xpro_per_id,xpro_rol_id,pro_inserted,pro_inserted_by,pro_modified,pro_modified_by) VALUES (18,18,2,'2021-02-17 00:31:37','ds2020',NULL,NULL);
INSERT INTO t_person_role (pro_id,xpro_per_id,xpro_rol_id,pro_inserted,pro_inserted_by,pro_modified,pro_modified_by) VALUES (19,19,2,'2021-02-17 00:31:37','ds2020',NULL,NULL);
INSERT INTO t_person_role (pro_id,xpro_per_id,xpro_rol_id,pro_inserted,pro_inserted_by,pro_modified,pro_modified_by) VALUES (20,20,4,'2021-02-17 00:31:37','ds2020',NULL,NULL);
INSERT INTO t_person_role (pro_id,xpro_per_id,xpro_rol_id,pro_inserted,pro_inserted_by,pro_modified,pro_modified_by) VALUES (21,21,3,'2021-02-17 00:31:37','ds2020',NULL,NULL);
INSERT INTO t_person_role (pro_id,xpro_per_id,xpro_rol_id,pro_inserted,pro_inserted_by,pro_modified,pro_modified_by) VALUES (22,22,3,'2021-02-17 00:31:37','ds2020',NULL,NULL);
INSERT INTO t_person_role (pro_id,xpro_per_id,xpro_rol_id,pro_inserted,pro_inserted_by,pro_modified,pro_modified_by) VALUES (23,23,3,'2021-02-17 00:31:37','ds2020',NULL,NULL);
INSERT INTO t_person_role (pro_id,xpro_per_id,xpro_rol_id,pro_inserted,pro_inserted_by,pro_modified,pro_modified_by) VALUES (24,24,1,'2021-02-17 00:31:37','ds2020',NULL,NULL);
INSERT INTO t_person_role (pro_id,xpro_per_id,xpro_rol_id,pro_inserted,pro_inserted_by,pro_modified,pro_modified_by) VALUES (25,24,2,'2021-02-17 00:31:37','ds2020',NULL,NULL);
INSERT INTO t_person_role (pro_id,xpro_per_id,xpro_rol_id,pro_inserted,pro_inserted_by,pro_modified,pro_modified_by) VALUES (26,24,4,'2021-02-17 00:31:37','ds2020',NULL,NULL);
INSERT INTO t_person_role (pro_id,xpro_per_id,xpro_rol_id,pro_inserted,pro_inserted_by,pro_modified,pro_modified_by) VALUES (27,25,2,'2021-02-17 00:31:37','ds2020',NULL,NULL);
INSERT INTO t_person_role (pro_id,xpro_per_id,xpro_rol_id,pro_inserted,pro_inserted_by,pro_modified,pro_modified_by) VALUES (28,26,3,'2021-02-17 00:31:37','ds2020',NULL,NULL);
INSERT INTO t_person_role (pro_id,xpro_per_id,xpro_rol_id,pro_inserted,pro_inserted_by,pro_modified,pro_modified_by) VALUES (29,27,3,'2021-02-17 00:31:37','ds2020',NULL,NULL);
INSERT INTO t_person_role (pro_id,xpro_per_id,xpro_rol_id,pro_inserted,pro_inserted_by,pro_modified,pro_modified_by) VALUES (30,89,3,'2021-02-17 00:31:37','ds2020',NULL,NULL);
INSERT INTO t_person_role (pro_id,xpro_per_id,xpro_rol_id,pro_inserted,pro_inserted_by,pro_modified,pro_modified_by) VALUES (31,28,3,'2021-02-17 00:31:37','ds2020',NULL,NULL);
INSERT INTO t_person_role (pro_id,xpro_per_id,xpro_rol_id,pro_inserted,pro_inserted_by,pro_modified,pro_modified_by) VALUES (32,29,3,'2021-02-17 00:31:37','ds2020',NULL,NULL);
INSERT INTO t_person_role (pro_id,xpro_per_id,xpro_rol_id,pro_inserted,pro_inserted_by,pro_modified,pro_modified_by) VALUES (33,30,3,'2021-02-17 00:31:37','ds2020',NULL,NULL);
INSERT INTO t_person_role (pro_id,xpro_per_id,xpro_rol_id,pro_inserted,pro_inserted_by,pro_modified,pro_modified_by) VALUES (34,31,1,'2021-02-17 00:31:37','ds2020',NULL,NULL);
INSERT INTO t_person_role (pro_id,xpro_per_id,xpro_rol_id,pro_inserted,pro_inserted_by,pro_modified,pro_modified_by) VALUES (35,32,2,'2021-02-17 00:31:37','ds2020',NULL,NULL);
INSERT INTO t_person_role (pro_id,xpro_per_id,xpro_rol_id,pro_inserted,pro_inserted_by,pro_modified,pro_modified_by) VALUES (36,33,2,'2021-02-17 00:31:37','ds2020',NULL,NULL);
INSERT INTO t_person_role (pro_id,xpro_per_id,xpro_rol_id,pro_inserted,pro_inserted_by,pro_modified,pro_modified_by) VALUES (37,34,4,'2021-02-17 00:31:37','ds2020',NULL,NULL);
INSERT INTO t_person_role (pro_id,xpro_per_id,xpro_rol_id,pro_inserted,pro_inserted_by,pro_modified,pro_modified_by) VALUES (38,35,9,'2021-02-17 00:31:37','ds2020',NULL,NULL);
INSERT INTO t_person_role (pro_id,xpro_per_id,xpro_rol_id,pro_inserted,pro_inserted_by,pro_modified,pro_modified_by) VALUES (39,36,3,'2021-02-17 00:31:37','ds2020',NULL,NULL);
INSERT INTO t_person_role (pro_id,xpro_per_id,xpro_rol_id,pro_inserted,pro_inserted_by,pro_modified,pro_modified_by) VALUES (40,37,3,'2021-02-17 00:31:37','ds2020',NULL,NULL);
INSERT INTO t_person_role (pro_id,xpro_per_id,xpro_rol_id,pro_inserted,pro_inserted_by,pro_modified,pro_modified_by) VALUES (41,38,1,'2021-02-17 00:31:37','ds2020',NULL,NULL);
INSERT INTO t_person_role (pro_id,xpro_per_id,xpro_rol_id,pro_inserted,pro_inserted_by,pro_modified,pro_modified_by) VALUES (42,39,2,'2021-02-17 00:31:37','ds2020',NULL,NULL);
INSERT INTO t_person_role (pro_id,xpro_per_id,xpro_rol_id,pro_inserted,pro_inserted_by,pro_modified,pro_modified_by) VALUES (43,40,9,'2021-02-17 00:31:37','ds2020',NULL,NULL);
INSERT INTO t_person_role (pro_id,xpro_per_id,xpro_rol_id,pro_inserted,pro_inserted_by,pro_modified,pro_modified_by) VALUES (44,41,5,'2021-02-17 00:31:37','ds2020',NULL,NULL);
INSERT INTO t_person_role (pro_id,xpro_per_id,xpro_rol_id,pro_inserted,pro_inserted_by,pro_modified,pro_modified_by) VALUES (45,42,3,'2021-02-17 00:31:37','ds2020',NULL,NULL);
INSERT INTO t_person_role (pro_id,xpro_per_id,xpro_rol_id,pro_inserted,pro_inserted_by,pro_modified,pro_modified_by) VALUES (46,43,3,'2021-02-17 00:31:37','ds2020',NULL,NULL);
INSERT INTO t_person_role (pro_id,xpro_per_id,xpro_rol_id,pro_inserted,pro_inserted_by,pro_modified,pro_modified_by) VALUES (47,44,3,'2021-02-17 00:31:37','ds2020',NULL,NULL);
INSERT INTO t_person_role (pro_id,xpro_per_id,xpro_rol_id,pro_inserted,pro_inserted_by,pro_modified,pro_modified_by) VALUES (48,45,1,'2021-02-17 00:31:37','ds2020',NULL,NULL);
INSERT INTO t_person_role (pro_id,xpro_per_id,xpro_rol_id,pro_inserted,pro_inserted_by,pro_modified,pro_modified_by) VALUES (49,46,2,'2021-02-17 00:31:37','ds2020',NULL,NULL);
INSERT INTO t_person_role (pro_id,xpro_per_id,xpro_rol_id,pro_inserted,pro_inserted_by,pro_modified,pro_modified_by) VALUES (50,47,4,'2021-02-17 00:31:37','ds2020',NULL,NULL);
INSERT INTO t_person_role (pro_id,xpro_per_id,xpro_rol_id,pro_inserted,pro_inserted_by,pro_modified,pro_modified_by) VALUES (51,48,5,'2021-02-17 00:31:37','ds2020',NULL,NULL);
INSERT INTO t_person_role (pro_id,xpro_per_id,xpro_rol_id,pro_inserted,pro_inserted_by,pro_modified,pro_modified_by) VALUES (52,49,9,'2021-02-17 00:31:37','ds2020',NULL,NULL);
INSERT INTO t_person_role (pro_id,xpro_per_id,xpro_rol_id,pro_inserted,pro_inserted_by,pro_modified,pro_modified_by) VALUES (53,79,1,'2021-02-17 00:31:37','ds2020',NULL,NULL);
INSERT INTO t_person_role (pro_id,xpro_per_id,xpro_rol_id,pro_inserted,pro_inserted_by,pro_modified,pro_modified_by) VALUES (54,79,2,'2021-02-17 00:31:37','ds2020',NULL,NULL);
INSERT INTO t_person_role (pro_id,xpro_per_id,xpro_rol_id,pro_inserted,pro_inserted_by,pro_modified,pro_modified_by) VALUES (55,80,2,'2021-02-17 00:31:37','ds2020',NULL,NULL);
INSERT INTO t_person_role (pro_id,xpro_per_id,xpro_rol_id,pro_inserted,pro_inserted_by,pro_modified,pro_modified_by) VALUES (56,81,9,'2021-02-17 00:31:37','ds2020',NULL,NULL);
INSERT INTO t_person_role (pro_id,xpro_per_id,xpro_rol_id,pro_inserted,pro_inserted_by,pro_modified,pro_modified_by) VALUES (57,83,7,'2021-02-17 00:31:37','ds2020',NULL,NULL);
INSERT INTO t_person_role (pro_id,xpro_per_id,xpro_rol_id,pro_inserted,pro_inserted_by,pro_modified,pro_modified_by) VALUES (58,50,3,'2021-02-17 00:31:37','ds2020',NULL,NULL);
INSERT INTO t_person_role (pro_id,xpro_per_id,xpro_rol_id,pro_inserted,pro_inserted_by,pro_modified,pro_modified_by) VALUES (59,51,3,'2021-02-17 00:31:37','ds2020',NULL,NULL);
INSERT INTO t_person_role (pro_id,xpro_per_id,xpro_rol_id,pro_inserted,pro_inserted_by,pro_modified,pro_modified_by) VALUES (60,52,3,'2021-02-17 00:31:37','ds2020',NULL,NULL);
INSERT INTO t_person_role (pro_id,xpro_per_id,xpro_rol_id,pro_inserted,pro_inserted_by,pro_modified,pro_modified_by) VALUES (61,53,3,'2021-02-17 00:31:37','ds2020',NULL,NULL);
INSERT INTO t_person_role (pro_id,xpro_per_id,xpro_rol_id,pro_inserted,pro_inserted_by,pro_modified,pro_modified_by) VALUES (62,54,3,'2021-02-17 00:31:37','ds2020',NULL,NULL);
INSERT INTO t_person_role (pro_id,xpro_per_id,xpro_rol_id,pro_inserted,pro_inserted_by,pro_modified,pro_modified_by) VALUES (63,55,1,'2021-02-17 00:31:37','ds2020',NULL,NULL);
INSERT INTO t_person_role (pro_id,xpro_per_id,xpro_rol_id,pro_inserted,pro_inserted_by,pro_modified,pro_modified_by) VALUES (64,56,1,'2021-02-17 00:31:37','ds2020',NULL,NULL);
INSERT INTO t_person_role (pro_id,xpro_per_id,xpro_rol_id,pro_inserted,pro_inserted_by,pro_modified,pro_modified_by) VALUES (65,55,2,'2021-02-17 00:31:37','ds2020',NULL,NULL);
INSERT INTO t_person_role (pro_id,xpro_per_id,xpro_rol_id,pro_inserted,pro_inserted_by,pro_modified,pro_modified_by) VALUES (66,57,1,'2021-02-17 00:31:37','ds2020',NULL,NULL);
INSERT INTO t_person_role (pro_id,xpro_per_id,xpro_rol_id,pro_inserted,pro_inserted_by,pro_modified,pro_modified_by) VALUES (67,58,2,'2021-02-17 00:31:37','ds2020',NULL,NULL);
INSERT INTO t_person_role (pro_id,xpro_per_id,xpro_rol_id,pro_inserted,pro_inserted_by,pro_modified,pro_modified_by) VALUES (68,59,3,'2021-02-17 00:31:37','ds2020',NULL,NULL);
INSERT INTO t_person_role (pro_id,xpro_per_id,xpro_rol_id,pro_inserted,pro_inserted_by,pro_modified,pro_modified_by) VALUES (69,60,3,'2021-02-17 00:31:37','ds2020',NULL,NULL);
INSERT INTO t_person_role (pro_id,xpro_per_id,xpro_rol_id,pro_inserted,pro_inserted_by,pro_modified,pro_modified_by) VALUES (70,61,3,'2021-02-17 00:31:37','ds2020',NULL,NULL);
INSERT INTO t_person_role (pro_id,xpro_per_id,xpro_rol_id,pro_inserted,pro_inserted_by,pro_modified,pro_modified_by) VALUES (71,62,3,'2021-02-17 00:31:37','ds2020',NULL,NULL);
INSERT INTO t_person_role (pro_id,xpro_per_id,xpro_rol_id,pro_inserted,pro_inserted_by,pro_modified,pro_modified_by) VALUES (72,63,3,'2021-02-17 00:31:37','ds2020',NULL,NULL);
INSERT INTO t_person_role (pro_id,xpro_per_id,xpro_rol_id,pro_inserted,pro_inserted_by,pro_modified,pro_modified_by) VALUES (73,64,3,'2021-02-17 00:31:37','ds2020',NULL,NULL);
INSERT INTO t_person_role (pro_id,xpro_per_id,xpro_rol_id,pro_inserted,pro_inserted_by,pro_modified,pro_modified_by) VALUES (74,65,3,'2021-02-17 00:31:37','ds2020',NULL,NULL);
INSERT INTO t_person_role (pro_id,xpro_per_id,xpro_rol_id,pro_inserted,pro_inserted_by,pro_modified,pro_modified_by) VALUES (75,66,1,'2021-02-17 00:31:37','ds2020',NULL,NULL);
INSERT INTO t_person_role (pro_id,xpro_per_id,xpro_rol_id,pro_inserted,pro_inserted_by,pro_modified,pro_modified_by) VALUES (76,67,2,'2021-02-17 00:31:37','ds2020',NULL,NULL);
INSERT INTO t_person_role (pro_id,xpro_per_id,xpro_rol_id,pro_inserted,pro_inserted_by,pro_modified,pro_modified_by) VALUES (77,68,3,'2021-02-17 00:31:37','ds2020',NULL,NULL);
INSERT INTO t_person_role (pro_id,xpro_per_id,xpro_rol_id,pro_inserted,pro_inserted_by,pro_modified,pro_modified_by) VALUES (78,69,3,'2021-02-17 00:31:37','ds2020',NULL,NULL);
INSERT INTO t_person_role (pro_id,xpro_per_id,xpro_rol_id,pro_inserted,pro_inserted_by,pro_modified,pro_modified_by) VALUES (79,70,3,'2021-02-17 00:31:37','ds2020',NULL,NULL);
INSERT INTO t_person_role (pro_id,xpro_per_id,xpro_rol_id,pro_inserted,pro_inserted_by,pro_modified,pro_modified_by) VALUES (80,71,1,'2021-02-17 00:31:37','ds2020',NULL,NULL);
INSERT INTO t_person_role (pro_id,xpro_per_id,xpro_rol_id,pro_inserted,pro_inserted_by,pro_modified,pro_modified_by) VALUES (81,71,2,'2021-02-17 00:31:37','ds2020',NULL,NULL);
INSERT INTO t_person_role (pro_id,xpro_per_id,xpro_rol_id,pro_inserted,pro_inserted_by,pro_modified,pro_modified_by) VALUES (82,72,2,'2021-02-17 00:31:37','ds2020',NULL,NULL);
INSERT INTO t_person_role (pro_id,xpro_per_id,xpro_rol_id,pro_inserted,pro_inserted_by,pro_modified,pro_modified_by) VALUES (83,73,4,'2021-02-17 00:31:37','ds2020',NULL,NULL);
INSERT INTO t_person_role (pro_id,xpro_per_id,xpro_rol_id,pro_inserted,pro_inserted_by,pro_modified,pro_modified_by) VALUES (84,74,6,'2021-02-17 00:31:37','ds2020',NULL,NULL);
INSERT INTO t_person_role (pro_id,xpro_per_id,xpro_rol_id,pro_inserted,pro_inserted_by,pro_modified,pro_modified_by) VALUES (85,75,9,'2021-02-17 00:31:37','ds2020',NULL,NULL);
INSERT INTO t_person_role (pro_id,xpro_per_id,xpro_rol_id,pro_inserted,pro_inserted_by,pro_modified,pro_modified_by) VALUES (86,76,8,'2021-02-17 00:31:37','ds2020',NULL,NULL);
INSERT INTO t_person_role (pro_id,xpro_per_id,xpro_rol_id,pro_inserted,pro_inserted_by,pro_modified,pro_modified_by) VALUES (87,77,7,'2021-02-17 00:31:37','ds2020',NULL,NULL);
INSERT INTO t_person_role (pro_id,xpro_per_id,xpro_rol_id,pro_inserted,pro_inserted_by,pro_modified,pro_modified_by) VALUES (88,78,3,'2021-02-17 00:31:37','ds2020',NULL,NULL);
INSERT INTO t_person_role (pro_id,xpro_per_id,xpro_rol_id,pro_inserted,pro_inserted_by,pro_modified,pro_modified_by) VALUES (89,79,4,'2021-02-17 00:31:37','ds2020',NULL,NULL);
INSERT INTO t_person_role (pro_id,xpro_per_id,xpro_rol_id,pro_inserted,pro_inserted_by,pro_modified,pro_modified_by) VALUES (90,82,8,'2021-02-17 00:31:37','ds2020',NULL,NULL);
INSERT INTO t_person_role (pro_id,xpro_per_id,xpro_rol_id,pro_inserted,pro_inserted_by,pro_modified,pro_modified_by) VALUES (91,84,3,'2021-02-17 00:31:37','ds2020',NULL,NULL);
INSERT INTO t_person_role (pro_id,xpro_per_id,xpro_rol_id,pro_inserted,pro_inserted_by,pro_modified,pro_modified_by) VALUES (92,85,3,'2021-02-17 00:31:37','ds2020',NULL,NULL);
INSERT INTO t_person_role (pro_id,xpro_per_id,xpro_rol_id,pro_inserted,pro_inserted_by,pro_modified,pro_modified_by) VALUES (93,86,3,'2021-02-17 00:31:37','ds2020',NULL,NULL);
INSERT INTO t_person_role (pro_id,xpro_per_id,xpro_rol_id,pro_inserted,pro_inserted_by,pro_modified,pro_modified_by) VALUES (94,87,1,'2021-02-17 00:31:37','ds2020',NULL,NULL);
INSERT INTO t_person_role (pro_id,xpro_per_id,xpro_rol_id,pro_inserted,pro_inserted_by,pro_modified,pro_modified_by) VALUES (95,87,2,'2021-02-17 00:31:37','ds2020',NULL,NULL);
INSERT INTO t_person_role (pro_id,xpro_per_id,xpro_rol_id,pro_inserted,pro_inserted_by,pro_modified,pro_modified_by) VALUES (96,88,2,'2021-02-17 00:31:37','ds2020',NULL,NULL);
INSERT INTO t_person_role (pro_id,xpro_per_id,xpro_rol_id,pro_inserted,pro_inserted_by,pro_modified,pro_modified_by) VALUES (97,89,4,'2021-02-17 00:31:37','ds2020',NULL,NULL);
INSERT INTO t_person_role (pro_id,xpro_per_id,xpro_rol_id,pro_inserted,pro_inserted_by,pro_modified,pro_modified_by) VALUES (98,90,6,'2021-02-17 00:31:37','ds2020',NULL,NULL);
INSERT INTO t_person_role (pro_id,xpro_per_id,xpro_rol_id,pro_inserted,pro_inserted_by,pro_modified,pro_modified_by) VALUES (99,91,9,'2021-02-17 00:31:37','ds2020',NULL,NULL);
INSERT INTO t_person_role (pro_id,xpro_per_id,xpro_rol_id,pro_inserted,pro_inserted_by,pro_modified,pro_modified_by) VALUES (100,92,8,'2021-02-17 00:31:37','ds2020',NULL,NULL);
INSERT INTO t_person_role (pro_id,xpro_per_id,xpro_rol_id,pro_inserted,pro_inserted_by,pro_modified,pro_modified_by) VALUES (101,93,7,'2021-02-17 00:31:37','ds2020',NULL,NULL);
INSERT INTO t_person_role (pro_id,xpro_per_id,xpro_rol_id,pro_inserted,pro_inserted_by,pro_modified,pro_modified_by) VALUES (102,94,3,'2021-02-17 00:31:37','ds2020',NULL,NULL);
INSERT INTO t_person_role (pro_id,xpro_per_id,xpro_rol_id,pro_inserted,pro_inserted_by,pro_modified,pro_modified_by) VALUES (103,95,3,'2021-02-17 00:31:37','ds2020',NULL,NULL);
INSERT INTO t_person_role (pro_id,xpro_per_id,xpro_rol_id,pro_inserted,pro_inserted_by,pro_modified,pro_modified_by) VALUES (104,96,1,'2021-02-17 00:31:37','ds2020',NULL,NULL);
INSERT INTO t_person_role (pro_id,xpro_per_id,xpro_rol_id,pro_inserted,pro_inserted_by,pro_modified,pro_modified_by) VALUES (105,96,2,'2021-02-17 00:31:37','ds2020',NULL,NULL);
INSERT INTO t_person_role (pro_id,xpro_per_id,xpro_rol_id,pro_inserted,pro_inserted_by,pro_modified,pro_modified_by) VALUES (106,97,4,'2021-02-17 00:31:37','ds2020',NULL,NULL);
INSERT INTO t_person_role (pro_id,xpro_per_id,xpro_rol_id,pro_inserted,pro_inserted_by,pro_modified,pro_modified_by) VALUES (107,98,9,'2021-02-17 00:31:37','ds2020',NULL,NULL);
INSERT INTO t_person_role (pro_id,xpro_per_id,xpro_rol_id,pro_inserted,pro_inserted_by,pro_modified,pro_modified_by) VALUES (108,99,7,'2021-02-17 00:31:37','ds2020',NULL,NULL);
INSERT INTO t_person_role (pro_id,xpro_per_id,xpro_rol_id,pro_inserted,pro_inserted_by,pro_modified,pro_modified_by) VALUES (109,100,3,'2021-02-17 00:31:37','ds2020',NULL,NULL);
INSERT INTO t_person_role (pro_id,xpro_per_id,xpro_rol_id,pro_inserted,pro_inserted_by,pro_modified,pro_modified_by) VALUES (110,101,3,'2021-02-17 00:31:37','ds2020',NULL,NULL);
INSERT INTO t_person_role (pro_id,xpro_per_id,xpro_rol_id,pro_inserted,pro_inserted_by,pro_modified,pro_modified_by) VALUES (111,102,3,'2021-02-17 00:31:37','ds2020',NULL,NULL);
INSERT INTO t_person_role (pro_id,xpro_per_id,xpro_rol_id,pro_inserted,pro_inserted_by,pro_modified,pro_modified_by) VALUES (112,103,3,'2021-02-17 00:31:37','ds2020',NULL,NULL);
INSERT INTO t_person_role (pro_id,xpro_per_id,xpro_rol_id,pro_inserted,pro_inserted_by,pro_modified,pro_modified_by) VALUES (113,104,1,'2021-02-17 00:31:37','ds2020',NULL,NULL);
INSERT INTO t_person_role (pro_id,xpro_per_id,xpro_rol_id,pro_inserted,pro_inserted_by,pro_modified,pro_modified_by) VALUES (114,104,2,'2021-02-17 00:31:37','ds2020',NULL,NULL);
INSERT INTO t_person_role (pro_id,xpro_per_id,xpro_rol_id,pro_inserted,pro_inserted_by,pro_modified,pro_modified_by) VALUES (115,105,2,'2021-02-17 00:31:37','ds2020',NULL,NULL);
INSERT INTO t_person_role (pro_id,xpro_per_id,xpro_rol_id,pro_inserted,pro_inserted_by,pro_modified,pro_modified_by) VALUES (116,106,4,'2021-02-17 00:31:37','ds2020',NULL,NULL);
INSERT INTO t_person_role (pro_id,xpro_per_id,xpro_rol_id,pro_inserted,pro_inserted_by,pro_modified,pro_modified_by) VALUES (117,107,7,'2021-02-17 00:31:37','ds2020',NULL,NULL);
INSERT INTO t_person_role (pro_id,xpro_per_id,xpro_rol_id,pro_inserted,pro_inserted_by,pro_modified,pro_modified_by) VALUES (118,108,3,'2021-02-17 00:31:37','ds2020',NULL,NULL);
INSERT INTO t_person_role (pro_id,xpro_per_id,xpro_rol_id,pro_inserted,pro_inserted_by,pro_modified,pro_modified_by) VALUES (119,109,3,'2021-02-17 00:31:37','ds2020',NULL,NULL);
INSERT INTO t_person_role (pro_id,xpro_per_id,xpro_rol_id,pro_inserted,pro_inserted_by,pro_modified,pro_modified_by) VALUES (120,110,3,'2021-02-17 00:31:37','ds2020',NULL,NULL);
INSERT INTO t_person_role (pro_id,xpro_per_id,xpro_rol_id,pro_inserted,pro_inserted_by,pro_modified,pro_modified_by) VALUES (121,111,1,'2021-02-17 00:31:37','ds2020',NULL,NULL);
INSERT INTO t_person_role (pro_id,xpro_per_id,xpro_rol_id,pro_inserted,pro_inserted_by,pro_modified,pro_modified_by) VALUES (122,112,2,'2021-02-17 00:31:37','ds2020',NULL,NULL);
INSERT INTO t_person_role (pro_id,xpro_per_id,xpro_rol_id,pro_inserted,pro_inserted_by,pro_modified,pro_modified_by) VALUES (123,113,4,'2021-02-17 00:31:37','ds2020',NULL,NULL);
INSERT INTO t_person_role (pro_id,xpro_per_id,xpro_rol_id,pro_inserted,pro_inserted_by,pro_modified,pro_modified_by) VALUES (124,114,6,'2021-02-17 00:31:37','ds2020',NULL,NULL);
INSERT INTO t_person_role (pro_id,xpro_per_id,xpro_rol_id,pro_inserted,pro_inserted_by,pro_modified,pro_modified_by) VALUES (125,115,8,'2021-02-17 00:31:37','ds2020',NULL,NULL);
INSERT INTO t_person_role (pro_id,xpro_per_id,xpro_rol_id,pro_inserted,pro_inserted_by,pro_modified,pro_modified_by) VALUES (126,116,7,'2021-02-17 00:31:37','ds2020',NULL,NULL);
INSERT INTO t_person_role (pro_id,xpro_per_id,xpro_rol_id,pro_inserted,pro_inserted_by,pro_modified,pro_modified_by) VALUES (127,117,3,'2021-02-17 00:31:37','ds2020',NULL,NULL);
INSERT INTO t_person_role (pro_id,xpro_per_id,xpro_rol_id,pro_inserted,pro_inserted_by,pro_modified,pro_modified_by) VALUES (128,118,3,'2021-02-17 00:31:37','ds2020',NULL,NULL);
INSERT INTO t_person_role (pro_id,xpro_per_id,xpro_rol_id,pro_inserted,pro_inserted_by,pro_modified,pro_modified_by) VALUES (129,119,1,'2021-02-17 00:31:37','ds2020',NULL,NULL);
INSERT INTO t_person_role (pro_id,xpro_per_id,xpro_rol_id,pro_inserted,pro_inserted_by,pro_modified,pro_modified_by) VALUES (130,119,2,'2021-02-17 00:31:37','ds2020',NULL,NULL);
INSERT INTO t_person_role (pro_id,xpro_per_id,xpro_rol_id,pro_inserted,pro_inserted_by,pro_modified,pro_modified_by) VALUES (131,120,2,'2021-02-17 00:31:37','ds2020',NULL,NULL);
INSERT INTO t_person_role (pro_id,xpro_per_id,xpro_rol_id,pro_inserted,pro_inserted_by,pro_modified,pro_modified_by) VALUES (132,121,4,'2021-02-17 00:31:37','ds2020',NULL,NULL);
INSERT INTO t_person_role (pro_id,xpro_per_id,xpro_rol_id,pro_inserted,pro_inserted_by,pro_modified,pro_modified_by) VALUES (133,122,9,'2021-02-17 00:31:37','ds2020',NULL,NULL);
INSERT INTO t_person_role (pro_id,xpro_per_id,xpro_rol_id,pro_inserted,pro_inserted_by,pro_modified,pro_modified_by) VALUES (134,123,8,'2021-02-17 00:31:37','ds2020',NULL,NULL);
INSERT INTO t_person_role (pro_id,xpro_per_id,xpro_rol_id,pro_inserted,pro_inserted_by,pro_modified,pro_modified_by) VALUES (135,124,7,'2021-02-17 00:31:37','ds2020',NULL,NULL);
INSERT INTO t_person_role (pro_id,xpro_per_id,xpro_rol_id,pro_inserted,pro_inserted_by,pro_modified,pro_modified_by) VALUES (136,125,3,'2021-02-17 00:31:37','ds2020',NULL,NULL);
INSERT INTO t_person_role (pro_id,xpro_per_id,xpro_rol_id,pro_inserted,pro_inserted_by,pro_modified,pro_modified_by) VALUES (137,125,1,'2021-02-17 00:31:37','ds2020',NULL,NULL);
INSERT INTO t_person_role (pro_id,xpro_per_id,xpro_rol_id,pro_inserted,pro_inserted_by,pro_modified,pro_modified_by) VALUES (138,125,4,'2021-02-17 00:31:37','ds2020',NULL,NULL);
INSERT INTO t_person_role (pro_id,xpro_per_id,xpro_rol_id,pro_inserted,pro_inserted_by,pro_modified,pro_modified_by) VALUES (139,126,3,'2021-02-17 00:31:37','ds2020',NULL,NULL);
INSERT INTO t_person_role (pro_id,xpro_per_id,xpro_rol_id,pro_inserted,pro_inserted_by,pro_modified,pro_modified_by) VALUES (140,127,3,'2021-02-17 00:31:37','ds2020',NULL,NULL);
INSERT INTO t_person_role (pro_id,xpro_per_id,xpro_rol_id,pro_inserted,pro_inserted_by,pro_modified,pro_modified_by) VALUES (141,128,2,'2021-02-17 00:31:37','ds2020',NULL,NULL);
INSERT INTO t_person_role (pro_id,xpro_per_id,xpro_rol_id,pro_inserted,pro_inserted_by,pro_modified,pro_modified_by) VALUES (142,129,9,'2021-02-17 00:31:37','ds2020',NULL,NULL);
INSERT INTO t_person_role (pro_id,xpro_per_id,xpro_rol_id,pro_inserted,pro_inserted_by,pro_modified,pro_modified_by) VALUES (143,130,8,'2021-02-17 00:31:37','ds2020',NULL,NULL);
INSERT INTO t_person_role (pro_id,xpro_per_id,xpro_rol_id,pro_inserted,pro_inserted_by,pro_modified,pro_modified_by) VALUES (144,131,7,'2021-02-17 00:31:37','ds2020',NULL,NULL);
INSERT INTO t_person_role (pro_id,xpro_per_id,xpro_rol_id,pro_inserted,pro_inserted_by,pro_modified,pro_modified_by) VALUES (145,132,3,'2021-02-17 00:31:37','ds2020',NULL,NULL);
INSERT INTO t_person_role (pro_id,xpro_per_id,xpro_rol_id,pro_inserted,pro_inserted_by,pro_modified,pro_modified_by) VALUES (146,133,3,'2021-02-17 00:31:37','ds2020',NULL,NULL);
INSERT INTO t_person_role (pro_id,xpro_per_id,xpro_rol_id,pro_inserted,pro_inserted_by,pro_modified,pro_modified_by) VALUES (147,134,3,'2021-02-17 00:31:37','ds2020',NULL,NULL);
INSERT INTO t_person_role (pro_id,xpro_per_id,xpro_rol_id,pro_inserted,pro_inserted_by,pro_modified,pro_modified_by) VALUES (148,135,1,'2021-02-17 00:31:37','ds2020',NULL,NULL);
INSERT INTO t_person_role (pro_id,xpro_per_id,xpro_rol_id,pro_inserted,pro_inserted_by,pro_modified,pro_modified_by) VALUES (149,135,2,'2021-02-17 00:31:37','ds2020',NULL,NULL);
INSERT INTO t_person_role (pro_id,xpro_per_id,xpro_rol_id,pro_inserted,pro_inserted_by,pro_modified,pro_modified_by) VALUES (150,135,4,'2021-02-17 00:31:37','ds2020',NULL,NULL);
INSERT INTO t_person_role (pro_id,xpro_per_id,xpro_rol_id,pro_inserted,pro_inserted_by,pro_modified,pro_modified_by) VALUES (151,136,1,'2021-02-17 00:31:37','ds2020',NULL,NULL);
INSERT INTO t_person_role (pro_id,xpro_per_id,xpro_rol_id,pro_inserted,pro_inserted_by,pro_modified,pro_modified_by) VALUES (152,136,2,'2021-02-17 00:31:37','ds2020',NULL,NULL);
INSERT INTO t_person_role (pro_id,xpro_per_id,xpro_rol_id,pro_inserted,pro_inserted_by,pro_modified,pro_modified_by) VALUES (153,136,4,'2021-02-17 00:31:37','ds2020',NULL,NULL);
INSERT INTO t_person_role (pro_id,xpro_per_id,xpro_rol_id,pro_inserted,pro_inserted_by,pro_modified,pro_modified_by) VALUES (154,137,9,'2021-02-17 00:31:37','ds2020',NULL,NULL);
INSERT INTO t_person_role (pro_id,xpro_per_id,xpro_rol_id,pro_inserted,pro_inserted_by,pro_modified,pro_modified_by) VALUES (155,138,8,'2021-02-17 00:31:37','ds2020',NULL,NULL);
INSERT INTO t_person_role (pro_id,xpro_per_id,xpro_rol_id,pro_inserted,pro_inserted_by,pro_modified,pro_modified_by) VALUES (156,139,6,'2021-02-17 00:31:37','ds2020',NULL,NULL);
INSERT INTO t_person_role (pro_id,xpro_per_id,xpro_rol_id,pro_inserted,pro_inserted_by,pro_modified,pro_modified_by) VALUES (157,140,7,'2021-02-17 00:31:37','ds2020',NULL,NULL);

INSERT INTO t_is_of_genre (xiog_mov_id,xiog_gen_id,iog_inserted,iog_inserted_by,iog_modified,iog_modified_by) VALUES (1,1,'2021-02-17 00:35:28','ds2020',NULL,NULL);
INSERT INTO t_is_of_genre (xiog_mov_id,xiog_gen_id,iog_inserted,iog_inserted_by,iog_modified,iog_modified_by) VALUES (1,2,'2021-02-17 00:35:28','ds2020',NULL,NULL);
INSERT INTO t_is_of_genre (xiog_mov_id,xiog_gen_id,iog_inserted,iog_inserted_by,iog_modified,iog_modified_by) VALUES (1,16,'2021-02-17 00:35:28','ds2020',NULL,NULL);
INSERT INTO t_is_of_genre (xiog_mov_id,xiog_gen_id,iog_inserted,iog_inserted_by,iog_modified,iog_modified_by) VALUES (2,2,'2021-02-17 00:35:28','ds2020',NULL,NULL);
INSERT INTO t_is_of_genre (xiog_mov_id,xiog_gen_id,iog_inserted,iog_inserted_by,iog_modified,iog_modified_by) VALUES (2,9,'2021-02-17 00:35:28','ds2020',NULL,NULL);
INSERT INTO t_is_of_genre (xiog_mov_id,xiog_gen_id,iog_inserted,iog_inserted_by,iog_modified,iog_modified_by) VALUES (3,2,'2021-02-17 00:35:28','ds2020',NULL,NULL);
INSERT INTO t_is_of_genre (xiog_mov_id,xiog_gen_id,iog_inserted,iog_inserted_by,iog_modified,iog_modified_by) VALUES (4,1,'2021-02-17 00:35:28','ds2020',NULL,NULL);
INSERT INTO t_is_of_genre (xiog_mov_id,xiog_gen_id,iog_inserted,iog_inserted_by,iog_modified,iog_modified_by) VALUES (4,2,'2021-02-17 00:35:28','ds2020',NULL,NULL);
INSERT INTO t_is_of_genre (xiog_mov_id,xiog_gen_id,iog_inserted,iog_inserted_by,iog_modified,iog_modified_by) VALUES (4,6,'2021-02-17 00:35:28','ds2020',NULL,NULL);
INSERT INTO t_is_of_genre (xiog_mov_id,xiog_gen_id,iog_inserted,iog_inserted_by,iog_modified,iog_modified_by) VALUES (4,8,'2021-02-17 00:35:28','ds2020',NULL,NULL);
INSERT INTO t_is_of_genre (xiog_mov_id,xiog_gen_id,iog_inserted,iog_inserted_by,iog_modified,iog_modified_by) VALUES (5,2,'2021-02-17 00:35:28','ds2020',NULL,NULL);
INSERT INTO t_is_of_genre (xiog_mov_id,xiog_gen_id,iog_inserted,iog_inserted_by,iog_modified,iog_modified_by) VALUES (6,1,'2021-02-17 00:35:28','ds2020',NULL,NULL);
INSERT INTO t_is_of_genre (xiog_mov_id,xiog_gen_id,iog_inserted,iog_inserted_by,iog_modified,iog_modified_by) VALUES (6,2,'2021-02-17 00:35:28','ds2020',NULL,NULL);
INSERT INTO t_is_of_genre (xiog_mov_id,xiog_gen_id,iog_inserted,iog_inserted_by,iog_modified,iog_modified_by) VALUES (6,8,'2021-02-17 00:35:28','ds2020',NULL,NULL);
INSERT INTO t_is_of_genre (xiog_mov_id,xiog_gen_id,iog_inserted,iog_inserted_by,iog_modified,iog_modified_by) VALUES (7,2,'2021-02-17 00:35:28','ds2020',NULL,NULL);
INSERT INTO t_is_of_genre (xiog_mov_id,xiog_gen_id,iog_inserted,iog_inserted_by,iog_modified,iog_modified_by) VALUES (7,14,'2021-02-17 00:35:28','ds2020',NULL,NULL);
INSERT INTO t_is_of_genre (xiog_mov_id,xiog_gen_id,iog_inserted,iog_inserted_by,iog_modified,iog_modified_by) VALUES (7,16,'2021-02-17 00:35:28','ds2020',NULL,NULL);
INSERT INTO t_is_of_genre (xiog_mov_id,xiog_gen_id,iog_inserted,iog_inserted_by,iog_modified,iog_modified_by) VALUES (8,1,'2021-02-17 00:35:28','ds2020',NULL,NULL);
INSERT INTO t_is_of_genre (xiog_mov_id,xiog_gen_id,iog_inserted,iog_inserted_by,iog_modified,iog_modified_by) VALUES (8,2,'2021-02-17 00:35:28','ds2020',NULL,NULL);
INSERT INTO t_is_of_genre (xiog_mov_id,xiog_gen_id,iog_inserted,iog_inserted_by,iog_modified,iog_modified_by) VALUES (9,2,'2021-02-17 00:35:28','ds2020',NULL,NULL);
INSERT INTO t_is_of_genre (xiog_mov_id,xiog_gen_id,iog_inserted,iog_inserted_by,iog_modified,iog_modified_by) VALUES (9,5,'2021-02-17 00:35:28','ds2020',NULL,NULL);
INSERT INTO t_is_of_genre (xiog_mov_id,xiog_gen_id,iog_inserted,iog_inserted_by,iog_modified,iog_modified_by) VALUES (9,16,'2021-02-17 00:35:28','ds2020',NULL,NULL);
INSERT INTO t_is_of_genre (xiog_mov_id,xiog_gen_id,iog_inserted,iog_inserted_by,iog_modified,iog_modified_by) VALUES (10,1,'2021-02-17 00:35:28','ds2020',NULL,NULL);
INSERT INTO t_is_of_genre (xiog_mov_id,xiog_gen_id,iog_inserted,iog_inserted_by,iog_modified,iog_modified_by) VALUES (10,2,'2021-02-17 00:35:28','ds2020',NULL,NULL);
INSERT INTO t_is_of_genre (xiog_mov_id,xiog_gen_id,iog_inserted,iog_inserted_by,iog_modified,iog_modified_by) VALUES (11,2,'2021-02-17 00:35:28','ds2020',NULL,NULL);
INSERT INTO t_is_of_genre (xiog_mov_id,xiog_gen_id,iog_inserted,iog_inserted_by,iog_modified,iog_modified_by) VALUES (11,5,'2021-02-17 00:35:28','ds2020',NULL,NULL);
INSERT INTO t_is_of_genre (xiog_mov_id,xiog_gen_id,iog_inserted,iog_inserted_by,iog_modified,iog_modified_by) VALUES (12,3,'2021-02-17 00:35:28','ds2020',NULL,NULL);
INSERT INTO t_is_of_genre (xiog_mov_id,xiog_gen_id,iog_inserted,iog_inserted_by,iog_modified,iog_modified_by) VALUES (12,10,'2021-02-17 00:35:28','ds2020',NULL,NULL);
INSERT INTO t_is_of_genre (xiog_mov_id,xiog_gen_id,iog_inserted,iog_inserted_by,iog_modified,iog_modified_by) VALUES (13,1,'2021-02-17 00:35:28','ds2020',NULL,NULL);
INSERT INTO t_is_of_genre (xiog_mov_id,xiog_gen_id,iog_inserted,iog_inserted_by,iog_modified,iog_modified_by) VALUES (13,2,'2021-02-17 00:35:28','ds2020',NULL,NULL);
INSERT INTO t_is_of_genre (xiog_mov_id,xiog_gen_id,iog_inserted,iog_inserted_by,iog_modified,iog_modified_by) VALUES (14,1,'2021-02-17 00:35:28','ds2020',NULL,NULL);
INSERT INTO t_is_of_genre (xiog_mov_id,xiog_gen_id,iog_inserted,iog_inserted_by,iog_modified,iog_modified_by) VALUES (14,2,'2021-02-17 00:35:28','ds2020',NULL,NULL);
INSERT INTO t_is_of_genre (xiog_mov_id,xiog_gen_id,iog_inserted,iog_inserted_by,iog_modified,iog_modified_by) VALUES (15,12,'2021-02-17 00:35:28','ds2020',NULL,NULL);
INSERT INTO t_is_of_genre (xiog_mov_id,xiog_gen_id,iog_inserted,iog_inserted_by,iog_modified,iog_modified_by) VALUES (16,2,'2021-02-17 00:35:28','ds2020',NULL,NULL);
INSERT INTO t_is_of_genre (xiog_mov_id,xiog_gen_id,iog_inserted,iog_inserted_by,iog_modified,iog_modified_by) VALUES (16,3,'2021-02-17 00:35:28','ds2020',NULL,NULL);
INSERT INTO t_is_of_genre (xiog_mov_id,xiog_gen_id,iog_inserted,iog_inserted_by,iog_modified,iog_modified_by) VALUES (16,4,'2021-02-17 00:35:28','ds2020',NULL,NULL);
INSERT INTO t_is_of_genre (xiog_mov_id,xiog_gen_id,iog_inserted,iog_inserted_by,iog_modified,iog_modified_by) VALUES (17,2,'2021-02-17 00:35:28','ds2020',NULL,NULL);
INSERT INTO t_is_of_genre (xiog_mov_id,xiog_gen_id,iog_inserted,iog_inserted_by,iog_modified,iog_modified_by) VALUES (17,3,'2021-02-17 00:35:28','ds2020',NULL,NULL);
INSERT INTO t_is_of_genre (xiog_mov_id,xiog_gen_id,iog_inserted,iog_inserted_by,iog_modified,iog_modified_by) VALUES (17,4,'2021-02-17 00:35:28','ds2020',NULL,NULL);
INSERT INTO t_is_of_genre (xiog_mov_id,xiog_gen_id,iog_inserted,iog_inserted_by,iog_modified,iog_modified_by) VALUES (18,1,'2021-02-17 00:35:28','ds2020',NULL,NULL);
INSERT INTO t_is_of_genre (xiog_mov_id,xiog_gen_id,iog_inserted,iog_inserted_by,iog_modified,iog_modified_by) VALUES (18,2,'2021-02-17 00:35:28','ds2020',NULL,NULL);
INSERT INTO t_is_of_genre (xiog_mov_id,xiog_gen_id,iog_inserted,iog_inserted_by,iog_modified,iog_modified_by) VALUES (18,11,'2021-02-17 00:35:28','ds2020',NULL,NULL);
INSERT INTO t_is_of_genre (xiog_mov_id,xiog_gen_id,iog_inserted,iog_inserted_by,iog_modified,iog_modified_by) VALUES (19,1,'2021-02-17 00:35:28','ds2020',NULL,NULL);
INSERT INTO t_is_of_genre (xiog_mov_id,xiog_gen_id,iog_inserted,iog_inserted_by,iog_modified,iog_modified_by) VALUES (19,2,'2021-02-17 00:35:28','ds2020',NULL,NULL);
INSERT INTO t_is_of_genre (xiog_mov_id,xiog_gen_id,iog_inserted,iog_inserted_by,iog_modified,iog_modified_by) VALUES (19,3,'2021-02-17 00:35:28','ds2020',NULL,NULL);
INSERT INTO t_is_of_genre (xiog_mov_id,xiog_gen_id,iog_inserted,iog_inserted_by,iog_modified,iog_modified_by) VALUES (19,11,'2021-02-17 00:35:28','ds2020',NULL,NULL);
INSERT INTO t_is_of_genre (xiog_mov_id,xiog_gen_id,iog_inserted,iog_inserted_by,iog_modified,iog_modified_by) VALUES (20,2,'2021-02-17 00:35:28','ds2020',NULL,NULL);
INSERT INTO t_is_of_genre (xiog_mov_id,xiog_gen_id,iog_inserted,iog_inserted_by,iog_modified,iog_modified_by) VALUES (21,3,'2021-02-17 00:35:28','ds2020',NULL,NULL);
INSERT INTO t_is_of_genre (xiog_mov_id,xiog_gen_id,iog_inserted,iog_inserted_by,iog_modified,iog_modified_by) VALUES (21,10,'2021-02-17 00:35:28','ds2020',NULL,NULL);

INSERT INTO t_produced_in (xprd_mov_id,prd_inserted,prd_inserted_by,prd_modified,prd_modified_by,xprd_cou_id) VALUES (1,'2021-02-17 00:04:17','ds2020',NULL,NULL,'USA');
INSERT INTO t_produced_in (xprd_mov_id,prd_inserted,prd_inserted_by,prd_modified,prd_modified_by,xprd_cou_id) VALUES (2,'2021-02-17 00:04:17','ds2020',NULL,NULL,'USA');
INSERT INTO t_produced_in (xprd_mov_id,prd_inserted,prd_inserted_by,prd_modified,prd_modified_by,xprd_cou_id) VALUES (3,'2021-02-17 00:04:17','ds2020',NULL,NULL,'USA');
INSERT INTO t_produced_in (xprd_mov_id,prd_inserted,prd_inserted_by,prd_modified,prd_modified_by,xprd_cou_id) VALUES (4,'2021-02-17 00:04:17','ds2020',NULL,NULL,'USA');
INSERT INTO t_produced_in (xprd_mov_id,prd_inserted,prd_inserted_by,prd_modified,prd_modified_by,xprd_cou_id) VALUES (5,'2021-02-17 00:04:17','ds2020',NULL,NULL,'USA');
INSERT INTO t_produced_in (xprd_mov_id,prd_inserted,prd_inserted_by,prd_modified,prd_modified_by,xprd_cou_id) VALUES (6,'2021-02-17 00:04:17','ds2020',NULL,NULL,'USA');
INSERT INTO t_produced_in (xprd_mov_id,prd_inserted,prd_inserted_by,prd_modified,prd_modified_by,xprd_cou_id) VALUES (7,'2021-02-17 00:04:17','ds2020',NULL,NULL,'USA');
INSERT INTO t_produced_in (xprd_mov_id,prd_inserted,prd_inserted_by,prd_modified,prd_modified_by,xprd_cou_id) VALUES (8,'2021-02-17 00:04:17','ds2020',NULL,NULL,'USA');
INSERT INTO t_produced_in (xprd_mov_id,prd_inserted,prd_inserted_by,prd_modified,prd_modified_by,xprd_cou_id) VALUES (9,'2021-02-17 00:04:17','ds2020',NULL,NULL,'FRA');
INSERT INTO t_produced_in (xprd_mov_id,prd_inserted,prd_inserted_by,prd_modified,prd_modified_by,xprd_cou_id) VALUES (10,'2021-02-17 00:04:17','ds2020',NULL,NULL,'USA');
INSERT INTO t_produced_in (xprd_mov_id,prd_inserted,prd_inserted_by,prd_modified,prd_modified_by,xprd_cou_id) VALUES (11,'2021-02-17 00:04:17','ds2020',NULL,NULL,'CZE');
INSERT INTO t_produced_in (xprd_mov_id,prd_inserted,prd_inserted_by,prd_modified,prd_modified_by,xprd_cou_id) VALUES (12,'2021-02-17 00:04:17','ds2020',NULL,NULL,'USA');
INSERT INTO t_produced_in (xprd_mov_id,prd_inserted,prd_inserted_by,prd_modified,prd_modified_by,xprd_cou_id) VALUES (13,'2021-02-17 00:04:17','ds2020',NULL,NULL,'USA');
INSERT INTO t_produced_in (xprd_mov_id,prd_inserted,prd_inserted_by,prd_modified,prd_modified_by,xprd_cou_id) VALUES (14,'2021-02-17 00:04:17','ds2020',NULL,NULL,'USA');
INSERT INTO t_produced_in (xprd_mov_id,prd_inserted,prd_inserted_by,prd_modified,prd_modified_by,xprd_cou_id) VALUES (15,'2021-02-17 00:04:17','ds2020',NULL,NULL,'USA');
INSERT INTO t_produced_in (xprd_mov_id,prd_inserted,prd_inserted_by,prd_modified,prd_modified_by,xprd_cou_id) VALUES (15,'2021-02-17 00:04:17','ds2020',NULL,NULL,'ITA');
INSERT INTO t_produced_in (xprd_mov_id,prd_inserted,prd_inserted_by,prd_modified,prd_modified_by,xprd_cou_id) VALUES (16,'2021-02-17 00:04:17','ds2020',NULL,NULL,'USA');
INSERT INTO t_produced_in (xprd_mov_id,prd_inserted,prd_inserted_by,prd_modified,prd_modified_by,xprd_cou_id) VALUES (16,'2021-02-17 00:04:17','ds2020',NULL,NULL,'NZL');
INSERT INTO t_produced_in (xprd_mov_id,prd_inserted,prd_inserted_by,prd_modified,prd_modified_by,xprd_cou_id) VALUES (17,'2021-02-17 00:04:17','ds2020',NULL,NULL,'USA');
INSERT INTO t_produced_in (xprd_mov_id,prd_inserted,prd_inserted_by,prd_modified,prd_modified_by,xprd_cou_id) VALUES (17,'2021-02-17 00:04:17','ds2020',NULL,NULL,'NZL');
INSERT INTO t_produced_in (xprd_mov_id,prd_inserted,prd_inserted_by,prd_modified,prd_modified_by,xprd_cou_id) VALUES (17,'2021-02-17 00:04:17','ds2020',NULL,NULL,'GER');
INSERT INTO t_produced_in (xprd_mov_id,prd_inserted,prd_inserted_by,prd_modified,prd_modified_by,xprd_cou_id) VALUES (18,'2021-02-17 00:04:17','ds2020',NULL,NULL,'USA');
INSERT INTO t_produced_in (xprd_mov_id,prd_inserted,prd_inserted_by,prd_modified,prd_modified_by,xprd_cou_id) VALUES (19,'2021-02-17 00:04:17','ds2020',NULL,NULL,'USA');
INSERT INTO t_produced_in (xprd_mov_id,prd_inserted,prd_inserted_by,prd_modified,prd_modified_by,xprd_cou_id) VALUES (19,'2021-02-17 00:04:17','ds2020',NULL,NULL,'GBR');
INSERT INTO t_produced_in (xprd_mov_id,prd_inserted,prd_inserted_by,prd_modified,prd_modified_by,xprd_cou_id) VALUES (20,'2021-02-17 00:04:17','ds2020',NULL,NULL,'USA');
INSERT INTO t_produced_in (xprd_mov_id,prd_inserted,prd_inserted_by,prd_modified,prd_modified_by,xprd_cou_id) VALUES (21,'2021-02-17 00:04:17','ds2020',NULL,NULL,'USA');

INSERT INTO c_city (cit_id,cit_name,cit_inserted,cit_inserted_by,cit_modified,cit_modified_by) VALUES (1,'Košice','2021-02-16 23:47:15','ds2020',NULL,NULL);
INSERT INTO c_city (cit_id,cit_name,cit_inserted,cit_inserted_by,cit_modified,cit_modified_by) VALUES (2,'Bratislava','2021-02-16 23:47:15','ds2020',NULL,NULL);
INSERT INTO c_city (cit_id,cit_name,cit_inserted,cit_inserted_by,cit_modified,cit_modified_by) VALUES (3,'Trnava','2021-02-16 23:47:15','ds2020',NULL,NULL);
INSERT INTO c_city (cit_id,cit_name,cit_inserted,cit_inserted_by,cit_modified,cit_modified_by) VALUES (4,'Žilina','2021-02-16 23:47:15','ds2020',NULL,NULL);
INSERT INTO c_city (cit_id,cit_name,cit_inserted,cit_inserted_by,cit_modified,cit_modified_by) VALUES (5,'Trenčín','2021-02-16 23:47:15','ds2020',NULL,NULL);
INSERT INTO c_city (cit_id,cit_name,cit_inserted,cit_inserted_by,cit_modified,cit_modified_by) VALUES (6,'Prešov','2021-02-16 23:47:15','ds2020',NULL,NULL);
INSERT INTO c_city (cit_id,cit_name,cit_inserted,cit_inserted_by,cit_modified,cit_modified_by) VALUES (7,'Nitra','2021-02-16 23:47:15','ds2020',NULL,NULL);
INSERT INTO c_city (cit_id,cit_name,cit_inserted,cit_inserted_by,cit_modified,cit_modified_by) VALUES (8,'Banská Bystrica','2021-02-16 23:47:15','ds2020',NULL,NULL);
INSERT INTO c_city (cit_id,cit_name,cit_inserted,cit_inserted_by,cit_modified,cit_modified_by) VALUES (9,'Praha','2021-02-16 23:47:15','ds2020',NULL,NULL);
INSERT INTO c_city (cit_id,cit_name,cit_inserted,cit_inserted_by,cit_modified,cit_modified_by) VALUES (10,'London','2021-02-16 23:47:15','ds2020',NULL,NULL);
INSERT INTO c_city (cit_id,cit_name,cit_inserted,cit_inserted_by,cit_modified,cit_modified_by) VALUES (11,'Berlín','2021-02-16 23:47:15','ds2020',NULL,NULL);
INSERT INTO c_city (cit_id,cit_name,cit_inserted,cit_inserted_by,cit_modified,cit_modified_by) VALUES (12,'Rím','2021-02-16 23:47:15','ds2020',NULL,NULL);

INSERT INTO t_cinema (cin_id,cin_name,cin_street,cin_postal_code,cin_telephone,cin_email,xcin_cit_id,cin_inserted,cin_inserted_by,cin_modified,cin_modified_by) VALUES (1,'Kino Úsmev Košice','Kasárenské námestie 1','04001','0948840774','usmev@gmail.com',1,'2021-02-17 00:36:16','ds2020',NULL,NULL);
INSERT INTO t_cinema (cin_id,cin_name,cin_street,cin_postal_code,cin_telephone,cin_email,xcin_cit_id,cin_inserted,cin_inserted_by,cin_modified,cin_modified_by) VALUES (2,'Cinemax Košice','Moldavská cesta 32','04001','0917642559','kinoke@cine-max.sk',1,'2021-02-17 00:36:16','ds2020',NULL,NULL);
INSERT INTO t_cinema (cin_id,cin_name,cin_street,cin_postal_code,cin_telephone,cin_email,xcin_cit_id,cin_inserted,cin_inserted_by,cin_modified,cin_modified_by) VALUES (3,'Ster Century Cinemas Košice','Toryská 5','04001','055/6221229','stercenturyke@gmail.com',1,'2021-02-17 00:36:16','ds2020',NULL,NULL);
INSERT INTO t_cinema (cin_id,cin_name,cin_street,cin_postal_code,cin_telephone,cin_email,xcin_cit_id,cin_inserted,cin_inserted_by,cin_modified,cin_modified_by) VALUES (4,'Cinemax Bratislava','Lamač 6780','84106','0918984166','kinoba@cine-max.sk',2,'2021-02-17 00:36:16','ds2020',NULL,NULL);
INSERT INTO t_cinema (cin_id,cin_name,cin_street,cin_postal_code,cin_telephone,cin_email,xcin_cit_id,cin_inserted,cin_inserted_by,cin_modified,cin_modified_by) VALUES (5,'Cinema City','Einsteinova 20','85101','02/68202222','kinocinema@gmail.com',2,'2021-02-17 00:36:16','ds2020',NULL,NULL);
INSERT INTO t_cinema (cin_id,cin_name,cin_street,cin_postal_code,cin_telephone,cin_email,xcin_cit_id,cin_inserted,cin_inserted_by,cin_modified,cin_modified_by) VALUES (6,'Cinemax Trnava','Kollárova 555/20','91701','0915982389','kinott@cine-max.sk',3,'2021-02-17 00:36:16','ds2020',NULL,NULL);
INSERT INTO t_cinema (cin_id,cin_name,cin_street,cin_postal_code,cin_telephone,cin_email,xcin_cit_id,cin_inserted,cin_inserted_by,cin_modified,cin_modified_by) VALUES (7,'Kino Hviezda','Paulínska 1','91701','033/3236444','kinohviezda@gmail.com',3,'2021-02-17 00:36:16','ds2020',NULL,NULL);
INSERT INTO t_cinema (cin_id,cin_name,cin_street,cin_postal_code,cin_telephone,cin_email,xcin_cit_id,cin_inserted,cin_inserted_by,cin_modified,cin_modified_by) VALUES (8,'Ster Century Cinemas Žilina','Námestie Andreja Hlinku 1070/7','01001','041/5493627','stercenturyza@gmail.com',4,'2021-02-17 00:36:16','ds2020',NULL,NULL);
INSERT INTO t_cinema (cin_id,cin_name,cin_street,cin_postal_code,cin_telephone,cin_email,xcin_cit_id,cin_inserted,cin_inserted_by,cin_modified,cin_modified_by) VALUES (9,'Cinemax Trenčín','Gen. M. R. Štefánika 426','91101','0905454445','kinotn@cine-max.sk',5,'2021-02-17 00:36:16','ds2020',NULL,NULL);
INSERT INTO t_cinema (cin_id,cin_name,cin_street,cin_postal_code,cin_telephone,cin_email,xcin_cit_id,cin_inserted,cin_inserted_by,cin_modified,cin_modified_by) VALUES (10,'Cinemax Prešov','Fábryho 54','08001','0918896501','kinopo@cine-max.sk',6,'2021-02-17 00:36:16','ds2020',NULL,NULL);
INSERT INTO t_cinema (cin_id,cin_name,cin_street,cin_postal_code,cin_telephone,cin_email,xcin_cit_id,cin_inserted,cin_inserted_by,cin_modified,cin_modified_by) VALUES (11,'Kino Scala','Masarykova 2703','08001','051/7733466','kinoscala@gmail.com',6,'2021-02-17 00:36:16','ds2020',NULL,NULL);
INSERT INTO t_cinema (cin_id,cin_name,cin_street,cin_postal_code,cin_telephone,cin_email,xcin_cit_id,cin_inserted,cin_inserted_by,cin_modified,cin_modified_by) VALUES (12,'Mlyny Cinemas','Štefánikova trieda 35/61','94901','0908945958','mlyny@gmail.com',7,'2021-02-17 00:36:16','ds2020',NULL,NULL);
INSERT INTO t_cinema (cin_id,cin_name,cin_street,cin_postal_code,cin_telephone,cin_email,xcin_cit_id,cin_inserted,cin_inserted_by,cin_modified,cin_modified_by) VALUES (13,'Cinemax Banská Bystrica','Na Troskách 25','97401','0917988362','kinobb@cine-max.sk',8,'2021-02-17 00:36:16','ds2020',NULL,NULL);


INSERT INTO t_hall (hal_id,hal_name,hal_capacity,xhal_cin_id,hal_inserted,hal_inserted_by,hal_modified,hal_modified_by) VALUES (1,'Sála A',150,1,'2021-02-17 00:37:06','ds2020',NULL,NULL);
INSERT INTO t_hall (hal_id,hal_name,hal_capacity,xhal_cin_id,hal_inserted,hal_inserted_by,hal_modified,hal_modified_by) VALUES (2,'Sála B',150,1,'2021-02-17 00:37:06','ds2020',NULL,NULL);
INSERT INTO t_hall (hal_id,hal_name,hal_capacity,xhal_cin_id,hal_inserted,hal_inserted_by,hal_modified,hal_modified_by) VALUES (3,'Sála C',200,1,'2021-02-17 00:37:06','ds2020',NULL,NULL);
INSERT INTO t_hall (hal_id,hal_name,hal_capacity,xhal_cin_id,hal_inserted,hal_inserted_by,hal_modified,hal_modified_by) VALUES (4,'Sála D',180,1,'2021-02-17 00:37:06','ds2020',NULL,NULL);
INSERT INTO t_hall (hal_id,hal_name,hal_capacity,xhal_cin_id,hal_inserted,hal_inserted_by,hal_modified,hal_modified_by) VALUES (5,'Sála A',180,2,'2021-02-17 00:37:06','ds2020',NULL,NULL);
INSERT INTO t_hall (hal_id,hal_name,hal_capacity,xhal_cin_id,hal_inserted,hal_inserted_by,hal_modified,hal_modified_by) VALUES (6,'Sála B',180,2,'2021-02-17 00:37:06','ds2020',NULL,NULL);
INSERT INTO t_hall (hal_id,hal_name,hal_capacity,xhal_cin_id,hal_inserted,hal_inserted_by,hal_modified,hal_modified_by) VALUES (7,'Sála C',250,2,'2021-02-17 00:37:06','ds2020',NULL,NULL);
INSERT INTO t_hall (hal_id,hal_name,hal_capacity,xhal_cin_id,hal_inserted,hal_inserted_by,hal_modified,hal_modified_by) VALUES (8,'Sála D',150,2,'2021-02-17 00:37:06','ds2020',NULL,NULL);
INSERT INTO t_hall (hal_id,hal_name,hal_capacity,xhal_cin_id,hal_inserted,hal_inserted_by,hal_modified,hal_modified_by) VALUES (9,'Sála E',250,2,'2021-02-17 00:37:06','ds2020',NULL,NULL);
INSERT INTO t_hall (hal_id,hal_name,hal_capacity,xhal_cin_id,hal_inserted,hal_inserted_by,hal_modified,hal_modified_by) VALUES (10,'Sála A',150,3,'2021-02-17 00:37:06','ds2020',NULL,NULL);
INSERT INTO t_hall (hal_id,hal_name,hal_capacity,xhal_cin_id,hal_inserted,hal_inserted_by,hal_modified,hal_modified_by) VALUES (11,'Sála B',150,3,'2021-02-17 00:37:06','ds2020',NULL,NULL);
INSERT INTO t_hall (hal_id,hal_name,hal_capacity,xhal_cin_id,hal_inserted,hal_inserted_by,hal_modified,hal_modified_by) VALUES (12,'Sála C',180,3,'2021-02-17 00:37:06','ds2020',NULL,NULL);
INSERT INTO t_hall (hal_id,hal_name,hal_capacity,xhal_cin_id,hal_inserted,hal_inserted_by,hal_modified,hal_modified_by) VALUES (13,'Sála D',150,3,'2021-02-17 00:37:06','ds2020',NULL,NULL);
INSERT INTO t_hall (hal_id,hal_name,hal_capacity,xhal_cin_id,hal_inserted,hal_inserted_by,hal_modified,hal_modified_by) VALUES (14,'Sála E',180,3,'2021-02-17 00:37:06','ds2020',NULL,NULL);
INSERT INTO t_hall (hal_id,hal_name,hal_capacity,xhal_cin_id,hal_inserted,hal_inserted_by,hal_modified,hal_modified_by) VALUES (15,'Sála A',200,4,'2021-02-17 00:37:06','ds2020',NULL,NULL);
INSERT INTO t_hall (hal_id,hal_name,hal_capacity,xhal_cin_id,hal_inserted,hal_inserted_by,hal_modified,hal_modified_by) VALUES (16,'Sála B',180,4,'2021-02-17 00:37:06','ds2020',NULL,NULL);
INSERT INTO t_hall (hal_id,hal_name,hal_capacity,xhal_cin_id,hal_inserted,hal_inserted_by,hal_modified,hal_modified_by) VALUES (17,'Sála C',250,4,'2021-02-17 00:37:06','ds2020',NULL,NULL);
INSERT INTO t_hall (hal_id,hal_name,hal_capacity,xhal_cin_id,hal_inserted,hal_inserted_by,hal_modified,hal_modified_by) VALUES (18,'Sála D',150,4,'2021-02-17 00:37:06','ds2020',NULL,NULL);
INSERT INTO t_hall (hal_id,hal_name,hal_capacity,xhal_cin_id,hal_inserted,hal_inserted_by,hal_modified,hal_modified_by) VALUES (19,'Sála E',250,4,'2021-02-17 00:37:06','ds2020',NULL,NULL);
INSERT INTO t_hall (hal_id,hal_name,hal_capacity,xhal_cin_id,hal_inserted,hal_inserted_by,hal_modified,hal_modified_by) VALUES (20,'Sála A',200,5,'2021-02-17 00:37:06','ds2020',NULL,NULL);
INSERT INTO t_hall (hal_id,hal_name,hal_capacity,xhal_cin_id,hal_inserted,hal_inserted_by,hal_modified,hal_modified_by) VALUES (21,'Sála B',180,5,'2021-02-17 00:37:06','ds2020',NULL,NULL);
INSERT INTO t_hall (hal_id,hal_name,hal_capacity,xhal_cin_id,hal_inserted,hal_inserted_by,hal_modified,hal_modified_by) VALUES (22,'Sála C',200,5,'2021-02-17 00:37:06','ds2020',NULL,NULL);
INSERT INTO t_hall (hal_id,hal_name,hal_capacity,xhal_cin_id,hal_inserted,hal_inserted_by,hal_modified,hal_modified_by) VALUES (23,'Sála D',150,5,'2021-02-17 00:37:06','ds2020',NULL,NULL);
INSERT INTO t_hall (hal_id,hal_name,hal_capacity,xhal_cin_id,hal_inserted,hal_inserted_by,hal_modified,hal_modified_by) VALUES (24,'Sála E',200,5,'2021-02-17 00:37:06','ds2020',NULL,NULL);
INSERT INTO t_hall (hal_id,hal_name,hal_capacity,xhal_cin_id,hal_inserted,hal_inserted_by,hal_modified,hal_modified_by) VALUES (25,'Sála F',200,5,'2021-02-17 00:37:06','ds2020',NULL,NULL);
INSERT INTO t_hall (hal_id,hal_name,hal_capacity,xhal_cin_id,hal_inserted,hal_inserted_by,hal_modified,hal_modified_by) VALUES (26,'Sála A',180,6,'2021-02-17 00:37:06','ds2020',NULL,NULL);
INSERT INTO t_hall (hal_id,hal_name,hal_capacity,xhal_cin_id,hal_inserted,hal_inserted_by,hal_modified,hal_modified_by) VALUES (27,'Sála B',180,6,'2021-02-17 00:37:06','ds2020',NULL,NULL);
INSERT INTO t_hall (hal_id,hal_name,hal_capacity,xhal_cin_id,hal_inserted,hal_inserted_by,hal_modified,hal_modified_by) VALUES (28,'Sála C',200,6,'2021-02-17 00:37:06','ds2020',NULL,NULL);
INSERT INTO t_hall (hal_id,hal_name,hal_capacity,xhal_cin_id,hal_inserted,hal_inserted_by,hal_modified,hal_modified_by) VALUES (29,'Sála D',200,6,'2021-02-17 00:37:06','ds2020',NULL,NULL);
INSERT INTO t_hall (hal_id,hal_name,hal_capacity,xhal_cin_id,hal_inserted,hal_inserted_by,hal_modified,hal_modified_by) VALUES (30,'Sála A',180,7,'2021-02-17 00:37:06','ds2020',NULL,NULL);
INSERT INTO t_hall (hal_id,hal_name,hal_capacity,xhal_cin_id,hal_inserted,hal_inserted_by,hal_modified,hal_modified_by) VALUES (31,'Sála B',180,7,'2021-02-17 00:37:06','ds2020',NULL,NULL);
INSERT INTO t_hall (hal_id,hal_name,hal_capacity,xhal_cin_id,hal_inserted,hal_inserted_by,hal_modified,hal_modified_by) VALUES (32,'Sála A',200,8,'2021-02-17 00:37:06','ds2020',NULL,NULL);
INSERT INTO t_hall (hal_id,hal_name,hal_capacity,xhal_cin_id,hal_inserted,hal_inserted_by,hal_modified,hal_modified_by) VALUES (33,'Sála B',180,8,'2021-02-17 00:37:06','ds2020',NULL,NULL);
INSERT INTO t_hall (hal_id,hal_name,hal_capacity,xhal_cin_id,hal_inserted,hal_inserted_by,hal_modified,hal_modified_by) VALUES (34,'Sála C',150,8,'2021-02-17 00:37:06','ds2020',NULL,NULL);
INSERT INTO t_hall (hal_id,hal_name,hal_capacity,xhal_cin_id,hal_inserted,hal_inserted_by,hal_modified,hal_modified_by) VALUES (35,'Sála D',150,8,'2021-02-17 00:37:06','ds2020',NULL,NULL);
INSERT INTO t_hall (hal_id,hal_name,hal_capacity,xhal_cin_id,hal_inserted,hal_inserted_by,hal_modified,hal_modified_by) VALUES (36,'Sála A',200,9,'2021-02-17 00:37:06','ds2020',NULL,NULL);
INSERT INTO t_hall (hal_id,hal_name,hal_capacity,xhal_cin_id,hal_inserted,hal_inserted_by,hal_modified,hal_modified_by) VALUES (37,'Sála B',200,9,'2021-02-17 00:37:06','ds2020',NULL,NULL);
INSERT INTO t_hall (hal_id,hal_name,hal_capacity,xhal_cin_id,hal_inserted,hal_inserted_by,hal_modified,hal_modified_by) VALUES (38,'Sála C',220,9,'2021-02-17 00:37:06','ds2020',NULL,NULL);
INSERT INTO t_hall (hal_id,hal_name,hal_capacity,xhal_cin_id,hal_inserted,hal_inserted_by,hal_modified,hal_modified_by) VALUES (39,'Sála D',150,9,'2021-02-17 00:37:06','ds2020',NULL,NULL);
INSERT INTO t_hall (hal_id,hal_name,hal_capacity,xhal_cin_id,hal_inserted,hal_inserted_by,hal_modified,hal_modified_by) VALUES (40,'Sála E',150,9,'2021-02-17 00:37:06','ds2020',NULL,NULL);
INSERT INTO t_hall (hal_id,hal_name,hal_capacity,xhal_cin_id,hal_inserted,hal_inserted_by,hal_modified,hal_modified_by) VALUES (41,'Sála A',150,10,'2021-02-17 00:37:06','ds2020',NULL,NULL);
INSERT INTO t_hall (hal_id,hal_name,hal_capacity,xhal_cin_id,hal_inserted,hal_inserted_by,hal_modified,hal_modified_by) VALUES (42,'Sála B',200,10,'2021-02-17 00:37:06','ds2020',NULL,NULL);
INSERT INTO t_hall (hal_id,hal_name,hal_capacity,xhal_cin_id,hal_inserted,hal_inserted_by,hal_modified,hal_modified_by) VALUES (43,'Sála C',220,10,'2021-02-17 00:37:06','ds2020',NULL,NULL);
INSERT INTO t_hall (hal_id,hal_name,hal_capacity,xhal_cin_id,hal_inserted,hal_inserted_by,hal_modified,hal_modified_by) VALUES (44,'Sála D',180,10,'2021-02-17 00:37:06','ds2020',NULL,NULL);
INSERT INTO t_hall (hal_id,hal_name,hal_capacity,xhal_cin_id,hal_inserted,hal_inserted_by,hal_modified,hal_modified_by) VALUES (45,'Sála E',160,10,'2021-02-17 00:37:06','ds2020',NULL,NULL);
INSERT INTO t_hall (hal_id,hal_name,hal_capacity,xhal_cin_id,hal_inserted,hal_inserted_by,hal_modified,hal_modified_by) VALUES (46,'Sála F',150,10,'2021-02-17 00:37:06','ds2020',NULL,NULL);
INSERT INTO t_hall (hal_id,hal_name,hal_capacity,xhal_cin_id,hal_inserted,hal_inserted_by,hal_modified,hal_modified_by) VALUES (47,'Sála A',170,11,'2021-02-17 00:37:06','ds2020',NULL,NULL);
INSERT INTO t_hall (hal_id,hal_name,hal_capacity,xhal_cin_id,hal_inserted,hal_inserted_by,hal_modified,hal_modified_by) VALUES (48,'Sála B',160,11,'2021-02-17 00:37:06','ds2020',NULL,NULL);
INSERT INTO t_hall (hal_id,hal_name,hal_capacity,xhal_cin_id,hal_inserted,hal_inserted_by,hal_modified,hal_modified_by) VALUES (49,'Sála A',200,12,'2021-02-17 00:37:06','ds2020',NULL,NULL);
INSERT INTO t_hall (hal_id,hal_name,hal_capacity,xhal_cin_id,hal_inserted,hal_inserted_by,hal_modified,hal_modified_by) VALUES (50,'Sála B',180,12,'2021-02-17 00:37:06','ds2020',NULL,NULL);
INSERT INTO t_hall (hal_id,hal_name,hal_capacity,xhal_cin_id,hal_inserted,hal_inserted_by,hal_modified,hal_modified_by) VALUES (51,'Sála C',180,12,'2021-02-17 00:37:06','ds2020',NULL,NULL);
INSERT INTO t_hall (hal_id,hal_name,hal_capacity,xhal_cin_id,hal_inserted,hal_inserted_by,hal_modified,hal_modified_by) VALUES (52,'Sála A',200,13,'2021-02-17 00:37:06','ds2020',NULL,NULL);
INSERT INTO t_hall (hal_id,hal_name,hal_capacity,xhal_cin_id,hal_inserted,hal_inserted_by,hal_modified,hal_modified_by) VALUES (53,'Sála B',180,13,'2021-02-17 00:37:06','ds2020',NULL,NULL);
INSERT INTO t_hall (hal_id,hal_name,hal_capacity,xhal_cin_id,hal_inserted,hal_inserted_by,hal_modified,hal_modified_by) VALUES (54,'Sála C',200,13,'2021-02-17 00:37:06','ds2020',NULL,NULL);
INSERT INTO t_hall (hal_id,hal_name,hal_capacity,xhal_cin_id,hal_inserted,hal_inserted_by,hal_modified,hal_modified_by) VALUES (55,'Sála D',200,13,'2021-02-17 00:37:06','ds2020',NULL,NULL);
INSERT INTO t_hall (hal_id,hal_name,hal_capacity,xhal_cin_id,hal_inserted,hal_inserted_by,hal_modified,hal_modified_by) VALUES (56,'Sála E',160,13,'2021-02-17 00:37:06','ds2020',NULL,NULL);
INSERT INTO t_hall (hal_id,hal_name,hal_capacity,xhal_cin_id,hal_inserted,hal_inserted_by,hal_modified,hal_modified_by) VALUES (57,'Sála F',180,13,'2021-02-17 00:37:06','ds2020',NULL,NULL);

INSERT INTO t_program (prg_id,prg_starts,prg_price,xprg_hal_id,xprg_mov_id,xprg_lan_id,xprg_lan_id_dubbing) VALUES (1,'2021-04-03 20:00:00','8',1,1,'EN','SK');
INSERT INTO t_program (prg_id,prg_starts,prg_price,xprg_hal_id,xprg_mov_id,xprg_lan_id,xprg_lan_id_dubbing) VALUES (2,'2021-04-03 20:30:00','10',2,1,'EN',NULL);
INSERT INTO t_program (prg_id,prg_starts,prg_price,xprg_hal_id,xprg_mov_id,xprg_lan_id,xprg_lan_id_dubbing) VALUES (3,'2021-04-05 18:30:00','6',2,2,'EN','CS');
INSERT INTO t_program (prg_id,prg_starts,prg_price,xprg_hal_id,xprg_mov_id,xprg_lan_id,xprg_lan_id_dubbing) VALUES (4,'2021-04-06 18:30:00','6',2,2,'EN','CS');
INSERT INTO t_program (prg_id,prg_starts,prg_price,xprg_hal_id,xprg_mov_id,xprg_lan_id,xprg_lan_id_dubbing) VALUES (5,'2021-04-07 18:30:00','8',3,3,'EN','CS');
INSERT INTO t_program (prg_id,prg_starts,prg_price,xprg_hal_id,xprg_mov_id,xprg_lan_id,xprg_lan_id_dubbing) VALUES (6,'2021-04-07 18:30:00','8',4,3,'EN',NULL);
INSERT INTO t_program (prg_id,prg_starts,prg_price,xprg_hal_id,xprg_mov_id,xprg_lan_id,xprg_lan_id_dubbing) VALUES (7,'2021-04-03 18:00:00','8',5,4,'EN','SK');
INSERT INTO t_program (prg_id,prg_starts,prg_price,xprg_hal_id,xprg_mov_id,xprg_lan_id,xprg_lan_id_dubbing) VALUES (8,'2021-04-03 18:00:00','10',6,5,'EN',NULL);
INSERT INTO t_program (prg_id,prg_starts,prg_price,xprg_hal_id,xprg_mov_id,xprg_lan_id,xprg_lan_id_dubbing) VALUES (9,'2021-04-03 20:00:00','8',7,6,'EN','SK');
INSERT INTO t_program (prg_id,prg_starts,prg_price,xprg_hal_id,xprg_mov_id,xprg_lan_id,xprg_lan_id_dubbing) VALUES (10,'2021-04-03 20:00:00','10',8,7,'EN',NULL);
INSERT INTO t_program (prg_id,prg_starts,prg_price,xprg_hal_id,xprg_mov_id,xprg_lan_id,xprg_lan_id_dubbing) VALUES (11,'2021-04-05 18:00:00','10',9,8,'EN','CS');
INSERT INTO t_program (prg_id,prg_starts,prg_price,xprg_hal_id,xprg_mov_id,xprg_lan_id,xprg_lan_id_dubbing) VALUES (12,'2021-04-05 21:00:00','10',9,8,'EN','CS');
INSERT INTO t_program (prg_id,prg_starts,prg_price,xprg_hal_id,xprg_mov_id,xprg_lan_id,xprg_lan_id_dubbing) VALUES (13,'2021-04-06 21:00:00','12',9,9,'FR','SK');
INSERT INTO t_program (prg_id,prg_starts,prg_price,xprg_hal_id,xprg_mov_id,xprg_lan_id,xprg_lan_id_dubbing) VALUES (14,'2021-04-05 18:00:00','12',10,10,'EN','SK');
INSERT INTO t_program (prg_id,prg_starts,prg_price,xprg_hal_id,xprg_mov_id,xprg_lan_id,xprg_lan_id_dubbing) VALUES (15,'2021-04-06 18:00:00','12',10,10,'EN',NULL);
INSERT INTO t_program (prg_id,prg_starts,prg_price,xprg_hal_id,xprg_mov_id,xprg_lan_id,xprg_lan_id_dubbing) VALUES (16,'2021-04-07 20:00:00','10',10,10,'EN','SK');
INSERT INTO t_program (prg_id,prg_starts,prg_price,xprg_hal_id,xprg_mov_id,xprg_lan_id,xprg_lan_id_dubbing) VALUES (17,'2021-04-08 15:00:00','10',11,11,'CS',NULL);
INSERT INTO t_program (prg_id,prg_starts,prg_price,xprg_hal_id,xprg_mov_id,xprg_lan_id,xprg_lan_id_dubbing) VALUES (18,'2021-04-09 15:00:00','10',12,11,'CS',NULL);
INSERT INTO t_program (prg_id,prg_starts,prg_price,xprg_hal_id,xprg_mov_id,xprg_lan_id,xprg_lan_id_dubbing) VALUES (19,'2021-04-10 21:00:00','10',13,12,'EN','CS');
INSERT INTO t_program (prg_id,prg_starts,prg_price,xprg_hal_id,xprg_mov_id,xprg_lan_id,xprg_lan_id_dubbing) VALUES (20,'2021-04-11 21:00:00','12',13,12,'EN','SK');
INSERT INTO t_program (prg_id,prg_starts,prg_price,xprg_hal_id,xprg_mov_id,xprg_lan_id,xprg_lan_id_dubbing) VALUES (21,'2021-04-07 18:00:00','7',15,1,'EN','SK');
INSERT INTO t_program (prg_id,prg_starts,prg_price,xprg_hal_id,xprg_mov_id,xprg_lan_id,xprg_lan_id_dubbing) VALUES (22,'2021-04-07 18:00:00','7',16,2,'EN',NULL);
INSERT INTO t_program (prg_id,prg_starts,prg_price,xprg_hal_id,xprg_mov_id,xprg_lan_id,xprg_lan_id_dubbing) VALUES (23,'2021-04-08 20:00:00','9',15,1,'EN','SK');
INSERT INTO t_program (prg_id,prg_starts,prg_price,xprg_hal_id,xprg_mov_id,xprg_lan_id,xprg_lan_id_dubbing) VALUES (56,'2021-04-02 16:00:00','10',36,18,'EN','SK');
INSERT INTO t_program (prg_id,prg_starts,prg_price,xprg_hal_id,xprg_mov_id,xprg_lan_id,xprg_lan_id_dubbing) VALUES (57,'2021-04-04 16:00:00','10',37,18,'EN','SK');
INSERT INTO t_program (prg_id,prg_starts,prg_price,xprg_hal_id,xprg_mov_id,xprg_lan_id,xprg_lan_id_dubbing) VALUES (58,'2021-04-06 18:00:00','10',38,19,'EN',NULL);
INSERT INTO t_program (prg_id,prg_starts,prg_price,xprg_hal_id,xprg_mov_id,xprg_lan_id,xprg_lan_id_dubbing) VALUES (59,'2021-04-08 19:00:00','10',39,19,'EN','SK');
INSERT INTO t_program (prg_id,prg_starts,prg_price,xprg_hal_id,xprg_mov_id,xprg_lan_id,xprg_lan_id_dubbing) VALUES (60,'2021-04-10 19:00:00','10',40,20,'EN','SK');
INSERT INTO t_program (prg_id,prg_starts,prg_price,xprg_hal_id,xprg_mov_id,xprg_lan_id,xprg_lan_id_dubbing) VALUES (61,'2021-04-12 21:00:00','10',38,20,'EN',NULL);
INSERT INTO t_program (prg_id,prg_starts,prg_price,xprg_hal_id,xprg_mov_id,xprg_lan_id,xprg_lan_id_dubbing) VALUES (62,'2021-04-14 21:00:00','12',39,21,'EN','SK');
INSERT INTO t_program (prg_id,prg_starts,prg_price,xprg_hal_id,xprg_mov_id,xprg_lan_id,xprg_lan_id_dubbing) VALUES (63,'2021-04-02 17:00:00','7',41,1,'EN','SK');
INSERT INTO t_program (prg_id,prg_starts,prg_price,xprg_hal_id,xprg_mov_id,xprg_lan_id,xprg_lan_id_dubbing) VALUES (64,'2021-04-02 17:00:00','8',42,2,'EN','SK');
INSERT INTO t_program (prg_id,prg_starts,prg_price,xprg_hal_id,xprg_mov_id,xprg_lan_id,xprg_lan_id_dubbing) VALUES (65,'2021-04-02 20:00:00','9',42,3,'EN',NULL);
INSERT INTO t_program (prg_id,prg_starts,prg_price,xprg_hal_id,xprg_mov_id,xprg_lan_id,xprg_lan_id_dubbing) VALUES (66,'2021-04-03 17:00:00','10',43,4,'EN','SK');
INSERT INTO t_program (prg_id,prg_starts,prg_price,xprg_hal_id,xprg_mov_id,xprg_lan_id,xprg_lan_id_dubbing) VALUES (67,'2021-04-03 19:00:00','10',44,5,'EN',NULL);
INSERT INTO t_program (prg_id,prg_starts,prg_price,xprg_hal_id,xprg_mov_id,xprg_lan_id,xprg_lan_id_dubbing) VALUES (68,'2021-04-04 16:00:00','10',45,6,'EN',NULL);
INSERT INTO t_program (prg_id,prg_starts,prg_price,xprg_hal_id,xprg_mov_id,xprg_lan_id,xprg_lan_id_dubbing) VALUES (69,'2021-04-04 21:00:00','12',45,7,'EN','SK');
INSERT INTO t_program (prg_id,prg_starts,prg_price,xprg_hal_id,xprg_mov_id,xprg_lan_id,xprg_lan_id_dubbing) VALUES (70,'2021-04-04 14:00:00','7',47,8,'EN','SK');
INSERT INTO t_program (prg_id,prg_starts,prg_price,xprg_hal_id,xprg_mov_id,xprg_lan_id,xprg_lan_id_dubbing) VALUES (71,'2021-04-05 15:00:00','7',47,10,'EN',NULL);
INSERT INTO t_program (prg_id,prg_starts,prg_price,xprg_hal_id,xprg_mov_id,xprg_lan_id,xprg_lan_id_dubbing) VALUES (72,'2021-04-05 16:00:00','10',48,12,'EN',NULL);
INSERT INTO t_program (prg_id,prg_starts,prg_price,xprg_hal_id,xprg_mov_id,xprg_lan_id,xprg_lan_id_dubbing) VALUES (73,'2021-04-06 17:00:00','10',47,13,'EN','SK');
INSERT INTO t_program (prg_id,prg_starts,prg_price,xprg_hal_id,xprg_mov_id,xprg_lan_id,xprg_lan_id_dubbing) VALUES (74,'2021-04-07 20:00:00','10',48,12,'EN',NULL);
INSERT INTO t_program (prg_id,prg_starts,prg_price,xprg_hal_id,xprg_mov_id,xprg_lan_id,xprg_lan_id_dubbing) VALUES (75,'2021-04-08 21:00:00','11',47,10,'EN',NULL);
INSERT INTO t_program (prg_id,prg_starts,prg_price,xprg_hal_id,xprg_mov_id,xprg_lan_id,xprg_lan_id_dubbing) VALUES (76,'2021-04-09 22:00:00','12',47,8,'EN','SK');
INSERT INTO t_program (prg_id,prg_starts,prg_price,xprg_hal_id,xprg_mov_id,xprg_lan_id,xprg_lan_id_dubbing) VALUES (77,'2021-04-12 14:00:00','10',49,13,'EN','SK');
INSERT INTO t_program (prg_id,prg_starts,prg_price,xprg_hal_id,xprg_mov_id,xprg_lan_id,xprg_lan_id_dubbing) VALUES (78,'2021-04-13 14:00:00','5',49,14,'EN','CS');
INSERT INTO t_program (prg_id,prg_starts,prg_price,xprg_hal_id,xprg_mov_id,xprg_lan_id,xprg_lan_id_dubbing) VALUES (79,'2021-04-13 15:00:00','10',50,15,'EN','CS');
INSERT INTO t_program (prg_id,prg_starts,prg_price,xprg_hal_id,xprg_mov_id,xprg_lan_id,xprg_lan_id_dubbing) VALUES (80,'2021-04-13 20:00:00','5',51,16,'EN','SK');
INSERT INTO t_program (prg_id,prg_starts,prg_price,xprg_hal_id,xprg_mov_id,xprg_lan_id,xprg_lan_id_dubbing) VALUES (81,'2021-04-14 20:00:00','10',49,17,'EN','CS');
INSERT INTO t_program (prg_id,prg_starts,prg_price,xprg_hal_id,xprg_mov_id,xprg_lan_id,xprg_lan_id_dubbing) VALUES (82,'2021-04-14 21:00:00','6',50,18,'EN','CS');
INSERT INTO t_program (prg_id,prg_starts,prg_price,xprg_hal_id,xprg_mov_id,xprg_lan_id,xprg_lan_id_dubbing) VALUES (83,'2021-04-14 22:00:00','10',51,19,'EN','SK');
INSERT INTO t_program (prg_id,prg_starts,prg_price,xprg_hal_id,xprg_mov_id,xprg_lan_id,xprg_lan_id_dubbing) VALUES (84,'2021-04-12 14:00:00','10',52,19,'EN','SK');
INSERT INTO t_program (prg_id,prg_starts,prg_price,xprg_hal_id,xprg_mov_id,xprg_lan_id,xprg_lan_id_dubbing) VALUES (85,'2021-04-13 14:00:00','5',53,20,'EN','CS');
INSERT INTO t_program (prg_id,prg_starts,prg_price,xprg_hal_id,xprg_mov_id,xprg_lan_id,xprg_lan_id_dubbing) VALUES (86,'2021-04-13 15:00:00','10',54,20,'EN','CS');
INSERT INTO t_program (prg_id,prg_starts,prg_price,xprg_hal_id,xprg_mov_id,xprg_lan_id,xprg_lan_id_dubbing) VALUES (87,'2021-04-13 20:00:00','5',55,21,'EN','SK');
INSERT INTO t_program (prg_id,prg_starts,prg_price,xprg_hal_id,xprg_mov_id,xprg_lan_id,xprg_lan_id_dubbing) VALUES (88,'2021-04-14 20:00:00','10',56,21,'EN','CS');
INSERT INTO t_program (prg_id,prg_starts,prg_price,xprg_hal_id,xprg_mov_id,xprg_lan_id,xprg_lan_id_dubbing) VALUES (89,'2021-04-14 21:00:00','6',57,21,'EN','CS');
INSERT INTO t_program (prg_id,prg_starts,prg_price,xprg_hal_id,xprg_mov_id,xprg_lan_id,xprg_lan_id_dubbing) VALUES (90,'2021-04-14 22:00:00','10',52,12,'EN','SK');
INSERT INTO t_program (prg_id,prg_starts,prg_price,xprg_hal_id,xprg_mov_id,xprg_lan_id,xprg_lan_id_dubbing) VALUES (91,'2021-04-15 14:00:00','10',52,2,'EN','SK');
INSERT INTO t_program (prg_id,prg_starts,prg_price,xprg_hal_id,xprg_mov_id,xprg_lan_id,xprg_lan_id_dubbing) VALUES (92,'2021-04-15 14:00:00','5',53,5,'EN','CS');
INSERT INTO t_program (prg_id,prg_starts,prg_price,xprg_hal_id,xprg_mov_id,xprg_lan_id,xprg_lan_id_dubbing) VALUES (93,'2021-04-16 15:00:00','10',53,6,'EN','CS');
INSERT INTO t_program (prg_id,prg_starts,prg_price,xprg_hal_id,xprg_mov_id,xprg_lan_id,xprg_lan_id_dubbing) VALUES (94,'2021-04-17 20:00:00','5',54,7,'EN','SK');
INSERT INTO t_program (prg_id,prg_starts,prg_price,xprg_hal_id,xprg_mov_id,xprg_lan_id,xprg_lan_id_dubbing) VALUES (95,'2021-04-18 20:00:00','10',55,8,'EN','CS');
INSERT INTO t_program (prg_id,prg_starts,prg_price,xprg_hal_id,xprg_mov_id,xprg_lan_id,xprg_lan_id_dubbing) VALUES (96,'2021-04-18 21:00:00','6',56,10,'EN','CS');
INSERT INTO t_program (prg_id,prg_starts,prg_price,xprg_hal_id,xprg_mov_id,xprg_lan_id,xprg_lan_id_dubbing) VALUES (97,'2021-04-19 22:00:00','10',57,11,'CS',NULL);
INSERT INTO t_program (prg_id,prg_starts,prg_price,xprg_hal_id,xprg_mov_id,xprg_lan_id,xprg_lan_id_dubbing) VALUES (98,'2021-04-20 22:00:00','10',57,11,'CS',NULL);
INSERT INTO t_program (prg_id,prg_starts,prg_price,xprg_hal_id,xprg_mov_id,xprg_lan_id,xprg_lan_id_dubbing) VALUES (24,'2021-04-08 21:00:00','9',16,2,'EN',NULL);
INSERT INTO t_program (prg_id,prg_starts,prg_price,xprg_hal_id,xprg_mov_id,xprg_lan_id,xprg_lan_id_dubbing) VALUES (25,'2021-04-08 21:00:00','9',17,3,'EN',NULL);
INSERT INTO t_program (prg_id,prg_starts,prg_price,xprg_hal_id,xprg_mov_id,xprg_lan_id,xprg_lan_id_dubbing) VALUES (26,'2021-04-08 21:00:00','9',18,4,'EN','CS');
INSERT INTO t_program (prg_id,prg_starts,prg_price,xprg_hal_id,xprg_mov_id,xprg_lan_id,xprg_lan_id_dubbing) VALUES (27,'2021-04-08 21:00:00','9',19,5,'EN','SK');
INSERT INTO t_program (prg_id,prg_starts,prg_price,xprg_hal_id,xprg_mov_id,xprg_lan_id,xprg_lan_id_dubbing) VALUES (28,'2021-04-03 18:00:00','9',20,2,'EN','SK');
INSERT INTO t_program (prg_id,prg_starts,prg_price,xprg_hal_id,xprg_mov_id,xprg_lan_id,xprg_lan_id_dubbing) VALUES (29,'2021-04-03 18:00:00','9',21,3,'EN',NULL);
INSERT INTO t_program (prg_id,prg_starts,prg_price,xprg_hal_id,xprg_mov_id,xprg_lan_id,xprg_lan_id_dubbing) VALUES (30,'2021-04-04 20:00:00','10',22,4,'EN','SK');
INSERT INTO t_program (prg_id,prg_starts,prg_price,xprg_hal_id,xprg_mov_id,xprg_lan_id,xprg_lan_id_dubbing) VALUES (31,'2021-04-04 21:00:00','10',23,13,'EN',NULL);
INSERT INTO t_program (prg_id,prg_starts,prg_price,xprg_hal_id,xprg_mov_id,xprg_lan_id,xprg_lan_id_dubbing) VALUES (32,'2021-04-05 16:00:00','10',24,14,'EN',NULL);
INSERT INTO t_program (prg_id,prg_starts,prg_price,xprg_hal_id,xprg_mov_id,xprg_lan_id,xprg_lan_id_dubbing) VALUES (33,'2021-04-05 21:00:00','10',25,14,'EN','SK');
INSERT INTO t_program (prg_id,prg_starts,prg_price,xprg_hal_id,xprg_mov_id,xprg_lan_id,xprg_lan_id_dubbing) VALUES (34,'2021-04-06 21:00:00','9',21,13,'EN','SK');
INSERT INTO t_program (prg_id,prg_starts,prg_price,xprg_hal_id,xprg_mov_id,xprg_lan_id,xprg_lan_id_dubbing) VALUES (35,'2021-04-04 15:00:00','6',26,13,'EN','SK');
INSERT INTO t_program (prg_id,prg_starts,prg_price,xprg_hal_id,xprg_mov_id,xprg_lan_id,xprg_lan_id_dubbing) VALUES (36,'2021-04-05 18:00:00','6',27,14,'EN','SK');
INSERT INTO t_program (prg_id,prg_starts,prg_price,xprg_hal_id,xprg_mov_id,xprg_lan_id,xprg_lan_id_dubbing) VALUES (37,'2021-04-06 20:00:00','6',27,13,'EN','CS');
INSERT INTO t_program (prg_id,prg_starts,prg_price,xprg_hal_id,xprg_mov_id,xprg_lan_id,xprg_lan_id_dubbing) VALUES (38,'2021-04-06 21:00:00','8',26,14,'EN',NULL);
INSERT INTO t_program (prg_id,prg_starts,prg_price,xprg_hal_id,xprg_mov_id,xprg_lan_id,xprg_lan_id_dubbing) VALUES (39,'2021-04-07 15:00:00','8',28,15,'EN','SK');
INSERT INTO t_program (prg_id,prg_starts,prg_price,xprg_hal_id,xprg_mov_id,xprg_lan_id,xprg_lan_id_dubbing) VALUES (40,'2021-04-08 21:00:00','10',28,15,'EN',NULL);
INSERT INTO t_program (prg_id,prg_starts,prg_price,xprg_hal_id,xprg_mov_id,xprg_lan_id,xprg_lan_id_dubbing) VALUES (41,'2021-04-09 21:00:00','8',29,15,'EN','SK');
INSERT INTO t_program (prg_id,prg_starts,prg_price,xprg_hal_id,xprg_mov_id,xprg_lan_id,xprg_lan_id_dubbing) VALUES (42,'2021-04-04 15:00:00','7',30,16,'EN',NULL);
INSERT INTO t_program (prg_id,prg_starts,prg_price,xprg_hal_id,xprg_mov_id,xprg_lan_id,xprg_lan_id_dubbing) VALUES (43,'2021-04-04 19:00:00','7',30,17,'EN',NULL);
INSERT INTO t_program (prg_id,prg_starts,prg_price,xprg_hal_id,xprg_mov_id,xprg_lan_id,xprg_lan_id_dubbing) VALUES (44,'2021-04-06 15:00:00','7',30,16,'EN',NULL);
INSERT INTO t_program (prg_id,prg_starts,prg_price,xprg_hal_id,xprg_mov_id,xprg_lan_id,xprg_lan_id_dubbing) VALUES (45,'2021-04-06 19:00:00','7',30,17,'EN',NULL);
INSERT INTO t_program (prg_id,prg_starts,prg_price,xprg_hal_id,xprg_mov_id,xprg_lan_id,xprg_lan_id_dubbing) VALUES (46,'2021-04-07 15:00:00','10',31,18,'EN','CS');
INSERT INTO t_program (prg_id,prg_starts,prg_price,xprg_hal_id,xprg_mov_id,xprg_lan_id,xprg_lan_id_dubbing) VALUES (47,'2021-04-08 21:00:00','10',31,18,'EN',NULL);
INSERT INTO t_program (prg_id,prg_starts,prg_price,xprg_hal_id,xprg_mov_id,xprg_lan_id,xprg_lan_id_dubbing) VALUES (48,'2021-04-09 21:00:00','10',31,18,'EN','SK');
INSERT INTO t_program (prg_id,prg_starts,prg_price,xprg_hal_id,xprg_mov_id,xprg_lan_id,xprg_lan_id_dubbing) VALUES (49,'2021-04-06 15:00:00','5',32,16,'EN','SK');
INSERT INTO t_program (prg_id,prg_starts,prg_price,xprg_hal_id,xprg_mov_id,xprg_lan_id,xprg_lan_id_dubbing) VALUES (50,'2021-04-06 18:00:00','5',33,7,'EN','SK');
INSERT INTO t_program (prg_id,prg_starts,prg_price,xprg_hal_id,xprg_mov_id,xprg_lan_id,xprg_lan_id_dubbing) VALUES (51,'2021-04-06 18:00:00','5',34,16,'EN','SK');
INSERT INTO t_program (prg_id,prg_starts,prg_price,xprg_hal_id,xprg_mov_id,xprg_lan_id,xprg_lan_id_dubbing) VALUES (52,'2021-04-07 19:00:00','8',32,7,'EN','SK');
INSERT INTO t_program (prg_id,prg_starts,prg_price,xprg_hal_id,xprg_mov_id,xprg_lan_id,xprg_lan_id_dubbing) VALUES (53,'2021-04-07 19:00:00','8',33,8,'EN','SK');
INSERT INTO t_program (prg_id,prg_starts,prg_price,xprg_hal_id,xprg_mov_id,xprg_lan_id,xprg_lan_id_dubbing) VALUES (54,'2021-04-07 21:00:00','8',34,9,'FR','SK');
INSERT INTO t_program (prg_id,prg_starts,prg_price,xprg_hal_id,xprg_mov_id,xprg_lan_id,xprg_lan_id_dubbing) VALUES (55,'2021-04-07 21:00:00','8',35,10,'EN','SK');

INSERT INTO t_cast (xcas_mov_id,xcas_pro_id,cas_inserted,cas_inserted_by,cas_modified,cas_modified_by) VALUES (1,1,'2021-02-17 00:31:53','ds2020',NULL,NULL);
INSERT INTO t_cast (xcas_mov_id,xcas_pro_id,cas_inserted,cas_inserted_by,cas_modified,cas_modified_by) VALUES (1,2,'2021-02-17 00:31:53','ds2020',NULL,NULL);
INSERT INTO t_cast (xcas_mov_id,xcas_pro_id,cas_inserted,cas_inserted_by,cas_modified,cas_modified_by) VALUES (1,3,'2021-02-17 00:31:53','ds2020',NULL,NULL);
INSERT INTO t_cast (xcas_mov_id,xcas_pro_id,cas_inserted,cas_inserted_by,cas_modified,cas_modified_by) VALUES (1,4,'2021-02-17 00:31:53','ds2020',NULL,NULL);
INSERT INTO t_cast (xcas_mov_id,xcas_pro_id,cas_inserted,cas_inserted_by,cas_modified,cas_modified_by) VALUES (1,5,'2021-02-17 00:31:53','ds2020',NULL,NULL);
INSERT INTO t_cast (xcas_mov_id,xcas_pro_id,cas_inserted,cas_inserted_by,cas_modified,cas_modified_by) VALUES (1,6,'2021-02-17 00:31:53','ds2020',NULL,NULL);
INSERT INTO t_cast (xcas_mov_id,xcas_pro_id,cas_inserted,cas_inserted_by,cas_modified,cas_modified_by) VALUES (1,7,'2021-02-17 00:31:53','ds2020',NULL,NULL);
INSERT INTO t_cast (xcas_mov_id,xcas_pro_id,cas_inserted,cas_inserted_by,cas_modified,cas_modified_by) VALUES (1,8,'2021-02-17 00:31:53','ds2020',NULL,NULL);
INSERT INTO t_cast (xcas_mov_id,xcas_pro_id,cas_inserted,cas_inserted_by,cas_modified,cas_modified_by) VALUES (1,9,'2021-02-17 00:31:53','ds2020',NULL,NULL);
INSERT INTO t_cast (xcas_mov_id,xcas_pro_id,cas_inserted,cas_inserted_by,cas_modified,cas_modified_by) VALUES (1,10,'2021-02-17 00:31:53','ds2020',NULL,NULL);
INSERT INTO t_cast (xcas_mov_id,xcas_pro_id,cas_inserted,cas_inserted_by,cas_modified,cas_modified_by) VALUES (1,11,'2021-02-17 00:31:53','ds2020',NULL,NULL);
INSERT INTO t_cast (xcas_mov_id,xcas_pro_id,cas_inserted,cas_inserted_by,cas_modified,cas_modified_by) VALUES (1,12,'2021-02-17 00:31:53','ds2020',NULL,NULL);
INSERT INTO t_cast (xcas_mov_id,xcas_pro_id,cas_inserted,cas_inserted_by,cas_modified,cas_modified_by) VALUES (1,13,'2021-02-17 00:31:53','ds2020',NULL,NULL);
INSERT INTO t_cast (xcas_mov_id,xcas_pro_id,cas_inserted,cas_inserted_by,cas_modified,cas_modified_by) VALUES (2,14,'2021-02-17 00:31:53','ds2020',NULL,NULL);
INSERT INTO t_cast (xcas_mov_id,xcas_pro_id,cas_inserted,cas_inserted_by,cas_modified,cas_modified_by) VALUES (2,15,'2021-02-17 00:31:53','ds2020',NULL,NULL);
INSERT INTO t_cast (xcas_mov_id,xcas_pro_id,cas_inserted,cas_inserted_by,cas_modified,cas_modified_by) VALUES (2,16,'2021-02-17 00:31:53','ds2020',NULL,NULL);
INSERT INTO t_cast (xcas_mov_id,xcas_pro_id,cas_inserted,cas_inserted_by,cas_modified,cas_modified_by) VALUES (2,17,'2021-02-17 00:31:53','ds2020',NULL,NULL);
INSERT INTO t_cast (xcas_mov_id,xcas_pro_id,cas_inserted,cas_inserted_by,cas_modified,cas_modified_by) VALUES (2,18,'2021-02-17 00:31:53','ds2020',NULL,NULL);
INSERT INTO t_cast (xcas_mov_id,xcas_pro_id,cas_inserted,cas_inserted_by,cas_modified,cas_modified_by) VALUES (2,19,'2021-02-17 00:31:53','ds2020',NULL,NULL);
INSERT INTO t_cast (xcas_mov_id,xcas_pro_id,cas_inserted,cas_inserted_by,cas_modified,cas_modified_by) VALUES (2,20,'2021-02-17 00:31:53','ds2020',NULL,NULL);
INSERT INTO t_cast (xcas_mov_id,xcas_pro_id,cas_inserted,cas_inserted_by,cas_modified,cas_modified_by) VALUES (3,21,'2021-02-17 00:31:53','ds2020',NULL,NULL);
INSERT INTO t_cast (xcas_mov_id,xcas_pro_id,cas_inserted,cas_inserted_by,cas_modified,cas_modified_by) VALUES (3,22,'2021-02-17 00:31:53','ds2020',NULL,NULL);
INSERT INTO t_cast (xcas_mov_id,xcas_pro_id,cas_inserted,cas_inserted_by,cas_modified,cas_modified_by) VALUES (3,23,'2021-02-17 00:31:53','ds2020',NULL,NULL);
INSERT INTO t_cast (xcas_mov_id,xcas_pro_id,cas_inserted,cas_inserted_by,cas_modified,cas_modified_by) VALUES (3,24,'2021-02-17 00:31:53','ds2020',NULL,NULL);
INSERT INTO t_cast (xcas_mov_id,xcas_pro_id,cas_inserted,cas_inserted_by,cas_modified,cas_modified_by) VALUES (3,25,'2021-02-17 00:31:53','ds2020',NULL,NULL);
INSERT INTO t_cast (xcas_mov_id,xcas_pro_id,cas_inserted,cas_inserted_by,cas_modified,cas_modified_by) VALUES (3,27,'2021-02-17 00:31:53','ds2020',NULL,NULL);
INSERT INTO t_cast (xcas_mov_id,xcas_pro_id,cas_inserted,cas_inserted_by,cas_modified,cas_modified_by) VALUES (4,24,'2021-02-17 00:31:53','ds2020',NULL,NULL);
INSERT INTO t_cast (xcas_mov_id,xcas_pro_id,cas_inserted,cas_inserted_by,cas_modified,cas_modified_by) VALUES (4,25,'2021-02-17 00:31:53','ds2020',NULL,NULL);
INSERT INTO t_cast (xcas_mov_id,xcas_pro_id,cas_inserted,cas_inserted_by,cas_modified,cas_modified_by) VALUES (4,26,'2021-02-17 00:31:53','ds2020',NULL,NULL);
INSERT INTO t_cast (xcas_mov_id,xcas_pro_id,cas_inserted,cas_inserted_by,cas_modified,cas_modified_by) VALUES (4,27,'2021-02-17 00:31:53','ds2020',NULL,NULL);
INSERT INTO t_cast (xcas_mov_id,xcas_pro_id,cas_inserted,cas_inserted_by,cas_modified,cas_modified_by) VALUES (4,14,'2021-02-17 00:31:53','ds2020',NULL,NULL);
INSERT INTO t_cast (xcas_mov_id,xcas_pro_id,cas_inserted,cas_inserted_by,cas_modified,cas_modified_by) VALUES (4,28,'2021-02-17 00:31:53','ds2020',NULL,NULL);
INSERT INTO t_cast (xcas_mov_id,xcas_pro_id,cas_inserted,cas_inserted_by,cas_modified,cas_modified_by) VALUES (4,29,'2021-02-17 00:31:53','ds2020',NULL,NULL);
INSERT INTO t_cast (xcas_mov_id,xcas_pro_id,cas_inserted,cas_inserted_by,cas_modified,cas_modified_by) VALUES (5,31,'2021-02-17 00:31:53','ds2020',NULL,NULL);
INSERT INTO t_cast (xcas_mov_id,xcas_pro_id,cas_inserted,cas_inserted_by,cas_modified,cas_modified_by) VALUES (5,32,'2021-02-17 00:31:53','ds2020',NULL,NULL);
INSERT INTO t_cast (xcas_mov_id,xcas_pro_id,cas_inserted,cas_inserted_by,cas_modified,cas_modified_by) VALUES (5,33,'2021-02-17 00:31:53','ds2020',NULL,NULL);
INSERT INTO t_cast (xcas_mov_id,xcas_pro_id,cas_inserted,cas_inserted_by,cas_modified,cas_modified_by) VALUES (5,34,'2021-02-17 00:31:53','ds2020',NULL,NULL);
INSERT INTO t_cast (xcas_mov_id,xcas_pro_id,cas_inserted,cas_inserted_by,cas_modified,cas_modified_by) VALUES (5,35,'2021-02-17 00:31:53','ds2020',NULL,NULL);
INSERT INTO t_cast (xcas_mov_id,xcas_pro_id,cas_inserted,cas_inserted_by,cas_modified,cas_modified_by) VALUES (5,36,'2021-02-17 00:31:53','ds2020',NULL,NULL);
INSERT INTO t_cast (xcas_mov_id,xcas_pro_id,cas_inserted,cas_inserted_by,cas_modified,cas_modified_by) VALUES (5,37,'2021-02-17 00:31:53','ds2020',NULL,NULL);
INSERT INTO t_cast (xcas_mov_id,xcas_pro_id,cas_inserted,cas_inserted_by,cas_modified,cas_modified_by) VALUES (5,38,'2021-02-17 00:31:53','ds2020',NULL,NULL);
INSERT INTO t_cast (xcas_mov_id,xcas_pro_id,cas_inserted,cas_inserted_by,cas_modified,cas_modified_by) VALUES (6,22,'2021-02-17 00:31:53','ds2020',NULL,NULL);
INSERT INTO t_cast (xcas_mov_id,xcas_pro_id,cas_inserted,cas_inserted_by,cas_modified,cas_modified_by) VALUES (6,39,'2021-02-17 00:31:53','ds2020',NULL,NULL);
INSERT INTO t_cast (xcas_mov_id,xcas_pro_id,cas_inserted,cas_inserted_by,cas_modified,cas_modified_by) VALUES (6,40,'2021-02-17 00:31:53','ds2020',NULL,NULL);
INSERT INTO t_cast (xcas_mov_id,xcas_pro_id,cas_inserted,cas_inserted_by,cas_modified,cas_modified_by) VALUES (6,41,'2021-02-17 00:31:53','ds2020',NULL,NULL);
INSERT INTO t_cast (xcas_mov_id,xcas_pro_id,cas_inserted,cas_inserted_by,cas_modified,cas_modified_by) VALUES (6,42,'2021-02-17 00:31:53','ds2020',NULL,NULL);
INSERT INTO t_cast (xcas_mov_id,xcas_pro_id,cas_inserted,cas_inserted_by,cas_modified,cas_modified_by) VALUES (6,43,'2021-02-17 00:31:53','ds2020',NULL,NULL);
INSERT INTO t_cast (xcas_mov_id,xcas_pro_id,cas_inserted,cas_inserted_by,cas_modified,cas_modified_by) VALUES (6,44,'2021-02-17 00:31:53','ds2020',NULL,NULL);
INSERT INTO t_cast (xcas_mov_id,xcas_pro_id,cas_inserted,cas_inserted_by,cas_modified,cas_modified_by) VALUES (7,45,'2021-02-17 00:31:53','ds2020',NULL,NULL);
INSERT INTO t_cast (xcas_mov_id,xcas_pro_id,cas_inserted,cas_inserted_by,cas_modified,cas_modified_by) VALUES (7,46,'2021-02-17 00:31:53','ds2020',NULL,NULL);
INSERT INTO t_cast (xcas_mov_id,xcas_pro_id,cas_inserted,cas_inserted_by,cas_modified,cas_modified_by) VALUES (7,47,'2021-02-17 00:31:53','ds2020',NULL,NULL);
INSERT INTO t_cast (xcas_mov_id,xcas_pro_id,cas_inserted,cas_inserted_by,cas_modified,cas_modified_by) VALUES (7,48,'2021-02-17 00:31:53','ds2020',NULL,NULL);
INSERT INTO t_cast (xcas_mov_id,xcas_pro_id,cas_inserted,cas_inserted_by,cas_modified,cas_modified_by) VALUES (7,49,'2021-02-17 00:31:53','ds2020',NULL,NULL);
INSERT INTO t_cast (xcas_mov_id,xcas_pro_id,cas_inserted,cas_inserted_by,cas_modified,cas_modified_by) VALUES (7,5,'2021-02-17 00:31:53','ds2020',NULL,NULL);
INSERT INTO t_cast (xcas_mov_id,xcas_pro_id,cas_inserted,cas_inserted_by,cas_modified,cas_modified_by) VALUES (7,50,'2021-02-17 00:31:53','ds2020',NULL,NULL);
INSERT INTO t_cast (xcas_mov_id,xcas_pro_id,cas_inserted,cas_inserted_by,cas_modified,cas_modified_by) VALUES (7,51,'2021-02-17 00:31:53','ds2020',NULL,NULL);
INSERT INTO t_cast (xcas_mov_id,xcas_pro_id,cas_inserted,cas_inserted_by,cas_modified,cas_modified_by) VALUES (7,52,'2021-02-17 00:31:53','ds2020',NULL,NULL);
INSERT INTO t_cast (xcas_mov_id,xcas_pro_id,cas_inserted,cas_inserted_by,cas_modified,cas_modified_by) VALUES (8,53,'2021-02-17 00:31:53','ds2020',NULL,NULL);
INSERT INTO t_cast (xcas_mov_id,xcas_pro_id,cas_inserted,cas_inserted_by,cas_modified,cas_modified_by) VALUES (8,54,'2021-02-17 00:31:53','ds2020',NULL,NULL);
INSERT INTO t_cast (xcas_mov_id,xcas_pro_id,cas_inserted,cas_inserted_by,cas_modified,cas_modified_by) VALUES (8,55,'2021-02-17 00:31:53','ds2020',NULL,NULL);
INSERT INTO t_cast (xcas_mov_id,xcas_pro_id,cas_inserted,cas_inserted_by,cas_modified,cas_modified_by) VALUES (8,56,'2021-02-17 00:31:53','ds2020',NULL,NULL);
INSERT INTO t_cast (xcas_mov_id,xcas_pro_id,cas_inserted,cas_inserted_by,cas_modified,cas_modified_by) VALUES (8,57,'2021-02-17 00:31:53','ds2020',NULL,NULL);
INSERT INTO t_cast (xcas_mov_id,xcas_pro_id,cas_inserted,cas_inserted_by,cas_modified,cas_modified_by) VALUES (8,2,'2021-02-17 00:31:53','ds2020',NULL,NULL);
INSERT INTO t_cast (xcas_mov_id,xcas_pro_id,cas_inserted,cas_inserted_by,cas_modified,cas_modified_by) VALUES (8,58,'2021-02-17 00:31:53','ds2020',NULL,NULL);
INSERT INTO t_cast (xcas_mov_id,xcas_pro_id,cas_inserted,cas_inserted_by,cas_modified,cas_modified_by) VALUES (8,59,'2021-02-17 00:31:53','ds2020',NULL,NULL);
INSERT INTO t_cast (xcas_mov_id,xcas_pro_id,cas_inserted,cas_inserted_by,cas_modified,cas_modified_by) VALUES (9,60,'2021-02-17 00:31:53','ds2020',NULL,NULL);
INSERT INTO t_cast (xcas_mov_id,xcas_pro_id,cas_inserted,cas_inserted_by,cas_modified,cas_modified_by) VALUES (9,61,'2021-02-17 00:31:53','ds2020',NULL,NULL);
INSERT INTO t_cast (xcas_mov_id,xcas_pro_id,cas_inserted,cas_inserted_by,cas_modified,cas_modified_by) VALUES (9,62,'2021-02-17 00:31:53','ds2020',NULL,NULL);
INSERT INTO t_cast (xcas_mov_id,xcas_pro_id,cas_inserted,cas_inserted_by,cas_modified,cas_modified_by) VALUES (9,63,'2021-02-17 00:31:53','ds2020',NULL,NULL);
INSERT INTO t_cast (xcas_mov_id,xcas_pro_id,cas_inserted,cas_inserted_by,cas_modified,cas_modified_by) VALUES (9,65,'2021-02-17 00:31:53','ds2020',NULL,NULL);
INSERT INTO t_cast (xcas_mov_id,xcas_pro_id,cas_inserted,cas_inserted_by,cas_modified,cas_modified_by) VALUES (9,64,'2021-02-17 00:31:53','ds2020',NULL,NULL);
INSERT INTO t_cast (xcas_mov_id,xcas_pro_id,cas_inserted,cas_inserted_by,cas_modified,cas_modified_by) VALUES (10,66,'2021-02-17 00:31:53','ds2020',NULL,NULL);
INSERT INTO t_cast (xcas_mov_id,xcas_pro_id,cas_inserted,cas_inserted_by,cas_modified,cas_modified_by) VALUES (10,67,'2021-02-17 00:31:53','ds2020',NULL,NULL);
INSERT INTO t_cast (xcas_mov_id,xcas_pro_id,cas_inserted,cas_inserted_by,cas_modified,cas_modified_by) VALUES (10,68,'2021-02-17 00:31:53','ds2020',NULL,NULL);
INSERT INTO t_cast (xcas_mov_id,xcas_pro_id,cas_inserted,cas_inserted_by,cas_modified,cas_modified_by) VALUES (10,69,'2021-02-17 00:31:53','ds2020',NULL,NULL);
INSERT INTO t_cast (xcas_mov_id,xcas_pro_id,cas_inserted,cas_inserted_by,cas_modified,cas_modified_by) VALUES (10,70,'2021-02-17 00:31:53','ds2020',NULL,NULL);
INSERT INTO t_cast (xcas_mov_id,xcas_pro_id,cas_inserted,cas_inserted_by,cas_modified,cas_modified_by) VALUES (11,71,'2021-02-17 00:31:53','ds2020',NULL,NULL);
INSERT INTO t_cast (xcas_mov_id,xcas_pro_id,cas_inserted,cas_inserted_by,cas_modified,cas_modified_by) VALUES (11,72,'2021-02-17 00:31:53','ds2020',NULL,NULL);
INSERT INTO t_cast (xcas_mov_id,xcas_pro_id,cas_inserted,cas_inserted_by,cas_modified,cas_modified_by) VALUES (11,73,'2021-02-17 00:31:53','ds2020',NULL,NULL);
INSERT INTO t_cast (xcas_mov_id,xcas_pro_id,cas_inserted,cas_inserted_by,cas_modified,cas_modified_by) VALUES (11,74,'2021-02-17 00:31:53','ds2020',NULL,NULL);
INSERT INTO t_cast (xcas_mov_id,xcas_pro_id,cas_inserted,cas_inserted_by,cas_modified,cas_modified_by) VALUES (11,75,'2021-02-17 00:31:53','ds2020',NULL,NULL);
INSERT INTO t_cast (xcas_mov_id,xcas_pro_id,cas_inserted,cas_inserted_by,cas_modified,cas_modified_by) VALUES (11,76,'2021-02-17 00:31:53','ds2020',NULL,NULL);
INSERT INTO t_cast (xcas_mov_id,xcas_pro_id,cas_inserted,cas_inserted_by,cas_modified,cas_modified_by) VALUES (12,77,'2021-02-17 00:31:53','ds2020',NULL,NULL);
INSERT INTO t_cast (xcas_mov_id,xcas_pro_id,cas_inserted,cas_inserted_by,cas_modified,cas_modified_by) VALUES (12,78,'2021-02-17 00:31:53','ds2020',NULL,NULL);
INSERT INTO t_cast (xcas_mov_id,xcas_pro_id,cas_inserted,cas_inserted_by,cas_modified,cas_modified_by) VALUES (12,79,'2021-02-17 00:31:53','ds2020',NULL,NULL);
INSERT INTO t_cast (xcas_mov_id,xcas_pro_id,cas_inserted,cas_inserted_by,cas_modified,cas_modified_by) VALUES (12,80,'2021-02-17 00:31:53','ds2020',NULL,NULL);
INSERT INTO t_cast (xcas_mov_id,xcas_pro_id,cas_inserted,cas_inserted_by,cas_modified,cas_modified_by) VALUES (12,81,'2021-02-17 00:31:53','ds2020',NULL,NULL);
INSERT INTO t_cast (xcas_mov_id,xcas_pro_id,cas_inserted,cas_inserted_by,cas_modified,cas_modified_by) VALUES (12,82,'2021-02-17 00:31:53','ds2020',NULL,NULL);
INSERT INTO t_cast (xcas_mov_id,xcas_pro_id,cas_inserted,cas_inserted_by,cas_modified,cas_modified_by) VALUES (12,83,'2021-02-17 00:31:53','ds2020',NULL,NULL);
INSERT INTO t_cast (xcas_mov_id,xcas_pro_id,cas_inserted,cas_inserted_by,cas_modified,cas_modified_by) VALUES (12,84,'2021-02-17 00:31:53','ds2020',NULL,NULL);
INSERT INTO t_cast (xcas_mov_id,xcas_pro_id,cas_inserted,cas_inserted_by,cas_modified,cas_modified_by) VALUES (12,85,'2021-02-17 00:31:53','ds2020',NULL,NULL);
INSERT INTO t_cast (xcas_mov_id,xcas_pro_id,cas_inserted,cas_inserted_by,cas_modified,cas_modified_by) VALUES (12,86,'2021-02-17 00:31:53','ds2020',NULL,NULL);
INSERT INTO t_cast (xcas_mov_id,xcas_pro_id,cas_inserted,cas_inserted_by,cas_modified,cas_modified_by) VALUES (12,87,'2021-02-17 00:31:53','ds2020',NULL,NULL);
INSERT INTO t_cast (xcas_mov_id,xcas_pro_id,cas_inserted,cas_inserted_by,cas_modified,cas_modified_by) VALUES (13,1,'2021-02-17 00:31:53','ds2020',NULL,NULL);
INSERT INTO t_cast (xcas_mov_id,xcas_pro_id,cas_inserted,cas_inserted_by,cas_modified,cas_modified_by) VALUES (13,2,'2021-02-17 00:31:53','ds2020',NULL,NULL);
INSERT INTO t_cast (xcas_mov_id,xcas_pro_id,cas_inserted,cas_inserted_by,cas_modified,cas_modified_by) VALUES (13,88,'2021-02-17 00:31:53','ds2020',NULL,NULL);
INSERT INTO t_cast (xcas_mov_id,xcas_pro_id,cas_inserted,cas_inserted_by,cas_modified,cas_modified_by) VALUES (13,89,'2021-02-17 00:31:53','ds2020',NULL,NULL);
INSERT INTO t_cast (xcas_mov_id,xcas_pro_id,cas_inserted,cas_inserted_by,cas_modified,cas_modified_by) VALUES (13,53,'2021-02-17 00:31:53','ds2020',NULL,NULL);
INSERT INTO t_cast (xcas_mov_id,xcas_pro_id,cas_inserted,cas_inserted_by,cas_modified,cas_modified_by) VALUES (13,54,'2021-02-17 00:31:53','ds2020',NULL,NULL);
INSERT INTO t_cast (xcas_mov_id,xcas_pro_id,cas_inserted,cas_inserted_by,cas_modified,cas_modified_by) VALUES (13,55,'2021-02-17 00:31:53','ds2020',NULL,NULL);
INSERT INTO t_cast (xcas_mov_id,xcas_pro_id,cas_inserted,cas_inserted_by,cas_modified,cas_modified_by) VALUES (13,56,'2021-02-17 00:31:53','ds2020',NULL,NULL);
INSERT INTO t_cast (xcas_mov_id,xcas_pro_id,cas_inserted,cas_inserted_by,cas_modified,cas_modified_by) VALUES (13,90,'2021-02-17 00:31:53','ds2020',NULL,NULL);
INSERT INTO t_cast (xcas_mov_id,xcas_pro_id,cas_inserted,cas_inserted_by,cas_modified,cas_modified_by) VALUES (13,57,'2021-02-17 00:31:53','ds2020',NULL,NULL);
INSERT INTO t_cast (xcas_mov_id,xcas_pro_id,cas_inserted,cas_inserted_by,cas_modified,cas_modified_by) VALUES (14,91,'2021-02-17 00:31:53','ds2020',NULL,NULL);
INSERT INTO t_cast (xcas_mov_id,xcas_pro_id,cas_inserted,cas_inserted_by,cas_modified,cas_modified_by) VALUES (14,92,'2021-02-17 00:31:53','ds2020',NULL,NULL);
INSERT INTO t_cast (xcas_mov_id,xcas_pro_id,cas_inserted,cas_inserted_by,cas_modified,cas_modified_by) VALUES (14,93,'2021-02-17 00:31:53','ds2020',NULL,NULL);
INSERT INTO t_cast (xcas_mov_id,xcas_pro_id,cas_inserted,cas_inserted_by,cas_modified,cas_modified_by) VALUES (14,94,'2021-02-17 00:31:53','ds2020',NULL,NULL);
INSERT INTO t_cast (xcas_mov_id,xcas_pro_id,cas_inserted,cas_inserted_by,cas_modified,cas_modified_by) VALUES (14,95,'2021-02-17 00:31:53','ds2020',NULL,NULL);
INSERT INTO t_cast (xcas_mov_id,xcas_pro_id,cas_inserted,cas_inserted_by,cas_modified,cas_modified_by) VALUES (14,96,'2021-02-17 00:31:53','ds2020',NULL,NULL);
INSERT INTO t_cast (xcas_mov_id,xcas_pro_id,cas_inserted,cas_inserted_by,cas_modified,cas_modified_by) VALUES (14,97,'2021-02-17 00:31:53','ds2020',NULL,NULL);
INSERT INTO t_cast (xcas_mov_id,xcas_pro_id,cas_inserted,cas_inserted_by,cas_modified,cas_modified_by) VALUES (14,98,'2021-02-17 00:31:53','ds2020',NULL,NULL);
INSERT INTO t_cast (xcas_mov_id,xcas_pro_id,cas_inserted,cas_inserted_by,cas_modified,cas_modified_by) VALUES (14,99,'2021-02-17 00:31:53','ds2020',NULL,NULL);
INSERT INTO t_cast (xcas_mov_id,xcas_pro_id,cas_inserted,cas_inserted_by,cas_modified,cas_modified_by) VALUES (14,100,'2021-02-17 00:31:53','ds2020',NULL,NULL);
INSERT INTO t_cast (xcas_mov_id,xcas_pro_id,cas_inserted,cas_inserted_by,cas_modified,cas_modified_by) VALUES (14,101,'2021-02-17 00:31:53','ds2020',NULL,NULL);
INSERT INTO t_cast (xcas_mov_id,xcas_pro_id,cas_inserted,cas_inserted_by,cas_modified,cas_modified_by) VALUES (15,68,'2021-02-17 00:31:53','ds2020',NULL,NULL);
INSERT INTO t_cast (xcas_mov_id,xcas_pro_id,cas_inserted,cas_inserted_by,cas_modified,cas_modified_by) VALUES (15,102,'2021-02-17 00:31:53','ds2020',NULL,NULL);
INSERT INTO t_cast (xcas_mov_id,xcas_pro_id,cas_inserted,cas_inserted_by,cas_modified,cas_modified_by) VALUES (15,103,'2021-02-17 00:31:53','ds2020',NULL,NULL);
INSERT INTO t_cast (xcas_mov_id,xcas_pro_id,cas_inserted,cas_inserted_by,cas_modified,cas_modified_by) VALUES (15,104,'2021-02-17 00:31:53','ds2020',NULL,NULL);
INSERT INTO t_cast (xcas_mov_id,xcas_pro_id,cas_inserted,cas_inserted_by,cas_modified,cas_modified_by) VALUES (15,105,'2021-02-17 00:31:53','ds2020',NULL,NULL);
INSERT INTO t_cast (xcas_mov_id,xcas_pro_id,cas_inserted,cas_inserted_by,cas_modified,cas_modified_by) VALUES (15,106,'2021-02-17 00:31:53','ds2020',NULL,NULL);
INSERT INTO t_cast (xcas_mov_id,xcas_pro_id,cas_inserted,cas_inserted_by,cas_modified,cas_modified_by) VALUES (15,107,'2021-02-17 00:31:53','ds2020',NULL,NULL);
INSERT INTO t_cast (xcas_mov_id,xcas_pro_id,cas_inserted,cas_inserted_by,cas_modified,cas_modified_by) VALUES (15,108,'2021-02-17 00:31:53','ds2020',NULL,NULL);
INSERT INTO t_cast (xcas_mov_id,xcas_pro_id,cas_inserted,cas_inserted_by,cas_modified,cas_modified_by) VALUES (16,109,'2021-02-17 00:31:53','ds2020',NULL,NULL);
INSERT INTO t_cast (xcas_mov_id,xcas_pro_id,cas_inserted,cas_inserted_by,cas_modified,cas_modified_by) VALUES (16,110,'2021-02-17 00:31:53','ds2020',NULL,NULL);
INSERT INTO t_cast (xcas_mov_id,xcas_pro_id,cas_inserted,cas_inserted_by,cas_modified,cas_modified_by) VALUES (16,111,'2021-02-17 00:31:53','ds2020',NULL,NULL);
INSERT INTO t_cast (xcas_mov_id,xcas_pro_id,cas_inserted,cas_inserted_by,cas_modified,cas_modified_by) VALUES (16,112,'2021-02-17 00:31:53','ds2020',NULL,NULL);
INSERT INTO t_cast (xcas_mov_id,xcas_pro_id,cas_inserted,cas_inserted_by,cas_modified,cas_modified_by) VALUES (16,113,'2021-02-17 00:31:53','ds2020',NULL,NULL);
INSERT INTO t_cast (xcas_mov_id,xcas_pro_id,cas_inserted,cas_inserted_by,cas_modified,cas_modified_by) VALUES (16,114,'2021-02-17 00:31:53','ds2020',NULL,NULL);
INSERT INTO t_cast (xcas_mov_id,xcas_pro_id,cas_inserted,cas_inserted_by,cas_modified,cas_modified_by) VALUES (16,115,'2021-02-17 00:31:53','ds2020',NULL,NULL);
INSERT INTO t_cast (xcas_mov_id,xcas_pro_id,cas_inserted,cas_inserted_by,cas_modified,cas_modified_by) VALUES (16,116,'2021-02-17 00:31:53','ds2020',NULL,NULL);
INSERT INTO t_cast (xcas_mov_id,xcas_pro_id,cas_inserted,cas_inserted_by,cas_modified,cas_modified_by) VALUES (16,43,'2021-02-17 00:31:53','ds2020',NULL,NULL);
INSERT INTO t_cast (xcas_mov_id,xcas_pro_id,cas_inserted,cas_inserted_by,cas_modified,cas_modified_by) VALUES (16,117,'2021-02-17 00:31:53','ds2020',NULL,NULL);
INSERT INTO t_cast (xcas_mov_id,xcas_pro_id,cas_inserted,cas_inserted_by,cas_modified,cas_modified_by) VALUES (17,109,'2021-02-17 00:31:53','ds2020',NULL,NULL);
INSERT INTO t_cast (xcas_mov_id,xcas_pro_id,cas_inserted,cas_inserted_by,cas_modified,cas_modified_by) VALUES (17,110,'2021-02-17 00:31:53','ds2020',NULL,NULL);
INSERT INTO t_cast (xcas_mov_id,xcas_pro_id,cas_inserted,cas_inserted_by,cas_modified,cas_modified_by) VALUES (17,111,'2021-02-17 00:31:53','ds2020',NULL,NULL);
INSERT INTO t_cast (xcas_mov_id,xcas_pro_id,cas_inserted,cas_inserted_by,cas_modified,cas_modified_by) VALUES (17,112,'2021-02-17 00:31:53','ds2020',NULL,NULL);
INSERT INTO t_cast (xcas_mov_id,xcas_pro_id,cas_inserted,cas_inserted_by,cas_modified,cas_modified_by) VALUES (17,113,'2021-02-17 00:31:53','ds2020',NULL,NULL);
INSERT INTO t_cast (xcas_mov_id,xcas_pro_id,cas_inserted,cas_inserted_by,cas_modified,cas_modified_by) VALUES (17,114,'2021-02-17 00:31:53','ds2020',NULL,NULL);
INSERT INTO t_cast (xcas_mov_id,xcas_pro_id,cas_inserted,cas_inserted_by,cas_modified,cas_modified_by) VALUES (17,115,'2021-02-17 00:31:53','ds2020',NULL,NULL);
INSERT INTO t_cast (xcas_mov_id,xcas_pro_id,cas_inserted,cas_inserted_by,cas_modified,cas_modified_by) VALUES (17,116,'2021-02-17 00:31:53','ds2020',NULL,NULL);
INSERT INTO t_cast (xcas_mov_id,xcas_pro_id,cas_inserted,cas_inserted_by,cas_modified,cas_modified_by) VALUES (17,43,'2021-02-17 00:31:53','ds2020',NULL,NULL);
INSERT INTO t_cast (xcas_mov_id,xcas_pro_id,cas_inserted,cas_inserted_by,cas_modified,cas_modified_by) VALUES (17,117,'2021-02-17 00:31:53','ds2020',NULL,NULL);
INSERT INTO t_cast (xcas_mov_id,xcas_pro_id,cas_inserted,cas_inserted_by,cas_modified,cas_modified_by) VALUES (18,118,'2021-02-17 00:31:53','ds2020',NULL,NULL);
INSERT INTO t_cast (xcas_mov_id,xcas_pro_id,cas_inserted,cas_inserted_by,cas_modified,cas_modified_by) VALUES (18,119,'2021-02-17 00:31:53','ds2020',NULL,NULL);
INSERT INTO t_cast (xcas_mov_id,xcas_pro_id,cas_inserted,cas_inserted_by,cas_modified,cas_modified_by) VALUES (18,120,'2021-02-17 00:31:53','ds2020',NULL,NULL);
INSERT INTO t_cast (xcas_mov_id,xcas_pro_id,cas_inserted,cas_inserted_by,cas_modified,cas_modified_by) VALUES (18,121,'2021-02-17 00:31:53','ds2020',NULL,NULL);
INSERT INTO t_cast (xcas_mov_id,xcas_pro_id,cas_inserted,cas_inserted_by,cas_modified,cas_modified_by) VALUES (18,122,'2021-02-17 00:31:53','ds2020',NULL,NULL);
INSERT INTO t_cast (xcas_mov_id,xcas_pro_id,cas_inserted,cas_inserted_by,cas_modified,cas_modified_by) VALUES (18,123,'2021-02-17 00:31:53','ds2020',NULL,NULL);
INSERT INTO t_cast (xcas_mov_id,xcas_pro_id,cas_inserted,cas_inserted_by,cas_modified,cas_modified_by) VALUES (18,124,'2021-02-17 00:31:53','ds2020',NULL,NULL);
INSERT INTO t_cast (xcas_mov_id,xcas_pro_id,cas_inserted,cas_inserted_by,cas_modified,cas_modified_by) VALUES (18,125,'2021-02-17 00:31:53','ds2020',NULL,NULL);
INSERT INTO t_cast (xcas_mov_id,xcas_pro_id,cas_inserted,cas_inserted_by,cas_modified,cas_modified_by) VALUES (18,126,'2021-02-17 00:31:53','ds2020',NULL,NULL);
INSERT INTO t_cast (xcas_mov_id,xcas_pro_id,cas_inserted,cas_inserted_by,cas_modified,cas_modified_by) VALUES (18,43,'2021-02-17 00:31:53','ds2020',NULL,NULL);
INSERT INTO t_cast (xcas_mov_id,xcas_pro_id,cas_inserted,cas_inserted_by,cas_modified,cas_modified_by) VALUES (19,22,'2021-02-17 00:31:53','ds2020',NULL,NULL);
INSERT INTO t_cast (xcas_mov_id,xcas_pro_id,cas_inserted,cas_inserted_by,cas_modified,cas_modified_by) VALUES (19,127,'2021-02-17 00:31:53','ds2020',NULL,NULL);
INSERT INTO t_cast (xcas_mov_id,xcas_pro_id,cas_inserted,cas_inserted_by,cas_modified,cas_modified_by) VALUES (19,128,'2021-02-17 00:31:53','ds2020',NULL,NULL);
INSERT INTO t_cast (xcas_mov_id,xcas_pro_id,cas_inserted,cas_inserted_by,cas_modified,cas_modified_by) VALUES (19,129,'2021-02-17 00:31:53','ds2020',NULL,NULL);
INSERT INTO t_cast (xcas_mov_id,xcas_pro_id,cas_inserted,cas_inserted_by,cas_modified,cas_modified_by) VALUES (19,130,'2021-02-17 00:31:53','ds2020',NULL,NULL);
INSERT INTO t_cast (xcas_mov_id,xcas_pro_id,cas_inserted,cas_inserted_by,cas_modified,cas_modified_by) VALUES (19,131,'2021-02-17 00:31:53','ds2020',NULL,NULL);
INSERT INTO t_cast (xcas_mov_id,xcas_pro_id,cas_inserted,cas_inserted_by,cas_modified,cas_modified_by) VALUES (19,132,'2021-02-17 00:31:53','ds2020',NULL,NULL);
INSERT INTO t_cast (xcas_mov_id,xcas_pro_id,cas_inserted,cas_inserted_by,cas_modified,cas_modified_by) VALUES (19,133,'2021-02-17 00:31:53','ds2020',NULL,NULL);
INSERT INTO t_cast (xcas_mov_id,xcas_pro_id,cas_inserted,cas_inserted_by,cas_modified,cas_modified_by) VALUES (19,134,'2021-02-17 00:31:53','ds2020',NULL,NULL);
INSERT INTO t_cast (xcas_mov_id,xcas_pro_id,cas_inserted,cas_inserted_by,cas_modified,cas_modified_by) VALUES (19,135,'2021-02-17 00:31:53','ds2020',NULL,NULL);
INSERT INTO t_cast (xcas_mov_id,xcas_pro_id,cas_inserted,cas_inserted_by,cas_modified,cas_modified_by) VALUES (20,136,'2021-02-17 00:31:53','ds2020',NULL,NULL);
INSERT INTO t_cast (xcas_mov_id,xcas_pro_id,cas_inserted,cas_inserted_by,cas_modified,cas_modified_by) VALUES (20,137,'2021-02-17 00:31:53','ds2020',NULL,NULL);
INSERT INTO t_cast (xcas_mov_id,xcas_pro_id,cas_inserted,cas_inserted_by,cas_modified,cas_modified_by) VALUES (20,138,'2021-02-17 00:31:53','ds2020',NULL,NULL);
INSERT INTO t_cast (xcas_mov_id,xcas_pro_id,cas_inserted,cas_inserted_by,cas_modified,cas_modified_by) VALUES (20,139,'2021-02-17 00:31:53','ds2020',NULL,NULL);
INSERT INTO t_cast (xcas_mov_id,xcas_pro_id,cas_inserted,cas_inserted_by,cas_modified,cas_modified_by) VALUES (20,140,'2021-02-17 00:31:53','ds2020',NULL,NULL);
INSERT INTO t_cast (xcas_mov_id,xcas_pro_id,cas_inserted,cas_inserted_by,cas_modified,cas_modified_by) VALUES (20,141,'2021-02-17 00:31:53','ds2020',NULL,NULL);
INSERT INTO t_cast (xcas_mov_id,xcas_pro_id,cas_inserted,cas_inserted_by,cas_modified,cas_modified_by) VALUES (20,142,'2021-02-17 00:31:53','ds2020',NULL,NULL);
INSERT INTO t_cast (xcas_mov_id,xcas_pro_id,cas_inserted,cas_inserted_by,cas_modified,cas_modified_by) VALUES (20,143,'2021-02-17 00:31:53','ds2020',NULL,NULL);
INSERT INTO t_cast (xcas_mov_id,xcas_pro_id,cas_inserted,cas_inserted_by,cas_modified,cas_modified_by) VALUES (20,144,'2021-02-17 00:31:53','ds2020',NULL,NULL);
INSERT INTO t_cast (xcas_mov_id,xcas_pro_id,cas_inserted,cas_inserted_by,cas_modified,cas_modified_by) VALUES (21,145,'2021-02-17 00:31:53','ds2020',NULL,NULL);
INSERT INTO t_cast (xcas_mov_id,xcas_pro_id,cas_inserted,cas_inserted_by,cas_modified,cas_modified_by) VALUES (21,146,'2021-02-17 00:31:53','ds2020',NULL,NULL);
INSERT INTO t_cast (xcas_mov_id,xcas_pro_id,cas_inserted,cas_inserted_by,cas_modified,cas_modified_by) VALUES (21,147,'2021-02-17 00:31:53','ds2020',NULL,NULL);
INSERT INTO t_cast (xcas_mov_id,xcas_pro_id,cas_inserted,cas_inserted_by,cas_modified,cas_modified_by) VALUES (21,148,'2021-02-17 00:31:53','ds2020',NULL,NULL);
INSERT INTO t_cast (xcas_mov_id,xcas_pro_id,cas_inserted,cas_inserted_by,cas_modified,cas_modified_by) VALUES (21,149,'2021-02-17 00:31:53','ds2020',NULL,NULL);
INSERT INTO t_cast (xcas_mov_id,xcas_pro_id,cas_inserted,cas_inserted_by,cas_modified,cas_modified_by) VALUES (21,150,'2021-02-17 00:31:53','ds2020',NULL,NULL);
INSERT INTO t_cast (xcas_mov_id,xcas_pro_id,cas_inserted,cas_inserted_by,cas_modified,cas_modified_by) VALUES (21,151,'2021-02-17 00:31:53','ds2020',NULL,NULL);
INSERT INTO t_cast (xcas_mov_id,xcas_pro_id,cas_inserted,cas_inserted_by,cas_modified,cas_modified_by) VALUES (21,152,'2021-02-17 00:31:53','ds2020',NULL,NULL);
INSERT INTO t_cast (xcas_mov_id,xcas_pro_id,cas_inserted,cas_inserted_by,cas_modified,cas_modified_by) VALUES (21,153,'2021-02-17 00:31:53','ds2020',NULL,NULL);
INSERT INTO t_cast (xcas_mov_id,xcas_pro_id,cas_inserted,cas_inserted_by,cas_modified,cas_modified_by) VALUES (21,154,'2021-02-17 00:31:53','ds2020',NULL,NULL);
INSERT INTO t_cast (xcas_mov_id,xcas_pro_id,cas_inserted,cas_inserted_by,cas_modified,cas_modified_by) VALUES (21,155,'2021-02-17 00:31:53','ds2020',NULL,NULL);
INSERT INTO t_cast (xcas_mov_id,xcas_pro_id,cas_inserted,cas_inserted_by,cas_modified,cas_modified_by) VALUES (21,156,'2021-02-17 00:31:53','ds2020',NULL,NULL);
INSERT INTO t_cast (xcas_mov_id,xcas_pro_id,cas_inserted,cas_inserted_by,cas_modified,cas_modified_by) VALUES (21,157,'2021-02-17 00:31:53','ds2020',NULL,NULL);




