-- c_country definition

-- Drop table

-- DROP TABLE c_country;

CREATE TABLE c_country (
	cou_id bpchar(3) NOT NULL,
	cou_name varchar(100) NOT NULL,
	cou_inserted timestamp NOT NULL DEFAULT now(),
	cou_inserted_by text NOT NULL DEFAULT SESSION_USER,
	cou_modified timestamp NULL,
	cou_modified_by text NULL,
	CONSTRAINT c_country_pk PRIMARY KEY (cou_id)
);


-- c_pozicia definition

-- Drop table

-- DROP TABLE c_pozicia;

CREATE TABLE c_pozicia (
	poz_id bpchar(1) NOT NULL,
	poz_nazov text NOT NULL,
	poz_inserted timestamp NOT NULL DEFAULT now(),
	poz_inserted_by text NOT NULL DEFAULT SESSION_USER,
	poz_modified timestamp NULL,
	poz_modified_by text NULL,
	CONSTRAINT c_pozicia_pk PRIMARY KEY (poz_id),
	CONSTRAINT c_pozicia_un UNIQUE (poz_nazov)
);


-- c_trest_typ definition

-- Drop table

-- DROP TABLE c_trest_typ;

CREATE TABLE c_trest_typ (
	trt_id serial NOT NULL,
	trt_nazov text NOT NULL,
	trt_inserted timestamp NOT NULL DEFAULT now(),
	trt_inserted_by text NOT NULL DEFAULT SESSION_USER,
	trt_modified timestamp NULL,
	trt_modified_by text NULL,
	CONSTRAINT c_trest_typ_pk PRIMARY KEY (trt_id)
);


-- c_zapas_typ definition

-- Drop table

-- DROP TABLE c_zapas_typ;

CREATE TABLE c_zapas_typ (
	zat_id bpchar(3) NOT NULL,
	zat_nazov text NOT NULL,
	zat_inserted timestamp NOT NULL DEFAULT now(),
	zat_inserted_by text NOT NULL DEFAULT SESSION_USER,
	zat_modified timestamp NULL,
	zat_modified_by text NULL,
	CONSTRAINT c_zapas_typ_pk PRIMARY KEY (zat_id)
);


-- c_city definition

-- Drop table

-- DROP TABLE c_city;

CREATE TABLE c_city (
	cit_id serial NOT NULL,
	cit_name varchar(100) NOT NULL,
	cit_inserted timestamp NOT NULL DEFAULT now(),
	cit_inserted_by text NOT NULL DEFAULT SESSION_USER,
	cit_modified text NULL,
	cit_modified_by text NULL,
	xcit_cou_id bpchar(3) NOT NULL,
	CONSTRAINT c_city_pk PRIMARY KEY (cit_id),
	CONSTRAINT c_city_un UNIQUE (cit_name),
	CONSTRAINT fk_country FOREIGN KEY (xcit_cou_id) REFERENCES c_country(cou_id) MATCH FULL
);


-- t_hrac definition

-- Drop table

-- DROP TABLE t_hrac;

CREATE TABLE t_hrac (
	hra_id serial NOT NULL,
	hra_meno text NULL,
	hra_priezvisko text NOT NULL,
	hra_vyska int2 NOT NULL,
	hra_hmotnost int2 NOT NULL,
	hra_narodeny date NOT NULL,
	hra_poznamka text NULL,
	xhra_cou_id bpchar(3) NOT NULL,
	hra_inserted timestamp NOT NULL DEFAULT now(),
	hra_inserted_by text NOT NULL DEFAULT SESSION_USER,
	hra_modified timestamp NULL,
	hra_modified_by text NULL,
	CONSTRAINT t_hrac_pk PRIMARY KEY (hra_id),
	CONSTRAINT fk_country FOREIGN KEY (xhra_cou_id) REFERENCES c_country(cou_id) MATCH FULL
);


-- t_klub definition

-- Drop table

-- DROP TABLE t_klub;

CREATE TABLE t_klub (
	klu_id serial NOT NULL,
	klu_nazov text NOT NULL,
	xklu_cit_id int4 NOT NULL,
	klu_inserted timestamp NOT NULL DEFAULT now(),
	klu_inserted_by text NOT NULL DEFAULT SESSION_USER,
	klu_modified timestamp NULL,
	klu_modified_by text NULL,
	CONSTRAINT t_klub_pk PRIMARY KEY (klu_id),
	CONSTRAINT t_klub_un UNIQUE (klu_nazov),
	CONSTRAINT fk_city FOREIGN KEY (xklu_cit_id) REFERENCES c_city(cit_id) MATCH FULL
);


-- t_rok definition

-- Drop table

-- DROP TABLE t_rok;

CREATE TABLE t_rok (
	rok_id int2 NOT NULL,
	rok_od date NOT NULL,
	rok_do date NOT NULL,
	xrok_cit_id1 int4 NOT NULL,
	xrok_cit_id2 int4 NOT NULL,
	rok_inserted timestamp NOT NULL DEFAULT now(),
	rok_inserted_by text NOT NULL DEFAULT SESSION_USER,
	rok_modified timestamp NULL,
	rok_modified_by text NULL,
	CONSTRAINT t_rok_pk PRIMARY KEY (rok_id),
	CONSTRAINT "FK_CITY1" FOREIGN KEY (xrok_cit_id1) REFERENCES c_city(cit_id) MATCH FULL,
	CONSTRAINT "FK_CITY2" FOREIGN KEY (xrok_cit_id2) REFERENCES c_city(cit_id) MATCH FULL
);


-- t_skupina definition

-- Drop table

-- DROP TABLE t_skupina;

CREATE TABLE t_skupina (
	sku_id serial NOT NULL,
	sku_nazov bpchar(1) NOT NULL,
	xsku_rok_id int2 NOT NULL,
	xsku_cou_id bpchar(3) NOT NULL,
	sku_inserted timestamp NOT NULL DEFAULT now(),
	sku_inserted_by text NOT NULL DEFAULT SESSION_USER,
	sku_modified timestamp NULL,
	sku_modified_by text NULL,
	CONSTRAINT "UK_SKUPINA_ROK" UNIQUE (sku_nazov, xsku_rok_id, xsku_cou_id),
	CONSTRAINT t_skupina_pk PRIMARY KEY (sku_id),
	CONSTRAINT fk_country FOREIGN KEY (xsku_cou_id) REFERENCES c_country(cou_id) MATCH FULL,
	CONSTRAINT fk_rok FOREIGN KEY (xsku_rok_id) REFERENCES t_rok(rok_id) MATCH FULL
);


-- t_supiska definition

-- Drop table

-- DROP TABLE t_supiska;

CREATE TABLE t_supiska (
	sup_id serial NOT NULL,
	xsup_rok_id int2 NOT NULL,
	sup_cislo int2 NOT NULL,
	xsup_pozicia_id bpchar(1) NOT NULL,
	sup_inserted timestamp NOT NULL DEFAULT now(),
	sup_inserted_by text NOT NULL DEFAULT SESSION_USER,
	sup_modified timestamp NULL,
	sup_modified_by text NULL,
	xsup_hra_id int4 NOT NULL,
	xsup_cou_id bpchar(3) NOT NULL,
	CONSTRAINT fk_hrac_rok UNIQUE (xsup_hra_id, xsup_rok_id),
	CONSTRAINT t_supiska_pk PRIMARY KEY (sup_id),
	CONSTRAINT fk_hrac FOREIGN KEY (xsup_hra_id) REFERENCES t_hrac(hra_id) MATCH FULL,
	CONSTRAINT fk_pozicia FOREIGN KEY (xsup_pozicia_id) REFERENCES c_pozicia(poz_id) MATCH FULL,
	CONSTRAINT fk_rok FOREIGN KEY (xsup_rok_id) REFERENCES t_rok(rok_id) MATCH FULL,
	CONSTRAINT t_supiska_fk FOREIGN KEY (xsup_cou_id) REFERENCES c_country(cou_id) ON DELETE CASCADE
);


-- t_zapas definition

-- Drop table

-- DROP TABLE t_zapas;

CREATE TABLE t_zapas (
	zap_id serial NOT NULL,
	zap_datum timestamp NOT NULL,
	xzap_cou_id1 bpchar(3) NOT NULL,
	zap_stav_cou_id1 int2 NULL,
	xzap_cou_id2 bpchar(3) NOT NULL,
	zap_stav_cou_id2 int2 NULL,
	xzap_cit_id int4 NOT NULL,
	xzap_rok_id int2 NOT NULL,
	zap_inserted timestamp NOT NULL DEFAULT now(),
	zap_inserted_by text NOT NULL DEFAULT SESSION_USER,
	zap_modified timestamp NULL,
	zap_modified_by text NULL,
	xzap_zat_id bpchar(3) NOT NULL,
	CONSTRAINT t_zapas_pk PRIMARY KEY (zap_id),
	CONSTRAINT fk_city FOREIGN KEY (xzap_cit_id) REFERENCES c_city(cit_id) MATCH FULL,
	CONSTRAINT fk_country1 FOREIGN KEY (xzap_cou_id1) REFERENCES c_country(cou_id) MATCH FULL,
	CONSTRAINT fk_country2 FOREIGN KEY (xzap_cou_id2) REFERENCES c_country(cou_id) MATCH FULL,
	CONSTRAINT fk_rok FOREIGN KEY (xzap_rok_id) REFERENCES t_rok(rok_id) MATCH FULL,
	CONSTRAINT fk_zapas_typ FOREIGN KEY (xzap_zat_id) REFERENCES c_zapas_typ(zat_id) MATCH FULL
);


-- t_gol definition

-- Drop table

-- DROP TABLE t_gol;

CREATE TABLE t_gol (
	gol_id serial NOT NULL,
	xgol_cou_id bpchar(3) NOT NULL,
	gol_cas int2 NOT NULL,
	xgol_zap_id int4 NOT NULL,
	xgol_hra_id1 int4 NOT NULL,
	xgol_hra_id2 int4 NOT NULL,
	gol_inserted timestamp NOT NULL DEFAULT now(),
	gol_inserted_by text NOT NULL DEFAULT SESSION_USER,
	gol_modified timestamp NULL,
	gol_modified_by text NULL,
	CONSTRAINT t_gol_pk PRIMARY KEY (gol_id),
	CONSTRAINT fk_country FOREIGN KEY (xgol_cou_id) REFERENCES c_country(cou_id) MATCH FULL,
	CONSTRAINT fk_hrac1 FOREIGN KEY (xgol_hra_id1) REFERENCES t_hrac(hra_id) MATCH FULL,
	CONSTRAINT fk_hrac2 FOREIGN KEY (xgol_hra_id2) REFERENCES t_hrac(hra_id) MATCH FULL,
	CONSTRAINT fk_zapas FOREIGN KEY (xgol_zap_id) REFERENCES t_zapas(zap_id) MATCH FULL
);


-- t_hrac_klub definition

-- Drop table

-- DROP TABLE t_hrac_klub;

CREATE TABLE t_hrac_klub (
	hrk_id serial NOT NULL,
	hrk_od date NOT NULL,
	hrk_do date NULL,
	xhrk_hra_id int4 NOT NULL,
	xhrk_klu_id int4 NOT NULL,
	hrk_inserted timestamp NOT NULL DEFAULT now(),
	hrk_inserted_by text NOT NULL DEFAULT SESSION_USER,
	hrk_modified timestamp NULL,
	hrk_modified_by text NULL,
	CONSTRAINT t_hrac_klub_pk PRIMARY KEY (hrk_id),
	CONSTRAINT fk_hrac FOREIGN KEY (xhrk_hra_id) REFERENCES t_hrac(hra_id) MATCH FULL,
	CONSTRAINT fk_klub FOREIGN KEY (xhrk_klu_id) REFERENCES t_klub(klu_id) MATCH FULL
);


-- t_na_lade definition

-- Drop table

-- DROP TABLE t_na_lade;

CREATE TABLE t_na_lade (
	nal_id serial NOT NULL,
	xnal_hra_id serial NOT NULL,
	xnal_gol_id serial NOT NULL,
	nal_inserted timestamp NOT NULL DEFAULT now(),
	nal_inserted_by text NOT NULL DEFAULT SESSION_USER,
	nal_modified timestamp NULL,
	nal_modified_by text NULL,
	CONSTRAINT t_na_lade_pk PRIMARY KEY (nal_id),
	CONSTRAINT uk_hrac_gol UNIQUE (xnal_hra_id, xnal_gol_id),
	CONSTRAINT fk_gol FOREIGN KEY (xnal_gol_id) REFERENCES t_gol(gol_id) MATCH FULL,
	CONSTRAINT fk_hrac FOREIGN KEY (xnal_hra_id) REFERENCES t_hrac(hra_id) MATCH FULL
);


-- t_trest definition

-- Drop table

-- DROP TABLE t_trest;

CREATE TABLE t_trest (
	tre_id serial NOT NULL,
	xtre_zap_id int4 NOT NULL,
	xtre_hra_id int4 NOT NULL,
	xtre_trt_id int4 NOT NULL,
	tre_cas int2 NOT NULL,
	tre_dlzka_trestu int2 NOT NULL,
	tre_inserted timestamp NOT NULL DEFAULT now(),
	tre_inserted_by text NOT NULL DEFAULT SESSION_USER,
	tre_modified timestamp NULL,
	tre_modified_by text NULL,
	CONSTRAINT t_trest_pk PRIMARY KEY (tre_id),
	CONSTRAINT fk_hrac FOREIGN KEY (xtre_hra_id) REFERENCES t_hrac(hra_id) MATCH FULL,
	CONSTRAINT fk_zapas FOREIGN KEY (xtre_zap_id) REFERENCES t_zapas(zap_id) MATCH FULL,
	CONSTRAINT ft_trest_typ FOREIGN KEY (xtre_trt_id) REFERENCES c_trest_typ(trt_id) MATCH FULL
);

INSERT INTO c_country (cou_id,cou_name,cou_inserted,cou_inserted_by,cou_modified,cou_modified_by) VALUES ('FIN','Finland','2021-03-04 16:18:01.668582','ds2020',NULL,NULL);
INSERT INTO c_country (cou_id,cou_name,cou_inserted,cou_inserted_by,cou_modified,cou_modified_by) VALUES ('CAN','Canada','2021-03-04 16:26:39.227202','ds2020',NULL,NULL);
INSERT INTO c_country (cou_id,cou_name,cou_inserted,cou_inserted_by,cou_modified,cou_modified_by) VALUES ('CZE','Czech Republic','2021-03-04 16:26:45.728284','ds2020',NULL,NULL);
INSERT INTO c_country (cou_id,cou_name,cou_inserted,cou_inserted_by,cou_modified,cou_modified_by) VALUES ('SWE','Sweden','2021-03-04 16:27:17.293641','ds2020',NULL,NULL);
INSERT INTO c_country (cou_id,cou_name,cou_inserted,cou_inserted_by,cou_modified,cou_modified_by) VALUES ('GER','Germany','2021-03-04 16:27:53.923459','ds2020',NULL,NULL);
INSERT INTO c_country (cou_id,cou_name,cou_inserted,cou_inserted_by,cou_modified,cou_modified_by) VALUES ('USA','United States','2021-03-04 16:28:57.038628','ds2020',NULL,NULL);
INSERT INTO c_country (cou_id,cou_name,cou_inserted,cou_inserted_by,cou_modified,cou_modified_by) VALUES ('SUI','Switzerland','2021-03-04 16:29:57.330362','ds2020',NULL,NULL);
INSERT INTO c_country (cou_id,cou_name,cou_inserted,cou_inserted_by,cou_modified,cou_modified_by) VALUES ('SVK','Slovakia','2021-03-04 16:30:21.2597','ds2020',NULL,NULL);
INSERT INTO c_country (cou_id,cou_name,cou_inserted,cou_inserted_by,cou_modified,cou_modified_by) VALUES ('LAT','Latvia','2021-03-04 16:30:36.912943','ds2020',NULL,NULL);
INSERT INTO c_country (cou_id,cou_name,cou_inserted,cou_inserted_by,cou_modified,cou_modified_by) VALUES ('DEN','Denmark','2021-03-04 16:31:02.874556','ds2020',NULL,NULL);
INSERT INTO c_country (cou_id,cou_name,cou_inserted,cou_inserted_by,cou_modified,cou_modified_by) VALUES ('NOR','Norway','2021-03-04 16:31:22.963143','ds2020',NULL,NULL);
INSERT INTO c_country (cou_id,cou_name,cou_inserted,cou_inserted_by,cou_modified,cou_modified_by) VALUES ('GBR','Great Britain','2021-03-04 16:32:48.903133','ds2020',NULL,NULL);
INSERT INTO c_country (cou_id,cou_name,cou_inserted,cou_inserted_by,cou_modified,cou_modified_by) VALUES ('FRA','France','2021-03-04 16:33:22.221825','ds2020',NULL,NULL);
INSERT INTO c_country (cou_id,cou_name,cou_inserted,cou_inserted_by,cou_modified,cou_modified_by) VALUES ('AUT','Austria','2021-03-04 16:33:37.741995','ds2020',NULL,NULL);
INSERT INTO c_country (cou_id,cou_name,cou_inserted,cou_inserted_by,cou_modified,cou_modified_by) VALUES ('RUS','Russia','2021-03-04 16:34:22.614157','ds2020',NULL,NULL);
INSERT INTO c_country (cou_id,cou_name,cou_inserted,cou_inserted_by,cou_modified,cou_modified_by) VALUES ('ITA','Italy','2021-03-04 16:34:53.422201','ds2020',NULL,NULL);


INSERT INTO c_city (cit_id,cit_name,cit_inserted,cit_inserted_by,cit_modified,cit_modified_by,xcit_cou_id) VALUES (1,'Brno','2021-03-04 17:30:24.116166','ds2020',NULL,NULL,'CZE');
INSERT INTO c_city (cit_id,cit_name,cit_inserted,cit_inserted_by,cit_modified,cit_modified_by,xcit_cou_id) VALUES (2,'Edmonton','2021-03-04 17:51:58.818274','ds2020',NULL,NULL,'CAN');
INSERT INTO c_city (cit_id,cit_name,cit_inserted,cit_inserted_by,cit_modified,cit_modified_by,xcit_cou_id) VALUES (3,'Dallas','2021-03-04 17:59:18.167532','ds2020',NULL,NULL,'USA');
INSERT INTO c_city (cit_id,cit_name,cit_inserted,cit_inserted_by,cit_modified,cit_modified_by,xcit_cou_id) VALUES (4,'Jonkpping','2021-03-04 18:06:21.007608','ds2020',NULL,NULL,'SWE');
INSERT INTO c_city (cit_id,cit_name,cit_inserted,cit_inserted_by,cit_modified,cit_modified_by,xcit_cou_id) VALUES (5,'Washington','2021-03-04 18:07:28.833005','ds2020',NULL,NULL,'USA');
INSERT INTO c_city (cit_id,cit_name,cit_inserted,cit_inserted_by,cit_modified,cit_modified_by,xcit_cou_id) VALUES (6,'Toronto','2021-03-04 18:14:18.015785','ds2020',NULL,NULL,'CAN');
INSERT INTO c_city (cit_id,cit_name,cit_inserted,cit_inserted_by,cit_modified,cit_modified_by,xcit_cou_id) VALUES (7,'Winnipeg','2021-03-04 18:20:14.576884','ds2020',NULL,NULL,'CAN');
INSERT INTO c_city (cit_id,cit_name,cit_inserted,cit_inserted_by,cit_modified,cit_modified_by,xcit_cou_id) VALUES (8,'Košice','2021-03-04 18:25:43.236892','ds2020',NULL,NULL,'SVK');
INSERT INTO c_city (cit_id,cit_name,cit_inserted,cit_inserted_by,cit_modified,cit_modified_by,xcit_cou_id) VALUES (9,'Moskva','2021-03-04 18:28:18.798698','ds2020',NULL,NULL,'RUS');
INSERT INTO c_city (cit_id,cit_name,cit_inserted,cit_inserted_by,cit_modified,cit_modified_by,xcit_cou_id) VALUES (10,'Poprad','2021-03-04 18:34:41.174822','ds2020',NULL,NULL,'SVK');
INSERT INTO c_city (cit_id,cit_name,cit_inserted,cit_inserted_by,cit_modified,cit_modified_by,xcit_cou_id) VALUES (11,'Oulu','2021-03-04 18:36:35.617042','ds2020',NULL,NULL,'FIN');
INSERT INTO c_city (cit_id,cit_name,cit_inserted,cit_inserted_by,cit_modified,cit_modified_by,xcit_cou_id) VALUES (12,'Phoenix','2021-03-04 18:39:20.204834','ds2020',NULL,NULL,'USA');
INSERT INTO c_city (cit_id,cit_name,cit_inserted,cit_inserted_by,cit_modified,cit_modified_by,xcit_cou_id) VALUES (13,'Nitra','2021-03-04 18:40:48.408006','ds2020',NULL,NULL,'SVK');
INSERT INTO c_city (cit_id,cit_name,cit_inserted,cit_inserted_by,cit_modified,cit_modified_by,xcit_cou_id) VALUES (14,'Bratislava','2021-03-04 18:42:20.098712','ds2020',NULL,NULL,'SVK');
INSERT INTO c_city (cit_id,cit_name,cit_inserted,cit_inserted_by,cit_modified,cit_modified_by,xcit_cou_id) VALUES (15,'Banská Bystrica','2021-03-04 18:45:12.800097','ds2020',NULL,NULL,'SVK');
INSERT INTO c_city (cit_id,cit_name,cit_inserted,cit_inserted_by,cit_modified,cit_modified_by,xcit_cou_id) VALUES (16,'Liberec','2021-03-04 19:23:43.389875','ds2020',NULL,NULL,'CZE');
INSERT INTO c_city (cit_id,cit_name,cit_inserted,cit_inserted_by,cit_modified,cit_modified_by,xcit_cou_id) VALUES (17,'Tampa','2021-03-04 19:28:54.553366','ds2020',NULL,NULL,'USA');
INSERT INTO c_city (cit_id,cit_name,cit_inserted,cit_inserted_by,cit_modified,cit_modified_by,xcit_cou_id) VALUES (18,'Ottawa','2021-03-04 19:33:06.142528','ds2020',NULL,NULL,'CAN');
INSERT INTO c_city (cit_id,cit_name,cit_inserted,cit_inserted_by,cit_modified,cit_modified_by,xcit_cou_id) VALUES (19,'Montreal','2021-03-04 19:36:28.821648','ds2020',NULL,NULL,'CAN');
INSERT INTO c_city (cit_id,cit_name,cit_inserted,cit_inserted_by,cit_modified,cit_modified_by,xcit_cou_id) VALUES (20,'Detroit','2021-03-04 19:38:04.364278','ds2020',NULL,NULL,'USA');
INSERT INTO c_city (cit_id,cit_name,cit_inserted,cit_inserted_by,cit_modified,cit_modified_by,xcit_cou_id) VALUES (21,'Binghamton','2021-03-04 20:00:11.286513','ds2020',NULL,NULL,'USA');
INSERT INTO c_city (cit_id,cit_name,cit_inserted,cit_inserted_by,cit_modified,cit_modified_by,xcit_cou_id) VALUES (22,'Kuopio','2021-03-04 20:03:49.427968','ds2020',NULL,NULL,'FIN');
INSERT INTO c_city (cit_id,cit_name,cit_inserted,cit_inserted_by,cit_modified,cit_modified_by,xcit_cou_id) VALUES (23,'Grand Rapids','2021-03-04 20:07:27.52591','ds2020',NULL,NULL,'USA');
INSERT INTO c_city (cit_id,cit_name,cit_inserted,cit_inserted_by,cit_modified,cit_modified_by,xcit_cou_id) VALUES (24,'Mora','2021-03-04 20:17:18.365143','ds2020',NULL,NULL,'SWE');
INSERT INTO c_city (cit_id,cit_name,cit_inserted,cit_inserted_by,cit_modified,cit_modified_by,xcit_cou_id) VALUES (25,'Philadelphia','2021-03-04 20:18:53.066941','ds2020',NULL,NULL,'USA');
INSERT INTO c_city (cit_id,cit_name,cit_inserted,cit_inserted_by,cit_modified,cit_modified_by,xcit_cou_id) VALUES (26,'Ritten','2021-03-04 20:23:01.797931','ds2020',NULL,NULL,'ITA');
INSERT INTO c_city (cit_id,cit_name,cit_inserted,cit_inserted_by,cit_modified,cit_modified_by,xcit_cou_id) VALUES (27,'Chicago','2021-03-04 20:24:24.681733','ds2020',NULL,NULL,'USA');
INSERT INTO c_city (cit_id,cit_name,cit_inserted,cit_inserted_by,cit_modified,cit_modified_by,xcit_cou_id) VALUES (28,'Columbus','2021-03-04 20:27:04.667859','ds2020',NULL,NULL,'USA');
INSERT INTO c_city (cit_id,cit_name,cit_inserted,cit_inserted_by,cit_modified,cit_modified_by,xcit_cou_id) VALUES (29,'Sheffield','2021-03-04 20:28:27.214077','ds2020',NULL,NULL,'GBR');
INSERT INTO c_city (cit_id,cit_name,cit_inserted,cit_inserted_by,cit_modified,cit_modified_by,xcit_cou_id) VALUES (30,'Viedeň','2021-03-05 10:57:16.148111','ds2020',NULL,NULL,'AUT');
INSERT INTO c_city (cit_id,cit_name,cit_inserted,cit_inserted_by,cit_modified,cit_modified_by,xcit_cou_id) VALUES (31,'Salzburg','2021-03-05 11:07:09.28895','ds2020',NULL,NULL,'AUT');
INSERT INTO c_city (cit_id,cit_name,cit_inserted,cit_inserted_by,cit_modified,cit_modified_by,xcit_cou_id) VALUES (32,'Mannheim','2021-03-05 11:29:03.96253','ds2020',NULL,NULL,'GER');
INSERT INTO c_city (cit_id,cit_name,cit_inserted,cit_inserted_by,cit_modified,cit_modified_by,xcit_cou_id) VALUES (33,'Bruneck','2021-03-05 11:41:48.596687','ds2020',NULL,NULL,'ITA');
INSERT INTO c_city (cit_id,cit_name,cit_inserted,cit_inserted_by,cit_modified,cit_modified_by,xcit_cou_id) VALUES (34,'Stavanger','2021-03-05 11:48:40.382352','ds2020',NULL,NULL,'NOR');
INSERT INTO c_city (cit_id,cit_name,cit_inserted,cit_inserted_by,cit_modified,cit_modified_by,xcit_cou_id) VALUES (35,'Riga','2021-03-05 12:02:57.905422','ds2020',NULL,NULL,'LAT');
INSERT INTO c_city (cit_id,cit_name,cit_inserted,cit_inserted_by,cit_modified,cit_modified_by,xcit_cou_id) VALUES (36,'Helsinki','2021-03-05 12:22:32.720484','ds2020',NULL,NULL,'FIN');
INSERT INTO c_city (cit_id,cit_name,cit_inserted,cit_inserted_by,cit_modified,cit_modified_by,xcit_cou_id) VALUES (37,'Turku','2021-03-05 12:24:33.147837','ds2020',NULL,NULL,'FIN');
INSERT INTO c_city (cit_id,cit_name,cit_inserted,cit_inserted_by,cit_modified,cit_modified_by,xcit_cou_id) VALUES (38,'Las Vegas','2021-03-05 12:26:39.884618','ds2020',NULL,NULL,'USA');
INSERT INTO c_city (cit_id,cit_name,cit_inserted,cit_inserted_by,cit_modified,cit_modified_by,xcit_cou_id) VALUES (39,'Miami','2021-03-05 14:55:42.220971','ds2020',NULL,NULL,'USA');
INSERT INTO c_city (cit_id,cit_name,cit_inserted,cit_inserted_by,cit_modified,cit_modified_by,xcit_cou_id) VALUES (40,'Calgary','2021-03-05 15:17:09.119764','ds2020',NULL,NULL,'CAN');
INSERT INTO c_city (cit_id,cit_name,cit_inserted,cit_inserted_by,cit_modified,cit_modified_by,xcit_cou_id) VALUES (41,'Denver','2021-03-05 15:31:01.265436','ds2020',NULL,NULL,'USA');
INSERT INTO c_city (cit_id,cit_name,cit_inserted,cit_inserted_by,cit_modified,cit_modified_by,xcit_cou_id) VALUES (42,'Newark','2021-03-05 15:43:51.101722','ds2020',NULL,NULL,'USA');
INSERT INTO c_city (cit_id,cit_name,cit_inserted,cit_inserted_by,cit_modified,cit_modified_by,xcit_cou_id) VALUES (43,'Nashville','2021-03-05 15:46:10.166356','ds2020',NULL,NULL,'USA');
INSERT INTO c_city (cit_id,cit_name,cit_inserted,cit_inserted_by,cit_modified,cit_modified_by,xcit_cou_id) VALUES (44,'Saint Paul','2021-03-05 15:47:56.781029','ds2020',NULL,NULL,'USA');
INSERT INTO c_city (cit_id,cit_name,cit_inserted,cit_inserted_by,cit_modified,cit_modified_by,xcit_cou_id) VALUES (45,'Bordeaux','2021-03-05 15:53:43.011466','ds2020',NULL,NULL,'FRA');
INSERT INTO c_city (cit_id,cit_name,cit_inserted,cit_inserted_by,cit_modified,cit_modified_by,xcit_cou_id) VALUES (46,'Malmo','2021-03-05 16:20:34.502373','ds2020',NULL,NULL,'SWE');
INSERT INTO c_city (cit_id,cit_name,cit_inserted,cit_inserted_by,cit_modified,cit_modified_by,xcit_cou_id) VALUES (47,'Lausanne','2021-03-06 12:10:04.420954','ds2020',NULL,NULL,'SUI');
INSERT INTO c_city (cit_id,cit_name,cit_inserted,cit_inserted_by,cit_modified,cit_modified_by,xcit_cou_id) VALUES (48,'Langnau','2021-03-06 12:32:15.826178','ds2020',NULL,NULL,'SUI');
INSERT INTO c_city (cit_id,cit_name,cit_inserted,cit_inserted_by,cit_modified,cit_modified_by,xcit_cou_id) VALUES (49,'Chabarovsk','2021-03-06 13:17:45.448394','ds2020',NULL,NULL,'RUS');
INSERT INTO c_city (cit_id,cit_name,cit_inserted,cit_inserted_by,cit_modified,cit_modified_by,xcit_cou_id) VALUES (50,'Piotta','2021-03-06 13:46:58.32129','ds2020',NULL,NULL,'SUI');
INSERT INTO c_city (cit_id,cit_name,cit_inserted,cit_inserted_by,cit_modified,cit_modified_by,xcit_cou_id) VALUES (51,'Los Angeles','2021-03-06 14:21:47.750753','ds2020',NULL,NULL,'USA');
INSERT INTO c_city (cit_id,cit_name,cit_inserted,cit_inserted_by,cit_modified,cit_modified_by,xcit_cou_id) VALUES (52,'Pittsburgh','2021-03-06 17:01:14.809225','ds2020',NULL,NULL,'USA');
INSERT INTO c_city (cit_id,cit_name,cit_inserted,cit_inserted_by,cit_modified,cit_modified_by,xcit_cou_id) VALUES (53,'Lahti','2021-03-06 17:57:06.103373','ds2020',NULL,NULL,'FIN');
INSERT INTO c_city (cit_id,cit_name,cit_inserted,cit_inserted_by,cit_modified,cit_modified_by,xcit_cou_id) VALUES (54,'Tampere','2021-03-06 22:26:58.545668','ds2020',NULL,NULL,'FIN');


INSERT INTO t_hrac (hra_id,hra_meno,hra_priezvisko,hra_vyska,hra_hmotnost,hra_narodeny,hra_poznamka,xhra_cou_id,hra_inserted,hra_inserted_by,hra_modified,hra_modified_by) VALUES (1,'Marek','Čiliak',182,90,'1990-04-02',NULL,'SVK','2021-03-04 16:50:49.876013','ds2020',NULL,NULL);
INSERT INTO t_hrac (hra_id,hra_meno,hra_priezvisko,hra_vyska,hra_hmotnost,hra_narodeny,hra_poznamka,xhra_cou_id,hra_inserted,hra_inserted_by,hra_modified,hra_modified_by) VALUES (2,'Andrej','Sekera',182,91,'1986-06-08',NULL,'SVK','2021-03-04 17:47:43.170029','ds2020',NULL,NULL);
INSERT INTO t_hrac (hra_id,hra_meno,hra_priezvisko,hra_vyska,hra_hmotnost,hra_narodeny,hra_poznamka,xhra_cou_id,hra_inserted,hra_inserted_by,hra_modified,hra_modified_by) VALUES (3,'Martin','Fehérváry',188,88,'1999-10-06',NULL,'SVK','2021-03-04 18:05:53.971363','ds2020',NULL,NULL);
INSERT INTO t_hrac (hra_id,hra_meno,hra_priezvisko,hra_vyska,hra_hmotnost,hra_narodeny,hra_poznamka,xhra_cou_id,hra_inserted,hra_inserted_by,hra_modified,hra_modified_by) VALUES (4,'Martin','Marinčin',195,95,'1992-02-18',NULL,'SVK','2021-03-04 18:10:43.365506','ds2020',NULL,NULL);
INSERT INTO t_hrac (hra_id,hra_meno,hra_priezvisko,hra_vyska,hra_hmotnost,hra_narodeny,hra_poznamka,xhra_cou_id,hra_inserted,hra_inserted_by,hra_modified,hra_modified_by) VALUES (5,'Marko','Daňo',182,96,'1994-11-30',NULL,'SVK','2021-03-04 18:17:21.412409','ds2020',NULL,NULL);
INSERT INTO t_hrac (hra_id,hra_meno,hra_priezvisko,hra_vyska,hra_hmotnost,hra_narodeny,hra_poznamka,xhra_cou_id,hra_inserted,hra_inserted_by,hra_modified,hra_modified_by) VALUES (6,'Patrik','Koch',186,86,'1996-12-08',NULL,'SVK','2021-03-04 18:24:26.265068','ds2020',NULL,NULL);
INSERT INTO t_hrac (hra_id,hra_meno,hra_priezvisko,hra_vyska,hra_hmotnost,hra_narodeny,hra_poznamka,xhra_cou_id,hra_inserted,hra_inserted_by,hra_modified,hra_modified_by) VALUES (7,'Michal','Čajkovský',192,107,'1992-05-06',NULL,'SVK','2021-03-04 18:27:27.841641','ds2020',NULL,NULL);
INSERT INTO t_hrac (hra_id,hra_meno,hra_priezvisko,hra_vyska,hra_hmotnost,hra_narodeny,hra_poznamka,xhra_cou_id,hra_inserted,hra_inserted_by,hra_modified,hra_modified_by) VALUES (8,'Dávid','Bondra',180,86,'1992-08-26',NULL,'SVK','2021-03-04 18:34:27.255886','ds2020',NULL,NULL);
INSERT INTO t_hrac (hra_id,hra_meno,hra_priezvisko,hra_vyska,hra_hmotnost,hra_narodeny,hra_poznamka,xhra_cou_id,hra_inserted,hra_inserted_by,hra_modified,hra_modified_by) VALUES (9,'Michal','Krištof',176,72,'1993-10-11',NULL,'SVK','2021-03-04 18:36:17.703322','ds2020',NULL,NULL);
INSERT INTO t_hrac (hra_id,hra_meno,hra_priezvisko,hra_vyska,hra_hmotnost,hra_narodeny,hra_poznamka,xhra_cou_id,hra_inserted,hra_inserted_by,hra_modified,hra_modified_by) VALUES (10,'Richard','Pánik',185,94,'1991-02-07',NULL,'SVK','2021-03-04 18:38:25.132885','ds2020',NULL,NULL);
INSERT INTO t_hrac (hra_id,hra_meno,hra_priezvisko,hra_vyska,hra_hmotnost,hra_narodeny,hra_poznamka,xhra_cou_id,hra_inserted,hra_inserted_by,hra_modified,hra_modified_by) VALUES (11,'Róbert','Lantoši',180,84,'1995-09-24',NULL,'SVK','2021-03-04 18:40:35.297664','ds2020',NULL,NULL);
INSERT INTO t_hrac (hra_id,hra_meno,hra_priezvisko,hra_vyska,hra_hmotnost,hra_narodeny,hra_poznamka,xhra_cou_id,hra_inserted,hra_inserted_by,hra_modified,hra_modified_by) VALUES (12,'Dávid','Buc',187,94,'1987-01-22',NULL,'SVK','2021-03-04 18:42:02.2942','ds2020',NULL,NULL);
INSERT INTO t_hrac (hra_id,hra_meno,hra_priezvisko,hra_vyska,hra_hmotnost,hra_narodeny,hra_poznamka,xhra_cou_id,hra_inserted,hra_inserted_by,hra_modified,hra_modified_by) VALUES (13,'Matúš','Sukeľ',176,78,'1996-01-23',NULL,'SVK','2021-03-04 18:43:25.996553','ds2020',NULL,NULL);
INSERT INTO t_hrac (hra_id,hra_meno,hra_priezvisko,hra_vyska,hra_hmotnost,hra_narodeny,hra_poznamka,xhra_cou_id,hra_inserted,hra_inserted_by,hra_modified,hra_modified_by) VALUES (14,'Adam','Liška',180,84,'1999-10-14',NULL,'SVK','2021-03-04 18:44:03.753936','ds2020',NULL,NULL);
INSERT INTO t_hrac (hra_id,hra_meno,hra_priezvisko,hra_vyska,hra_hmotnost,hra_narodeny,hra_poznamka,xhra_cou_id,hra_inserted,hra_inserted_by,hra_modified,hra_modified_by) VALUES (15,'Tomáš','Zigo',186,87,'1992-04-11',NULL,'SVK','2021-03-04 18:45:07.401875','ds2020',NULL,NULL);
INSERT INTO t_hrac (hra_id,hra_meno,hra_priezvisko,hra_vyska,hra_hmotnost,hra_narodeny,hra_poznamka,xhra_cou_id,hra_inserted,hra_inserted_by,hra_modified,hra_modified_by) VALUES (16,'Ladislav','Nagy',179,87,'1979-06-01',NULL,'SVK','2021-03-04 18:46:42.403581','ds2020',NULL,NULL);
INSERT INTO t_hrac (hra_id,hra_meno,hra_priezvisko,hra_vyska,hra_hmotnost,hra_narodeny,hra_poznamka,xhra_cou_id,hra_inserted,hra_inserted_by,hra_modified,hra_modified_by) VALUES (17,'Libor','Hudáček',177,80,'1990-09-07',NULL,'SVK','2021-03-04 19:22:34.908064','ds2020',NULL,NULL);
INSERT INTO t_hrac (hra_id,hra_meno,hra_priezvisko,hra_vyska,hra_hmotnost,hra_narodeny,hra_poznamka,xhra_cou_id,hra_inserted,hra_inserted_by,hra_modified,hra_modified_by) VALUES (18,'Erik','Černák',192,102,'1997-05-28',NULL,'SVK','2021-03-04 19:26:56.586542','ds2020',NULL,NULL);
INSERT INTO t_hrac (hra_id,hra_meno,hra_priezvisko,hra_vyska,hra_hmotnost,hra_narodeny,hra_poznamka,xhra_cou_id,hra_inserted,hra_inserted_by,hra_modified,hra_modified_by) VALUES (19,'Christián','Jaroš',192,95,'1996-04-02',NULL,'SVK','2021-03-04 19:32:53.853724','ds2020',NULL,NULL);
INSERT INTO t_hrac (hra_id,hra_meno,hra_priezvisko,hra_vyska,hra_hmotnost,hra_narodeny,hra_poznamka,xhra_cou_id,hra_inserted,hra_inserted_by,hra_modified,hra_modified_by) VALUES (20,'Tomáš','Tatar',179,84,'1990-12-01',NULL,'SVK','2021-03-04 19:34:55.787561','ds2020',NULL,NULL);
INSERT INTO t_hrac (hra_id,hra_meno,hra_priezvisko,hra_vyska,hra_hmotnost,hra_narodeny,hra_poznamka,xhra_cou_id,hra_inserted,hra_inserted_by,hra_modified,hra_modified_by) VALUES (21,'Marián','Studenič',185,80,'1998-10-28',NULL,'SVK','2021-03-04 19:59:18.677148','ds2020',NULL,NULL);
INSERT INTO t_hrac (hra_id,hra_meno,hra_priezvisko,hra_vyska,hra_hmotnost,hra_narodeny,hra_poznamka,xhra_cou_id,hra_inserted,hra_inserted_by,hra_modified,hra_modified_by) VALUES (22,'Denis','Godla',180,81,'1995-04-04',NULL,'SVK','2021-03-04 20:03:17.050616','ds2020',NULL,NULL);
INSERT INTO t_hrac (hra_id,hra_meno,hra_priezvisko,hra_vyska,hra_hmotnost,hra_narodeny,hra_poznamka,xhra_cou_id,hra_inserted,hra_inserted_by,hra_modified,hra_modified_by) VALUES (23,'Patrik','Rybár',190,86,'1993-11-09',NULL,'SVK','2021-03-04 20:07:03.665613','ds2020',NULL,NULL);
INSERT INTO t_hrac (hra_id,hra_meno,hra_priezvisko,hra_vyska,hra_hmotnost,hra_narodeny,hra_poznamka,xhra_cou_id,hra_inserted,hra_inserted_by,hra_modified,hra_modified_by) VALUES (25,'Marek','Ďaloga',194,86,'1989-03-10',NULL,'SVK','2021-03-04 20:14:42.440403','ds2020',NULL,NULL);
INSERT INTO t_hrac (hra_id,hra_meno,hra_priezvisko,hra_vyska,hra_hmotnost,hra_narodeny,hra_poznamka,xhra_cou_id,hra_inserted,hra_inserted_by,hra_modified,hra_modified_by) VALUES (26,'Michael','Raffl',183,91,'1988-12-01',NULL,'AUT','2021-03-04 20:18:23.784104','ds2020',NULL,NULL);
INSERT INTO t_hrac (hra_id,hra_meno,hra_priezvisko,hra_vyska,hra_hmotnost,hra_narodeny,hra_poznamka,xhra_cou_id,hra_inserted,hra_inserted_by,hra_modified,hra_modified_by) VALUES (27,'Simon','Kostner',172,77,'1990-11-30',NULL,'ITA','2021-03-04 20:22:45.421923','ds2020',NULL,NULL);
INSERT INTO t_hrac (hra_id,hra_meno,hra_priezvisko,hra_vyska,hra_hmotnost,hra_narodeny,hra_poznamka,xhra_cou_id,hra_inserted,hra_inserted_by,hra_modified,hra_modified_by) VALUES (28,'Andreas','Martinsen',190,102,'1990-06-13',NULL,'NOR','2021-03-04 20:24:06.767195','ds2020',NULL,NULL);
INSERT INTO t_hrac (hra_id,hra_meno,hra_priezvisko,hra_vyska,hra_hmotnost,hra_narodeny,hra_poznamka,xhra_cou_id,hra_inserted,hra_inserted_by,hra_modified,hra_modified_by) VALUES (29,'Rudolfs','Balcers',180,79,'1997-04-08',NULL,'LAT','2021-03-04 20:25:31.684465','ds2020',NULL,NULL);
INSERT INTO t_hrac (hra_id,hra_meno,hra_priezvisko,hra_vyska,hra_hmotnost,hra_narodeny,hra_poznamka,xhra_cou_id,hra_inserted,hra_inserted_by,hra_modified,hra_modified_by) VALUES (30,'Alexandre','Texier',185,87,'1999-09-13',NULL,'FRA','2021-03-04 20:26:50.006837','ds2020',NULL,NULL);
INSERT INTO t_hrac (hra_id,hra_meno,hra_priezvisko,hra_vyska,hra_hmotnost,hra_narodeny,hra_poznamka,xhra_cou_id,hra_inserted,hra_inserted_by,hra_modified,hra_modified_by) VALUES (31,'David','Phillips',191,82,'1987-08-14',NULL,'GBR','2021-03-04 20:28:08.108054','ds2020',NULL,NULL);
INSERT INTO t_hrac (hra_id,hra_meno,hra_priezvisko,hra_vyska,hra_hmotnost,hra_narodeny,hra_poznamka,xhra_cou_id,hra_inserted,hra_inserted_by,hra_modified,hra_modified_by) VALUES (32,'Lars','Eller',188,94,'1989-05-08',NULL,'DEN','2021-03-04 20:29:38.720618','ds2020',NULL,NULL);
INSERT INTO t_hrac (hra_id,hra_meno,hra_priezvisko,hra_vyska,hra_hmotnost,hra_narodeny,hra_poznamka,xhra_cou_id,hra_inserted,hra_inserted_by,hra_modified,hra_modified_by) VALUES (33,'Peter','Schneider',180,87,'1991-04-04',NULL,'AUT','2021-03-05 10:56:14.921968','ds2020',NULL,NULL);
INSERT INTO t_hrac (hra_id,hra_meno,hra_priezvisko,hra_vyska,hra_hmotnost,hra_narodeny,hra_poznamka,xhra_cou_id,hra_inserted,hra_inserted_by,hra_modified,hra_modified_by) VALUES (34,'Thomas','Raffl',194,106,'1991-06-19',NULL,'AUT','2021-03-05 11:05:35.61263','ds2020',NULL,NULL);
INSERT INTO t_hrac (hra_id,hra_meno,hra_priezvisko,hra_vyska,hra_hmotnost,hra_narodeny,hra_poznamka,xhra_cou_id,hra_inserted,hra_inserted_by,hra_modified,hra_modified_by) VALUES (35,'Andreas','Bernard',183,80,'1990-06-09',NULL,'ITA','2021-03-05 11:12:07.025933','ds2020',NULL,NULL);
INSERT INTO t_hrac (hra_id,hra_meno,hra_priezvisko,hra_vyska,hra_hmotnost,hra_narodeny,hra_poznamka,xhra_cou_id,hra_inserted,hra_inserted_by,hra_modified,hra_modified_by) VALUES (36,'Markus','Gander',188,90,'1989-05-16',NULL,'ITA','2021-03-05 11:39:24.324198','ds2020',NULL,NULL);
INSERT INTO t_hrac (hra_id,hra_meno,hra_priezvisko,hra_vyska,hra_hmotnost,hra_narodeny,hra_poznamka,xhra_cou_id,hra_inserted,hra_inserted_by,hra_modified,hra_modified_by) VALUES (37,'Johannes','Johannesen',181,85,'1997-03-01',NULL,'NOR','2021-03-05 11:46:36.755161','ds2020',NULL,NULL);
INSERT INTO t_hrac (hra_id,hra_meno,hra_priezvisko,hra_vyska,hra_hmotnost,hra_narodeny,hra_poznamka,xhra_cou_id,hra_inserted,hra_inserted_by,hra_modified,hra_modified_by) VALUES (38,'Sondre','Olden',194,84,'1992-08-29',NULL,'NOR','2021-03-05 11:54:41.573059','ds2020',NULL,NULL);
INSERT INTO t_hrac (hra_id,hra_meno,hra_priezvisko,hra_vyska,hra_hmotnost,hra_narodeny,hra_poznamka,xhra_cou_id,hra_inserted,hra_inserted_by,hra_modified,hra_modified_by) VALUES (39,'Lauris','Dārziņš',191,91,'1985-01-28',NULL,'LAT','2021-03-05 11:59:24.68078','ds2020',NULL,NULL);
INSERT INTO t_hrac (hra_id,hra_meno,hra_priezvisko,hra_vyska,hra_hmotnost,hra_narodeny,hra_poznamka,xhra_cou_id,hra_inserted,hra_inserted_by,hra_modified,hra_modified_by) VALUES (40,'Kristaps','Sotnieks',183,94,'1987-01-29',NULL,'LAT','2021-03-05 12:09:53.589994','ds2020',NULL,NULL);
INSERT INTO t_hrac (hra_id,hra_meno,hra_priezvisko,hra_vyska,hra_hmotnost,hra_narodeny,hra_poznamka,xhra_cou_id,hra_inserted,hra_inserted_by,hra_modified,hra_modified_by) VALUES (41,'Mikko','Lehtonen',183,85,'1994-01-16',NULL,'FIN','2021-03-05 12:21:54.710022','ds2020',NULL,NULL);
INSERT INTO t_hrac (hra_id,hra_meno,hra_priezvisko,hra_vyska,hra_hmotnost,hra_narodeny,hra_poznamka,xhra_cou_id,hra_inserted,hra_inserted_by,hra_modified,hra_modified_by) VALUES (42,'Kaapo','Kakko',191,90,'2001-02-13',NULL,'FIN','2021-03-05 12:24:04.665511','ds2020',NULL,NULL);
INSERT INTO t_hrac (hra_id,hra_meno,hra_priezvisko,hra_vyska,hra_hmotnost,hra_narodeny,hra_poznamka,xhra_cou_id,hra_inserted,hra_inserted_by,hra_modified,hra_modified_by) VALUES (43,'Sakari','Manninen',170,71,'1992-02-10',NULL,'FIN','2021-03-05 12:25:39.620165','ds2020',NULL,NULL);
INSERT INTO t_hrac (hra_id,hra_meno,hra_priezvisko,hra_vyska,hra_hmotnost,hra_narodeny,hra_poznamka,xhra_cou_id,hra_inserted,hra_inserted_by,hra_modified,hra_modified_by) VALUES (44,'Mark','Stone',193,93,'1992-05-13',NULL,'CAN','2021-03-05 12:26:22.913909','ds2020',NULL,NULL);
INSERT INTO t_hrac (hra_id,hra_meno,hra_priezvisko,hra_vyska,hra_hmotnost,hra_narodeny,hra_poznamka,xhra_cou_id,hra_inserted,hra_inserted_by,hra_modified,hra_modified_by) VALUES (45,'Jonathan','Marchessault',175,79,'1990-12-27',NULL,'CAN','2021-03-05 12:27:57.300693','ds2020',NULL,NULL);
INSERT INTO t_hrac (hra_id,hra_meno,hra_priezvisko,hra_vyska,hra_hmotnost,hra_narodeny,hra_poznamka,xhra_cou_id,hra_inserted,hra_inserted_by,hra_modified,hra_modified_by) VALUES (46,'Thomas','Chabot',188,89,'1997-01-30',NULL,'CAN','2021-03-05 12:28:38.966788','ds2020',NULL,NULL);
INSERT INTO t_hrac (hra_id,hra_meno,hra_priezvisko,hra_vyska,hra_hmotnost,hra_narodeny,hra_poznamka,xhra_cou_id,hra_inserted,hra_inserted_by,hra_modified,hra_modified_by) VALUES (47,'Nikita','Kucherov',180,77,'1993-06-17',NULL,'RUS','2021-03-05 14:47:50.59357','ds2020',NULL,NULL);
INSERT INTO t_hrac (hra_id,hra_meno,hra_priezvisko,hra_vyska,hra_hmotnost,hra_narodeny,hra_poznamka,xhra_cou_id,hra_inserted,hra_inserted_by,hra_modified,hra_modified_by) VALUES (48,'Alexander','Ovechkin',190,94,'1985-09-17',NULL,'RUS','2021-03-05 14:48:45.80981','ds2020',NULL,NULL);
INSERT INTO t_hrac (hra_id,hra_meno,hra_priezvisko,hra_vyska,hra_hmotnost,hra_narodeny,hra_poznamka,xhra_cou_id,hra_inserted,hra_inserted_by,hra_modified,hra_modified_by) VALUES (49,'Yevgeni','Dadonov',180,84,'1989-03-12',NULL,'RUS','2021-03-05 14:54:27.79258','ds2020',NULL,NULL);
INSERT INTO t_hrac (hra_id,hra_meno,hra_priezvisko,hra_vyska,hra_hmotnost,hra_narodeny,hra_poznamka,xhra_cou_id,hra_inserted,hra_inserted_by,hra_modified,hra_modified_by) VALUES (50,'Jakub','Voráček',188,97,'1989-08-15',NULL,'CZE','2021-03-05 15:13:53.024658','ds2020',NULL,NULL);
INSERT INTO t_hrac (hra_id,hra_meno,hra_priezvisko,hra_vyska,hra_hmotnost,hra_narodeny,hra_poznamka,xhra_cou_id,hra_inserted,hra_inserted_by,hra_modified,hra_modified_by) VALUES (51,'Dmitrij','Jaškin',190,90,'1993-03-23',NULL,'CZE','2021-03-05 15:14:35.706886','ds2020',NULL,NULL);
INSERT INTO t_hrac (hra_id,hra_meno,hra_priezvisko,hra_vyska,hra_hmotnost,hra_narodeny,hra_poznamka,xhra_cou_id,hra_inserted,hra_inserted_by,hra_modified,hra_modified_by) VALUES (52,'Michael','Frolík',186,89,'1988-02-17',NULL,'CZE','2021-03-05 15:16:46.598916','ds2020',NULL,NULL);
INSERT INTO t_hrac (hra_id,hra_meno,hra_priezvisko,hra_vyska,hra_hmotnost,hra_narodeny,hra_poznamka,xhra_cou_id,hra_inserted,hra_inserted_by,hra_modified,hra_modified_by) VALUES (53,'William','Nylander',183,87,'1996-05-01',NULL,'SWE','2021-03-05 15:23:59.50692','ds2020',NULL,NULL);
INSERT INTO t_hrac (hra_id,hra_meno,hra_priezvisko,hra_vyska,hra_hmotnost,hra_narodeny,hra_poznamka,xhra_cou_id,hra_inserted,hra_inserted_by,hra_modified,hra_modified_by) VALUES (54,'Oliver','Ekman Larsson',188,91,'1991-07-17',NULL,'SWE','2021-03-05 15:25:22.969109','ds2020',NULL,NULL);
INSERT INTO t_hrac (hra_id,hra_meno,hra_priezvisko,hra_vyska,hra_hmotnost,hra_narodeny,hra_poznamka,xhra_cou_id,hra_inserted,hra_inserted_by,hra_modified,hra_modified_by) VALUES (55,'Alexander','Wennberg',188,89,'1994-09-24',NULL,'SWE','2021-03-05 15:27:41.800496','ds2020',NULL,NULL);
INSERT INTO t_hrac (hra_id,hra_meno,hra_priezvisko,hra_vyska,hra_hmotnost,hra_narodeny,hra_poznamka,xhra_cou_id,hra_inserted,hra_inserted_by,hra_modified,hra_modified_by) VALUES (56,'Philipp','Grubauer',185,87,'1991-11-25',NULL,'GER','2021-03-05 15:30:10.621605','ds2020',NULL,NULL);
INSERT INTO t_hrac (hra_id,hra_meno,hra_priezvisko,hra_vyska,hra_hmotnost,hra_narodeny,hra_poznamka,xhra_cou_id,hra_inserted,hra_inserted_by,hra_modified,hra_modified_by) VALUES (57,'Leon','Draisaitl',188,94,'1995-10-27',NULL,'GER','2021-03-05 15:32:18.310538','ds2020',NULL,NULL);
INSERT INTO t_hrac (hra_id,hra_meno,hra_priezvisko,hra_vyska,hra_hmotnost,hra_narodeny,hra_poznamka,xhra_cou_id,hra_inserted,hra_inserted_by,hra_modified,hra_modified_by) VALUES (58,'Dominik','Kahun',180,79,'1995-07-02',NULL,'GER','2021-03-05 15:35:32.157493','ds2020',NULL,NULL);
INSERT INTO t_hrac (hra_id,hra_meno,hra_priezvisko,hra_vyska,hra_hmotnost,hra_narodeny,hra_poznamka,xhra_cou_id,hra_inserted,hra_inserted_by,hra_modified,hra_modified_by) VALUES (59,'Patrick','Kane',178,80,'1988-11-19',NULL,'USA','2021-03-05 15:36:25.208738','ds2020',NULL,NULL);
INSERT INTO t_hrac (hra_id,hra_meno,hra_priezvisko,hra_vyska,hra_hmotnost,hra_narodeny,hra_poznamka,xhra_cou_id,hra_inserted,hra_inserted_by,hra_modified,hra_modified_by) VALUES (60,'Alex','DeBrincat',178,80,'1997-12-18',NULL,'USA','2021-03-05 15:36:59.027644','ds2020',NULL,NULL);
INSERT INTO t_hrac (hra_id,hra_meno,hra_priezvisko,hra_vyska,hra_hmotnost,hra_narodeny,hra_poznamka,xhra_cou_id,hra_inserted,hra_inserted_by,hra_modified,hra_modified_by) VALUES (61,'Noah','Hanifin',191,98,'1997-01-25',NULL,'USA','2021-03-05 15:40:36.716603','ds2020',NULL,NULL);
INSERT INTO t_hrac (hra_id,hra_meno,hra_priezvisko,hra_vyska,hra_hmotnost,hra_narodeny,hra_poznamka,xhra_cou_id,hra_inserted,hra_inserted_by,hra_modified,hra_modified_by) VALUES (62,'Nico','Hischier',185,79,'1999-01-04',NULL,'SUI','2021-03-05 15:43:33.523499','ds2020',NULL,NULL);
INSERT INTO t_hrac (hra_id,hra_meno,hra_priezvisko,hra_vyska,hra_hmotnost,hra_narodeny,hra_poznamka,xhra_cou_id,hra_inserted,hra_inserted_by,hra_modified,hra_modified_by) VALUES (63,'Roman','Josi',185,91,'1990-06-01',NULL,'SUI','2021-03-05 15:45:50.855101','ds2020',NULL,NULL);
INSERT INTO t_hrac (hra_id,hra_meno,hra_priezvisko,hra_vyska,hra_hmotnost,hra_narodeny,hra_poznamka,xhra_cou_id,hra_inserted,hra_inserted_by,hra_modified,hra_modified_by) VALUES (64,'Kevin','Fiala',178,88,'1996-07-22',NULL,'SUI','2021-03-05 15:47:31.99547','ds2020',NULL,NULL);
INSERT INTO t_hrac (hra_id,hra_meno,hra_priezvisko,hra_vyska,hra_hmotnost,hra_narodeny,hra_poznamka,xhra_cou_id,hra_inserted,hra_inserted_by,hra_modified,hra_modified_by) VALUES (65,'Jonathan','Janil',189,95,'1987-09-24',NULL,'FRA','2021-03-05 15:52:18.887535','ds2020',NULL,NULL);
INSERT INTO t_hrac (hra_id,hra_meno,hra_priezvisko,hra_vyska,hra_hmotnost,hra_narodeny,hra_poznamka,xhra_cou_id,hra_inserted,hra_inserted_by,hra_modified,hra_modified_by) VALUES (66,'Hugo','Gallet',192,94,'1997-06-20',NULL,'FRA','2021-03-05 15:56:45.377637','ds2020',NULL,NULL);
INSERT INTO t_hrac (hra_id,hra_meno,hra_priezvisko,hra_vyska,hra_hmotnost,hra_narodeny,hra_poznamka,xhra_cou_id,hra_inserted,hra_inserted_by,hra_modified,hra_modified_by) VALUES (67,'Jackson','Whistle',185,87,'1995-06-09',NULL,'GBR','2021-03-05 16:00:44.38286','ds2020',NULL,NULL);
INSERT INTO t_hrac (hra_id,hra_meno,hra_priezvisko,hra_vyska,hra_hmotnost,hra_narodeny,hra_poznamka,xhra_cou_id,hra_inserted,hra_inserted_by,hra_modified,hra_modified_by) VALUES (68,'Jonathan','Phillips',175,81,'1982-07-14',NULL,'GBR','2021-03-05 16:04:06.024283','ds2020',NULL,NULL);
INSERT INTO t_hrac (hra_id,hra_meno,hra_priezvisko,hra_vyska,hra_hmotnost,hra_narodeny,hra_poznamka,xhra_cou_id,hra_inserted,hra_inserted_by,hra_modified,hra_modified_by) VALUES (69,'Mikkel','Bødker',180,88,'1989-12-16',NULL,'DEN','2021-03-05 16:07:12.99451','ds2020',NULL,NULL);
INSERT INTO t_hrac (hra_id,hra_meno,hra_priezvisko,hra_vyska,hra_hmotnost,hra_narodeny,hra_poznamka,xhra_cou_id,hra_inserted,hra_inserted_by,hra_modified,hra_modified_by) VALUES (70,'Frederik','Storm',180,86,'1989-02-20',NULL,'DEN','2021-03-05 16:19:17.08374','ds2020',NULL,NULL);
INSERT INTO t_hrac (hra_id,hra_meno,hra_priezvisko,hra_vyska,hra_hmotnost,hra_narodeny,hra_poznamka,xhra_cou_id,hra_inserted,hra_inserted_by,hra_modified,hra_modified_by) VALUES (24,'Mário','Lunter',182,90,'1994-06-20',NULL,'SVK','2021-03-04 20:11:50.156429','ds2020',NULL,NULL);
INSERT INTO t_hrac (hra_id,hra_meno,hra_priezvisko,hra_vyska,hra_hmotnost,hra_narodeny,hra_poznamka,xhra_cou_id,hra_inserted,hra_inserted_by,hra_modified,hra_modified_by) VALUES (71,'Marko','Anttila',203,104,'1985-05-27',NULL,'FIN','2021-03-06 11:43:07.805071','ds2020',NULL,NULL);
INSERT INTO t_hrac (hra_id,hra_meno,hra_priezvisko,hra_vyska,hra_hmotnost,hra_narodeny,hra_poznamka,xhra_cou_id,hra_inserted,hra_inserted_by,hra_modified,hra_modified_by) VALUES (72,'Shea','Theodore',188,88,'1995-08-03',NULL,'CAN','2021-03-06 11:53:44.237089','ds2020',NULL,NULL);
INSERT INTO t_hrac (hra_id,hra_meno,hra_priezvisko,hra_vyska,hra_hmotnost,hra_narodeny,hra_poznamka,xhra_cou_id,hra_inserted,hra_inserted_by,hra_modified,hra_modified_by) VALUES (73,'Anthony','Mantha',195,106,'1994-09-16',NULL,'CAN','2021-03-06 11:56:42.321545','ds2020',NULL,NULL);
INSERT INTO t_hrac (hra_id,hra_meno,hra_priezvisko,hra_vyska,hra_hmotnost,hra_narodeny,hra_poznamka,xhra_cou_id,hra_inserted,hra_inserted_by,hra_modified,hra_modified_by) VALUES (74,'Darnell','Nurse',193,100,'1995-02-04',NULL,'CAN','2021-03-06 12:05:21.907525','ds2020',NULL,NULL);
INSERT INTO t_hrac (hra_id,hra_meno,hra_priezvisko,hra_vyska,hra_hmotnost,hra_narodeny,hra_poznamka,xhra_cou_id,hra_inserted,hra_inserted_by,hra_modified,hra_modified_by) VALUES (75,'Petteri','Lindbohm',190,95,'1993-09-23',NULL,'FIN','2021-03-06 12:09:12.52721','ds2020',NULL,NULL);
INSERT INTO t_hrac (hra_id,hra_meno,hra_priezvisko,hra_vyska,hra_hmotnost,hra_narodeny,hra_poznamka,xhra_cou_id,hra_inserted,hra_inserted_by,hra_modified,hra_modified_by) VALUES (76,'Juhani','Tyrvainen',181,86,'1990-09-11',NULL,'FIN','2021-03-06 12:13:12.431319','ds2020',NULL,NULL);
INSERT INTO t_hrac (hra_id,hra_meno,hra_priezvisko,hra_vyska,hra_hmotnost,hra_narodeny,hra_poznamka,xhra_cou_id,hra_inserted,hra_inserted_by,hra_modified,hra_modified_by) VALUES (77,'Jani','Hakanpaa',195,99,'1992-03-31',NULL,'FIN','2021-03-06 12:21:39.134422','ds2020',NULL,NULL);
INSERT INTO t_hrac (hra_id,hra_meno,hra_priezvisko,hra_vyska,hra_hmotnost,hra_narodeny,hra_poznamka,xhra_cou_id,hra_inserted,hra_inserted_by,hra_modified,hra_modified_by) VALUES (78,'Harri','Pesonen',182,88,'1988-08-06',NULL,'FIN','2021-03-06 12:30:23.593292','ds2020',NULL,NULL);
INSERT INTO t_hrac (hra_id,hra_meno,hra_priezvisko,hra_vyska,hra_hmotnost,hra_narodeny,hra_poznamka,xhra_cou_id,hra_inserted,hra_inserted_by,hra_modified,hra_modified_by) VALUES (79,'Tomáš','Zohorna',185,95,'1988-01-03',NULL,'CZE','2021-03-06 13:14:25.372193','ds2020',NULL,NULL);
INSERT INTO t_hrac (hra_id,hra_meno,hra_priezvisko,hra_vyska,hra_hmotnost,hra_narodeny,hra_poznamka,xhra_cou_id,hra_inserted,hra_inserted_by,hra_modified,hra_modified_by) VALUES (80,'Mikhail','Grigorenko',189,95,'1994-05-16',NULL,'RUS','2021-03-06 13:23:40.462976','ds2020',NULL,NULL);
INSERT INTO t_hrac (hra_id,hra_meno,hra_priezvisko,hra_vyska,hra_hmotnost,hra_narodeny,hra_poznamka,xhra_cou_id,hra_inserted,hra_inserted_by,hra_modified,hra_modified_by) VALUES (81,'Michal','Řepík',179,87,'1988-12-31',NULL,'CZE','2021-03-06 13:37:38.601095','ds2020',NULL,NULL);
INSERT INTO t_hrac (hra_id,hra_meno,hra_priezvisko,hra_vyska,hra_hmotnost,hra_narodeny,hra_poznamka,xhra_cou_id,hra_inserted,hra_inserted_by,hra_modified,hra_modified_by) VALUES (82,'Dominik','Kubalík',187,86,'1995-08-21',NULL,'CZE','2021-03-06 13:45:11.461601','ds2020',NULL,NULL);
INSERT INTO t_hrac (hra_id,hra_meno,hra_priezvisko,hra_vyska,hra_hmotnost,hra_narodeny,hra_poznamka,xhra_cou_id,hra_inserted,hra_inserted_by,hra_modified,hra_modified_by) VALUES (83,'Artem','Anisimov',193,86,'1988-05-24',NULL,'RUS','2021-03-06 13:53:31.15375','ds2020',NULL,NULL);
INSERT INTO t_hrac (hra_id,hra_meno,hra_priezvisko,hra_vyska,hra_hmotnost,hra_narodeny,hra_poznamka,xhra_cou_id,hra_inserted,hra_inserted_by,hra_modified,hra_modified_by) VALUES (84,'Jan','Kolář',181,98,'1986-11-22',NULL,'CZE','2021-03-06 13:59:32.601478','ds2020',NULL,NULL);
INSERT INTO t_hrac (hra_id,hra_meno,hra_priezvisko,hra_vyska,hra_hmotnost,hra_narodeny,hra_poznamka,xhra_cou_id,hra_inserted,hra_inserted_by,hra_modified,hra_modified_by) VALUES (85,'Ilya','Kovalchuk',190,100,'1983-04-15',NULL,'RUS','2021-03-06 14:19:57.966626','ds2020',NULL,NULL);
INSERT INTO t_hrac (hra_id,hra_meno,hra_priezvisko,hra_vyska,hra_hmotnost,hra_narodeny,hra_poznamka,xhra_cou_id,hra_inserted,hra_inserted_by,hra_modified,hra_modified_by) VALUES (86,'Kyle','Turris',185,86,'1989-08-14',NULL,'CAN','2021-03-06 16:06:49.246116','ds2020',NULL,NULL);
INSERT INTO t_hrac (hra_id,hra_meno,hra_priezvisko,hra_vyska,hra_hmotnost,hra_narodeny,hra_poznamka,xhra_cou_id,hra_inserted,hra_inserted_by,hra_modified,hra_modified_by) VALUES (87,'Pierre-Luc','Dubois',183,94,'1998-06-24',NULL,'CAN','2021-03-06 16:26:13.566009','ds2020',NULL,NULL);
INSERT INTO t_hrac (hra_id,hra_meno,hra_priezvisko,hra_vyska,hra_hmotnost,hra_narodeny,hra_poznamka,xhra_cou_id,hra_inserted,hra_inserted_by,hra_modified,hra_modified_by) VALUES (88,'Jared','McCann',185,84,'1996-05-31',NULL,'CAN','2021-03-06 16:59:25.900145','ds2020',NULL,NULL);
INSERT INTO t_hrac (hra_id,hra_meno,hra_priezvisko,hra_vyska,hra_hmotnost,hra_narodeny,hra_poznamka,xhra_cou_id,hra_inserted,hra_inserted_by,hra_modified,hra_modified_by) VALUES (89,'Oliwer','Kaski',190,85,'1995-09-04',NULL,'FIN','2021-03-06 17:41:28.318027','ds2020',NULL,NULL);
INSERT INTO t_hrac (hra_id,hra_meno,hra_priezvisko,hra_vyska,hra_hmotnost,hra_narodeny,hra_poznamka,xhra_cou_id,hra_inserted,hra_inserted_by,hra_modified,hra_modified_by) VALUES (90,'Sergei','Andronov',188,86,'1989-07-19',NULL,'RUS','2021-03-06 19:35:00.95337','ds2020',NULL,NULL);
INSERT INTO t_hrac (hra_id,hra_meno,hra_priezvisko,hra_vyska,hra_hmotnost,hra_narodeny,hra_poznamka,xhra_cou_id,hra_inserted,hra_inserted_by,hra_modified,hra_modified_by) VALUES (91,'Atte','Ohtamaa',188,96,'1987-11-06',NULL,'FIN','2021-03-06 21:53:16.92599','ds2020',NULL,NULL);
INSERT INTO t_hrac (hra_id,hra_meno,hra_priezvisko,hra_vyska,hra_hmotnost,hra_narodeny,hra_poznamka,xhra_cou_id,hra_inserted,hra_inserted_by,hra_modified,hra_modified_by) VALUES (92,'Niko','Ojamaki',181,84,'1995-06-17',NULL,'FIN','2021-03-06 22:25:00.967948','ds2020',NULL,NULL);



INSERT INTO t_klub (klu_id,klu_nazov,xklu_cit_id,klu_inserted,klu_inserted_by,klu_modified,klu_modified_by) VALUES (1,'Kometa Brno',1,'2021-03-04 17:35:25.402772','ds2020',NULL,NULL);
INSERT INTO t_klub (klu_id,klu_nazov,xklu_cit_id,klu_inserted,klu_inserted_by,klu_modified,klu_modified_by) VALUES (2,'Edmonton Oilers',2,'2021-03-04 17:54:40.233058','ds2020',NULL,NULL);
INSERT INTO t_klub (klu_id,klu_nazov,xklu_cit_id,klu_inserted,klu_inserted_by,klu_modified,klu_modified_by) VALUES (3,'Dallas Stars',3,'2021-03-04 17:59:49.594192','ds2020',NULL,NULL);
INSERT INTO t_klub (klu_id,klu_nazov,xklu_cit_id,klu_inserted,klu_inserted_by,klu_modified,klu_modified_by) VALUES (4,'HV71 Jonkoping',4,'2021-03-04 18:06:41.071046','ds2020',NULL,NULL);
INSERT INTO t_klub (klu_id,klu_nazov,xklu_cit_id,klu_inserted,klu_inserted_by,klu_modified,klu_modified_by) VALUES (5,'Washington Capitals',5,'2021-03-04 18:07:36.221986','ds2020',NULL,NULL);
INSERT INTO t_klub (klu_id,klu_nazov,xklu_cit_id,klu_inserted,klu_inserted_by,klu_modified,klu_modified_by) VALUES (6,'Toronto Maple Leafs',6,'2021-03-04 18:15:12.407019','ds2020',NULL,NULL);
INSERT INTO t_klub (klu_id,klu_nazov,xklu_cit_id,klu_inserted,klu_inserted_by,klu_modified,klu_modified_by) VALUES (7,'Manitoba Moose',7,'2021-03-04 18:20:40.678839','ds2020',NULL,NULL);
INSERT INTO t_klub (klu_id,klu_nazov,xklu_cit_id,klu_inserted,klu_inserted_by,klu_modified,klu_modified_by) VALUES (8,'HC Kosice',8,'2021-03-04 18:26:12.522052','ds2020',NULL,NULL);
INSERT INTO t_klub (klu_id,klu_nazov,xklu_cit_id,klu_inserted,klu_inserted_by,klu_modified,klu_modified_by) VALUES (9,'Dynamo Moskva',9,'2021-03-04 18:33:13.722142','ds2020',NULL,NULL);
INSERT INTO t_klub (klu_id,klu_nazov,xklu_cit_id,klu_inserted,klu_inserted_by,klu_modified,klu_modified_by) VALUES (10,'HK Poprad',10,'2021-03-04 18:34:54.625223','ds2020',NULL,NULL);
INSERT INTO t_klub (klu_id,klu_nazov,xklu_cit_id,klu_inserted,klu_inserted_by,klu_modified,klu_modified_by) VALUES (11,'Karpat Oulu',11,'2021-03-04 18:37:03.581444','ds2020',NULL,NULL);
INSERT INTO t_klub (klu_id,klu_nazov,xklu_cit_id,klu_inserted,klu_inserted_by,klu_modified,klu_modified_by) VALUES (12,'Arizona Coyotes',12,'2021-03-04 18:39:33.273848','ds2020',NULL,NULL);
INSERT INTO t_klub (klu_id,klu_nazov,xklu_cit_id,klu_inserted,klu_inserted_by,klu_modified,klu_modified_by) VALUES (13,'HK Nitra',13,'2021-03-04 18:41:02.506256','ds2020',NULL,NULL);
INSERT INTO t_klub (klu_id,klu_nazov,xklu_cit_id,klu_inserted,klu_inserted_by,klu_modified,klu_modified_by) VALUES (14,'Slovan Bratislava',14,'2021-03-04 18:42:34.799739','ds2020',NULL,NULL);
INSERT INTO t_klub (klu_id,klu_nazov,xklu_cit_id,klu_inserted,klu_inserted_by,klu_modified,klu_modified_by) VALUES (15,'HC Banská Bystrica',15,'2021-03-04 18:45:30.337901','ds2020',NULL,NULL);
INSERT INTO t_klub (klu_id,klu_nazov,xklu_cit_id,klu_inserted,klu_inserted_by,klu_modified,klu_modified_by) VALUES (16,'Bili Tygri Liberec',16,'2021-03-04 19:24:40.392336','ds2020',NULL,NULL);
INSERT INTO t_klub (klu_id,klu_nazov,xklu_cit_id,klu_inserted,klu_inserted_by,klu_modified,klu_modified_by) VALUES (17,'Tampa Bay Lightning',17,'2021-03-04 19:29:08.657841','ds2020',NULL,NULL);
INSERT INTO t_klub (klu_id,klu_nazov,xklu_cit_id,klu_inserted,klu_inserted_by,klu_modified,klu_modified_by) VALUES (18,'Ottawa Senators',18,'2021-03-04 19:33:19.528247','ds2020',NULL,NULL);
INSERT INTO t_klub (klu_id,klu_nazov,xklu_cit_id,klu_inserted,klu_inserted_by,klu_modified,klu_modified_by) VALUES (19,'Montreal Canadiens',19,'2021-03-04 19:36:41.398152','ds2020',NULL,NULL);
INSERT INTO t_klub (klu_id,klu_nazov,xklu_cit_id,klu_inserted,klu_inserted_by,klu_modified,klu_modified_by) VALUES (20,'Detroit Red Wings',20,'2021-03-04 19:38:18.071082','ds2020',NULL,NULL);
INSERT INTO t_klub (klu_id,klu_nazov,xklu_cit_id,klu_inserted,klu_inserted_by,klu_modified,klu_modified_by) VALUES (21,'Binghamton Devils',21,'2021-03-04 20:00:47.954653','ds2020',NULL,NULL);
INSERT INTO t_klub (klu_id,klu_nazov,xklu_cit_id,klu_inserted,klu_inserted_by,klu_modified,klu_modified_by) VALUES (22,'KalPa Kuopio',22,'2021-03-04 20:04:18.324791','ds2020',NULL,NULL);
INSERT INTO t_klub (klu_id,klu_nazov,xklu_cit_id,klu_inserted,klu_inserted_by,klu_modified,klu_modified_by) VALUES (23,'Grand Rapids Griffins',23,'2021-03-04 20:07:44.284593','ds2020',NULL,NULL);
INSERT INTO t_klub (klu_id,klu_nazov,xklu_cit_id,klu_inserted,klu_inserted_by,klu_modified,klu_modified_by) VALUES (24,'Mora IK',24,'2021-03-04 20:17:32.308297','ds2020',NULL,NULL);
INSERT INTO t_klub (klu_id,klu_nazov,xklu_cit_id,klu_inserted,klu_inserted_by,klu_modified,klu_modified_by) VALUES (25,'Philadelphia Flyers',25,'2021-03-04 20:19:06.711025','ds2020',NULL,NULL);
INSERT INTO t_klub (klu_id,klu_nazov,xklu_cit_id,klu_inserted,klu_inserted_by,klu_modified,klu_modified_by) VALUES (26,'Ritten Sport',26,'2021-03-04 20:23:16.003022','ds2020',NULL,NULL);
INSERT INTO t_klub (klu_id,klu_nazov,xklu_cit_id,klu_inserted,klu_inserted_by,klu_modified,klu_modified_by) VALUES (27,'Chicago Blackhawks',27,'2021-03-04 20:24:40.929675','ds2020',NULL,NULL);
INSERT INTO t_klub (klu_id,klu_nazov,xklu_cit_id,klu_inserted,klu_inserted_by,klu_modified,klu_modified_by) VALUES (28,'Columbus Blue Jackets',28,'2021-03-04 20:27:19.24737','ds2020',NULL,NULL);
INSERT INTO t_klub (klu_id,klu_nazov,xklu_cit_id,klu_inserted,klu_inserted_by,klu_modified,klu_modified_by) VALUES (29,'Sheffield Steelers',29,'2021-03-04 20:28:47.695155','ds2020',NULL,NULL);
INSERT INTO t_klub (klu_id,klu_nazov,xklu_cit_id,klu_inserted,klu_inserted_by,klu_modified,klu_modified_by) VALUES (30,'Vienna Capitals',30,'2021-03-05 10:57:35.137173','ds2020',NULL,NULL);
INSERT INTO t_klub (klu_id,klu_nazov,xklu_cit_id,klu_inserted,klu_inserted_by,klu_modified,klu_modified_by) VALUES (31,'Red Bull Salzburg',31,'2021-03-05 11:07:57.540071','ds2020',NULL,NULL);
INSERT INTO t_klub (klu_id,klu_nazov,xklu_cit_id,klu_inserted,klu_inserted_by,klu_modified,klu_modified_by) VALUES (32,'Adler Mannheim',32,'2021-03-05 11:29:30.684667','ds2020',NULL,NULL);
INSERT INTO t_klub (klu_id,klu_nazov,xklu_cit_id,klu_inserted,klu_inserted_by,klu_modified,klu_modified_by) VALUES (33,'HC Pustertal',33,'2021-03-05 11:42:19.566627','ds2020',NULL,NULL);
INSERT INTO t_klub (klu_id,klu_nazov,xklu_cit_id,klu_inserted,klu_inserted_by,klu_modified,klu_modified_by) VALUES (34,'Stavanger Oilers',34,'2021-03-05 11:48:54.170854','ds2020',NULL,NULL);
INSERT INTO t_klub (klu_id,klu_nazov,xklu_cit_id,klu_inserted,klu_inserted_by,klu_modified,klu_modified_by) VALUES (35,'Dinamo Riga',35,'2021-03-05 12:03:11.641163','ds2020',NULL,NULL);
INSERT INTO t_klub (klu_id,klu_nazov,xklu_cit_id,klu_inserted,klu_inserted_by,klu_modified,klu_modified_by) VALUES (36,'Jokerit Helsinski',36,'2021-03-05 12:22:48.381954','ds2020',NULL,NULL);
INSERT INTO t_klub (klu_id,klu_nazov,xklu_cit_id,klu_inserted,klu_inserted_by,klu_modified,klu_modified_by) VALUES (37,'TPS Turku',37,'2021-03-05 12:24:46.479578','ds2020',NULL,NULL);
INSERT INTO t_klub (klu_id,klu_nazov,xklu_cit_id,klu_inserted,klu_inserted_by,klu_modified,klu_modified_by) VALUES (38,'Vegas Golden Knights',38,'2021-03-05 12:27:01.379061','ds2020',NULL,NULL);
INSERT INTO t_klub (klu_id,klu_nazov,xklu_cit_id,klu_inserted,klu_inserted_by,klu_modified,klu_modified_by) VALUES (39,'Florida Panthers',39,'2021-03-05 14:56:16.928178','ds2020',NULL,NULL);
INSERT INTO t_klub (klu_id,klu_nazov,xklu_cit_id,klu_inserted,klu_inserted_by,klu_modified,klu_modified_by) VALUES (40,'Calgary Flames',40,'2021-03-05 15:17:41.385862','ds2020',NULL,NULL);
INSERT INTO t_klub (klu_id,klu_nazov,xklu_cit_id,klu_inserted,klu_inserted_by,klu_modified,klu_modified_by) VALUES (41,'Colorado Avalanche',41,'2021-03-05 15:31:12.692271','ds2020',NULL,NULL);
INSERT INTO t_klub (klu_id,klu_nazov,xklu_cit_id,klu_inserted,klu_inserted_by,klu_modified,klu_modified_by) VALUES (42,'New Jersey Devils',42,'2021-03-05 15:44:07.158441','ds2020',NULL,NULL);
INSERT INTO t_klub (klu_id,klu_nazov,xklu_cit_id,klu_inserted,klu_inserted_by,klu_modified,klu_modified_by) VALUES (43,'Nashville Predators',43,'2021-03-05 15:46:30.412403','ds2020',NULL,NULL);
INSERT INTO t_klub (klu_id,klu_nazov,xklu_cit_id,klu_inserted,klu_inserted_by,klu_modified,klu_modified_by) VALUES (44,'Minnesota Wild',44,'2021-03-05 15:48:26.164247','ds2020',NULL,NULL);
INSERT INTO t_klub (klu_id,klu_nazov,xklu_cit_id,klu_inserted,klu_inserted_by,klu_modified,klu_modified_by) VALUES (45,'Bordeaux Boxers',45,'2021-03-05 15:54:12.894238','ds2020',NULL,NULL);
INSERT INTO t_klub (klu_id,klu_nazov,xklu_cit_id,klu_inserted,klu_inserted_by,klu_modified,klu_modified_by) VALUES (46,'Malmö Redhawks',46,'2021-03-05 16:20:55.533213','ds2020',NULL,NULL);
INSERT INTO t_klub (klu_id,klu_nazov,xklu_cit_id,klu_inserted,klu_inserted_by,klu_modified,klu_modified_by) VALUES (47,'Lausanne HC',47,'2021-03-06 12:10:18.626055','ds2020',NULL,NULL);
INSERT INTO t_klub (klu_id,klu_nazov,xklu_cit_id,klu_inserted,klu_inserted_by,klu_modified,klu_modified_by) VALUES (48,'IFK Helsinki',36,'2021-03-06 12:15:19.515527','ds2020',NULL,NULL);
INSERT INTO t_klub (klu_id,klu_nazov,xklu_cit_id,klu_inserted,klu_inserted_by,klu_modified,klu_modified_by) VALUES (49,'SCL Tigers Langnau',48,'2021-03-06 12:33:08.971141','ds2020',NULL,NULL);
INSERT INTO t_klub (klu_id,klu_nazov,xklu_cit_id,klu_inserted,klu_inserted_by,klu_modified,klu_modified_by) VALUES (50,'Amur Chabarovsk',49,'2021-03-06 13:18:05.452928','ds2020',NULL,NULL);
INSERT INTO t_klub (klu_id,klu_nazov,xklu_cit_id,klu_inserted,klu_inserted_by,klu_modified,klu_modified_by) VALUES (51,'CSKA Moscow',9,'2021-03-06 13:28:57.562335','ds2020',NULL,NULL);
INSERT INTO t_klub (klu_id,klu_nazov,xklu_cit_id,klu_inserted,klu_inserted_by,klu_modified,klu_modified_by) VALUES (52,'HC Ambri-Piotta',50,'2021-03-06 13:47:10.160265','ds2020',NULL,NULL);
INSERT INTO t_klub (klu_id,klu_nazov,xklu_cit_id,klu_inserted,klu_inserted_by,klu_modified,klu_modified_by) VALUES (53,'Los Angeles Kings',51,'2021-03-06 14:22:06.087263','ds2020',NULL,NULL);
INSERT INTO t_klub (klu_id,klu_nazov,xklu_cit_id,klu_inserted,klu_inserted_by,klu_modified,klu_modified_by) VALUES (54,'Pittsburgh Penguins',52,'2021-03-06 17:01:39.739207','ds2020',NULL,NULL);
INSERT INTO t_klub (klu_id,klu_nazov,xklu_cit_id,klu_inserted,klu_inserted_by,klu_modified,klu_modified_by) VALUES (55,'Pelicans Lahti',53,'2021-03-06 17:57:26.237064','ds2020',NULL,NULL);
INSERT INTO t_klub (klu_id,klu_nazov,xklu_cit_id,klu_inserted,klu_inserted_by,klu_modified,klu_modified_by) VALUES (56,'Tappara Tampere',54,'2021-03-06 22:27:20.147454','ds2020',NULL,NULL);



INSERT INTO t_hrac_klub (hrk_id,hrk_od,hrk_do,xhrk_hra_id,xhrk_klu_id,hrk_inserted,hrk_inserted_by,hrk_modified,hrk_modified_by) VALUES (1,'2012-01-01','2019-01-01',1,1,'2021-03-04 17:40:42.671601','ds2020',NULL,NULL);
INSERT INTO t_hrac_klub (hrk_id,hrk_od,hrk_do,xhrk_hra_id,xhrk_klu_id,hrk_inserted,hrk_inserted_by,hrk_modified,hrk_modified_by) VALUES (2,'2015-01-01','2019-01-01',2,2,'2021-03-04 17:56:27.705094','ds2020',NULL,NULL);
INSERT INTO t_hrac_klub (hrk_id,hrk_od,hrk_do,xhrk_hra_id,xhrk_klu_id,hrk_inserted,hrk_inserted_by,hrk_modified,hrk_modified_by) VALUES (3,'2019-01-01','2021-01-01',2,3,'2021-03-04 18:01:07.882068','ds2020',NULL,NULL);
INSERT INTO t_hrac_klub (hrk_id,hrk_od,hrk_do,xhrk_hra_id,xhrk_klu_id,hrk_inserted,hrk_inserted_by,hrk_modified,hrk_modified_by) VALUES (4,'2017-01-01','2019-01-01',3,4,'2021-03-04 18:07:17.436639','ds2020',NULL,NULL);
INSERT INTO t_hrac_klub (hrk_id,hrk_od,hrk_do,xhrk_hra_id,xhrk_klu_id,hrk_inserted,hrk_inserted_by,hrk_modified,hrk_modified_by) VALUES (5,'2019-01-01','2021-01-01',3,5,'2021-03-04 18:08:42.934046','ds2020',NULL,NULL);
INSERT INTO t_hrac_klub (hrk_id,hrk_od,hrk_do,xhrk_hra_id,xhrk_klu_id,hrk_inserted,hrk_inserted_by,hrk_modified,hrk_modified_by) VALUES (6,'2017-01-01','2019-01-01',4,6,'2021-03-04 18:16:17.634175','ds2020',NULL,NULL);
INSERT INTO t_hrac_klub (hrk_id,hrk_od,hrk_do,xhrk_hra_id,xhrk_klu_id,hrk_inserted,hrk_inserted_by,hrk_modified,hrk_modified_by) VALUES (7,'2017-01-01','2019-01-01',5,7,'2021-03-04 18:21:18.766811','ds2020',NULL,NULL);
INSERT INTO t_hrac_klub (hrk_id,hrk_od,hrk_do,xhrk_hra_id,xhrk_klu_id,hrk_inserted,hrk_inserted_by,hrk_modified,hrk_modified_by) VALUES (8,'2016-01-01','2020-01-01',6,8,'2021-03-04 18:27:03.490238','ds2020',NULL,NULL);
INSERT INTO t_hrac_klub (hrk_id,hrk_od,hrk_do,xhrk_hra_id,xhrk_klu_id,hrk_inserted,hrk_inserted_by,hrk_modified,hrk_modified_by) VALUES (9,'2018-01-01','2021-01-01',7,9,'2021-03-04 18:33:45.700895','ds2020',NULL,NULL);
INSERT INTO t_hrac_klub (hrk_id,hrk_od,hrk_do,xhrk_hra_id,xhrk_klu_id,hrk_inserted,hrk_inserted_by,hrk_modified,hrk_modified_by) VALUES (10,'2016-01-01','2019-01-01',8,10,'2021-03-04 18:35:08.424636','ds2020',NULL,NULL);
INSERT INTO t_hrac_klub (hrk_id,hrk_od,hrk_do,xhrk_hra_id,xhrk_klu_id,hrk_inserted,hrk_inserted_by,hrk_modified,hrk_modified_by) VALUES (11,'2018-01-01','2021-01-01',9,11,'2021-03-04 18:37:25.480377','ds2020',NULL,NULL);
INSERT INTO t_hrac_klub (hrk_id,hrk_od,hrk_do,xhrk_hra_id,xhrk_klu_id,hrk_inserted,hrk_inserted_by,hrk_modified,hrk_modified_by) VALUES (12,'2018-01-01','2019-01-01',10,12,'2021-03-04 18:39:53.803638','ds2020',NULL,NULL);
INSERT INTO t_hrac_klub (hrk_id,hrk_od,hrk_do,xhrk_hra_id,xhrk_klu_id,hrk_inserted,hrk_inserted_by,hrk_modified,hrk_modified_by) VALUES (13,'2019-01-01','2021-01-01',10,5,'2021-03-04 18:39:55.899661','ds2020',NULL,NULL);
INSERT INTO t_hrac_klub (hrk_id,hrk_od,hrk_do,xhrk_hra_id,xhrk_klu_id,hrk_inserted,hrk_inserted_by,hrk_modified,hrk_modified_by) VALUES (14,'2018-01-01','2019-01-01',11,13,'2021-03-04 18:41:27.664167','ds2020',NULL,NULL);
INSERT INTO t_hrac_klub (hrk_id,hrk_od,hrk_do,xhrk_hra_id,xhrk_klu_id,hrk_inserted,hrk_inserted_by,hrk_modified,hrk_modified_by) VALUES (15,'2018-01-01','2019-01-01',12,14,'2021-03-04 18:43:06.835482','ds2020',NULL,NULL);
INSERT INTO t_hrac_klub (hrk_id,hrk_od,hrk_do,xhrk_hra_id,xhrk_klu_id,hrk_inserted,hrk_inserted_by,hrk_modified,hrk_modified_by) VALUES (16,'2018-01-01','2019-01-01',13,14,'2021-03-04 18:43:56.497854','ds2020',NULL,NULL);
INSERT INTO t_hrac_klub (hrk_id,hrk_od,hrk_do,xhrk_hra_id,xhrk_klu_id,hrk_inserted,hrk_inserted_by,hrk_modified,hrk_modified_by) VALUES (17,'2018-01-01','2019-01-01',14,14,'2021-03-04 18:44:26.069498','ds2020',NULL,NULL);
INSERT INTO t_hrac_klub (hrk_id,hrk_od,hrk_do,xhrk_hra_id,xhrk_klu_id,hrk_inserted,hrk_inserted_by,hrk_modified,hrk_modified_by) VALUES (18,'2018-01-01','2019-01-01',15,15,'2021-03-04 18:46:04.668034','ds2020',NULL,NULL);
INSERT INTO t_hrac_klub (hrk_id,hrk_od,hrk_do,xhrk_hra_id,xhrk_klu_id,hrk_inserted,hrk_inserted_by,hrk_modified,hrk_modified_by) VALUES (19,'2019-01-01','2021-01-01',15,14,'2021-03-04 18:46:06.83812','ds2020',NULL,NULL);
INSERT INTO t_hrac_klub (hrk_id,hrk_od,hrk_do,xhrk_hra_id,xhrk_klu_id,hrk_inserted,hrk_inserted_by,hrk_modified,hrk_modified_by) VALUES (20,'2016-01-01','2019-01-01',16,8,'2021-03-04 18:47:05.993316','ds2020',NULL,NULL);
INSERT INTO t_hrac_klub (hrk_id,hrk_od,hrk_do,xhrk_hra_id,xhrk_klu_id,hrk_inserted,hrk_inserted_by,hrk_modified,hrk_modified_by) VALUES (21,'2018-01-01','2020-01-01',17,16,'2021-03-04 19:25:09.816095','ds2020',NULL,NULL);
INSERT INTO t_hrac_klub (hrk_id,hrk_od,hrk_do,xhrk_hra_id,xhrk_klu_id,hrk_inserted,hrk_inserted_by,hrk_modified,hrk_modified_by) VALUES (22,'2018-01-01','2021-01-01',18,17,'2021-03-04 19:29:34.287911','ds2020',NULL,NULL);
INSERT INTO t_hrac_klub (hrk_id,hrk_od,hrk_do,xhrk_hra_id,xhrk_klu_id,hrk_inserted,hrk_inserted_by,hrk_modified,hrk_modified_by) VALUES (23,'2017-01-01','2020-01-01',19,18,'2021-03-04 19:33:50.72521','ds2020',NULL,NULL);
INSERT INTO t_hrac_klub (hrk_id,hrk_od,hrk_do,xhrk_hra_id,xhrk_klu_id,hrk_inserted,hrk_inserted_by,hrk_modified,hrk_modified_by) VALUES (24,'2019-01-01','2021-01-01',20,19,'2021-03-04 19:37:07.31432','ds2020',NULL,NULL);
INSERT INTO t_hrac_klub (hrk_id,hrk_od,hrk_do,xhrk_hra_id,xhrk_klu_id,hrk_inserted,hrk_inserted_by,hrk_modified,hrk_modified_by) VALUES (25,'2011-01-01','2018-01-01',20,20,'2021-03-04 19:38:55.602768','ds2020',NULL,NULL);
INSERT INTO t_hrac_klub (hrk_id,hrk_od,hrk_do,xhrk_hra_id,xhrk_klu_id,hrk_inserted,hrk_inserted_by,hrk_modified,hrk_modified_by) VALUES (26,'2018-01-01','2021-01-01',21,21,'2021-03-04 20:01:11.0641','ds2020',NULL,NULL);
INSERT INTO t_hrac_klub (hrk_id,hrk_od,hrk_do,xhrk_hra_id,xhrk_klu_id,hrk_inserted,hrk_inserted_by,hrk_modified,hrk_modified_by) VALUES (27,'2016-01-01','2019-01-01',22,22,'2021-03-04 20:04:29.95545','ds2020',NULL,NULL);
INSERT INTO t_hrac_klub (hrk_id,hrk_od,hrk_do,xhrk_hra_id,xhrk_klu_id,hrk_inserted,hrk_inserted_by,hrk_modified,hrk_modified_by) VALUES (28,'2018-01-01','2019-01-01',23,23,'2021-03-04 20:09:30.831476','ds2020',NULL,NULL);
INSERT INTO t_hrac_klub (hrk_id,hrk_od,hrk_do,xhrk_hra_id,xhrk_klu_id,hrk_inserted,hrk_inserted_by,hrk_modified,hrk_modified_by) VALUES (29,'2019-01-01','2021-01-01',23,11,'2021-03-04 20:09:33.139422','ds2020',NULL,NULL);
INSERT INTO t_hrac_klub (hrk_id,hrk_od,hrk_do,xhrk_hra_id,xhrk_klu_id,hrk_inserted,hrk_inserted_by,hrk_modified,hrk_modified_by) VALUES (30,'2014-01-01','2019-01-01',24,15,'2021-03-04 20:14:13.656573','ds2020',NULL,NULL);
INSERT INTO t_hrac_klub (hrk_id,hrk_od,hrk_do,xhrk_hra_id,xhrk_klu_id,hrk_inserted,hrk_inserted_by,hrk_modified,hrk_modified_by) VALUES (31,'2018-01-01','2019-01-01',25,24,'2021-03-04 20:17:45.075043','ds2020',NULL,NULL);
INSERT INTO t_hrac_klub (hrk_id,hrk_od,hrk_do,xhrk_hra_id,xhrk_klu_id,hrk_inserted,hrk_inserted_by,hrk_modified,hrk_modified_by) VALUES (32,'2013-01-01','2021-01-01',26,25,'2021-03-04 20:19:19.090831','ds2020',NULL,NULL);
INSERT INTO t_hrac_klub (hrk_id,hrk_od,hrk_do,xhrk_hra_id,xhrk_klu_id,hrk_inserted,hrk_inserted_by,hrk_modified,hrk_modified_by) VALUES (33,'2018-01-01','2019-01-01',27,26,'2021-03-04 20:23:29.646735','ds2020',NULL,NULL);
INSERT INTO t_hrac_klub (hrk_id,hrk_od,hrk_do,xhrk_hra_id,xhrk_klu_id,hrk_inserted,hrk_inserted_by,hrk_modified,hrk_modified_by) VALUES (34,'2017-01-01','2019-01-01',28,27,'2021-03-04 20:24:55.871302','ds2020',NULL,NULL);
INSERT INTO t_hrac_klub (hrk_id,hrk_od,hrk_do,xhrk_hra_id,xhrk_klu_id,hrk_inserted,hrk_inserted_by,hrk_modified,hrk_modified_by) VALUES (35,'2018-01-01','2020-01-01',29,18,'2021-03-04 20:26:15.515065','ds2020',NULL,NULL);
INSERT INTO t_hrac_klub (hrk_id,hrk_od,hrk_do,xhrk_hra_id,xhrk_klu_id,hrk_inserted,hrk_inserted_by,hrk_modified,hrk_modified_by) VALUES (36,'2018-01-01','2021-01-01',30,28,'2021-03-04 20:27:34.104898','ds2020',NULL,NULL);
INSERT INTO t_hrac_klub (hrk_id,hrk_od,hrk_do,xhrk_hra_id,xhrk_klu_id,hrk_inserted,hrk_inserted_by,hrk_modified,hrk_modified_by) VALUES (37,'2018-01-01','2020-01-01',31,29,'2021-03-04 20:29:01.813697','ds2020',NULL,NULL);
INSERT INTO t_hrac_klub (hrk_id,hrk_od,hrk_do,xhrk_hra_id,xhrk_klu_id,hrk_inserted,hrk_inserted_by,hrk_modified,hrk_modified_by) VALUES (38,'2016-01-01','2021-01-01',32,5,'2021-03-04 20:30:08.509392','ds2020',NULL,NULL);
INSERT INTO t_hrac_klub (hrk_id,hrk_od,hrk_do,xhrk_hra_id,xhrk_klu_id,hrk_inserted,hrk_inserted_by,hrk_modified,hrk_modified_by) VALUES (39,'2017-01-01','2019-01-01',33,30,'2021-03-05 11:01:18.170475','ds2020',NULL,NULL);
INSERT INTO t_hrac_klub (hrk_id,hrk_od,hrk_do,xhrk_hra_id,xhrk_klu_id,hrk_inserted,hrk_inserted_by,hrk_modified,hrk_modified_by) VALUES (40,'2011-01-01','2021-01-01',34,31,'2021-03-05 11:09:03.396759','ds2020',NULL,NULL);
INSERT INTO t_hrac_klub (hrk_id,hrk_od,hrk_do,xhrk_hra_id,xhrk_klu_id,hrk_inserted,hrk_inserted_by,hrk_modified,hrk_modified_by) VALUES (41,'2018-01-01','2019-01-01',35,32,'2021-03-05 11:30:19.40667','ds2020',NULL,NULL);
INSERT INTO t_hrac_klub (hrk_id,hrk_od,hrk_do,xhrk_hra_id,xhrk_klu_id,hrk_inserted,hrk_inserted_by,hrk_modified,hrk_modified_by) VALUES (42,'2018-01-01','2020-01-01',36,33,'2021-03-05 11:43:20.57541','ds2020',NULL,NULL);
INSERT INTO t_hrac_klub (hrk_id,hrk_od,hrk_do,xhrk_hra_id,xhrk_klu_id,hrk_inserted,hrk_inserted_by,hrk_modified,hrk_modified_by) VALUES (43,'2013-01-01','2019-01-01',37,34,'2021-03-05 11:52:08.481449','ds2020',NULL,NULL);
INSERT INTO t_hrac_klub (hrk_id,hrk_od,hrk_do,xhrk_hra_id,xhrk_klu_id,hrk_inserted,hrk_inserted_by,hrk_modified,hrk_modified_by) VALUES (44,'2018-01-01','2020-01-01',38,30,'2021-03-05 11:55:24.694346','ds2020',NULL,NULL);
INSERT INTO t_hrac_klub (hrk_id,hrk_od,hrk_do,xhrk_hra_id,xhrk_klu_id,hrk_inserted,hrk_inserted_by,hrk_modified,hrk_modified_by) VALUES (45,'2010-01-01','2021-01-01',39,35,'2021-03-05 12:03:28.306982','ds2020',NULL,NULL);
INSERT INTO t_hrac_klub (hrk_id,hrk_od,hrk_do,xhrk_hra_id,xhrk_klu_id,hrk_inserted,hrk_inserted_by,hrk_modified,hrk_modified_by) VALUES (46,'2018-01-01','2021-01-01',40,35,'2021-03-05 12:11:44.520931','ds2020',NULL,NULL);
INSERT INTO t_hrac_klub (hrk_id,hrk_od,hrk_do,xhrk_hra_id,xhrk_klu_id,hrk_inserted,hrk_inserted_by,hrk_modified,hrk_modified_by) VALUES (47,'2018-01-01','2019-01-01',41,4,'2021-03-05 12:23:34.435939','ds2020',NULL,NULL);
INSERT INTO t_hrac_klub (hrk_id,hrk_od,hrk_do,xhrk_hra_id,xhrk_klu_id,hrk_inserted,hrk_inserted_by,hrk_modified,hrk_modified_by) VALUES (48,'2019-01-01','2020-01-01',41,36,'2021-03-05 12:23:37.548732','ds2020',NULL,NULL);
INSERT INTO t_hrac_klub (hrk_id,hrk_od,hrk_do,xhrk_hra_id,xhrk_klu_id,hrk_inserted,hrk_inserted_by,hrk_modified,hrk_modified_by) VALUES (49,'2017-01-01','2019-01-01',42,37,'2021-03-05 12:25:25.256137','ds2020',NULL,NULL);
INSERT INTO t_hrac_klub (hrk_id,hrk_od,hrk_do,xhrk_hra_id,xhrk_klu_id,hrk_inserted,hrk_inserted_by,hrk_modified,hrk_modified_by) VALUES (50,'2018-01-01','2019-01-01',43,36,'2021-03-05 12:26:03.301279','ds2020',NULL,NULL);
INSERT INTO t_hrac_klub (hrk_id,hrk_od,hrk_do,xhrk_hra_id,xhrk_klu_id,hrk_inserted,hrk_inserted_by,hrk_modified,hrk_modified_by) VALUES (51,'2014-01-01','2019-01-01',44,18,'2021-03-05 12:27:33.761533','ds2020',NULL,NULL);
INSERT INTO t_hrac_klub (hrk_id,hrk_od,hrk_do,xhrk_hra_id,xhrk_klu_id,hrk_inserted,hrk_inserted_by,hrk_modified,hrk_modified_by) VALUES (52,'2019-01-01','2021-01-01',44,38,'2021-03-05 12:27:36.332979','ds2020',NULL,NULL);
INSERT INTO t_hrac_klub (hrk_id,hrk_od,hrk_do,xhrk_hra_id,xhrk_klu_id,hrk_inserted,hrk_inserted_by,hrk_modified,hrk_modified_by) VALUES (53,'2017-01-01','2021-01-01',45,38,'2021-03-05 12:28:22.220183','ds2020',NULL,NULL);
INSERT INTO t_hrac_klub (hrk_id,hrk_od,hrk_do,xhrk_hra_id,xhrk_klu_id,hrk_inserted,hrk_inserted_by,hrk_modified,hrk_modified_by) VALUES (54,'2016-01-01','2021-01-01',46,18,'2021-03-05 12:29:03.98265','ds2020',NULL,NULL);
INSERT INTO t_hrac_klub (hrk_id,hrk_od,hrk_do,xhrk_hra_id,xhrk_klu_id,hrk_inserted,hrk_inserted_by,hrk_modified,hrk_modified_by) VALUES (55,'2013-01-01','2021-01-01',47,17,'2021-03-05 14:48:28.3907','ds2020',NULL,NULL);
INSERT INTO t_hrac_klub (hrk_id,hrk_od,hrk_do,xhrk_hra_id,xhrk_klu_id,hrk_inserted,hrk_inserted_by,hrk_modified,hrk_modified_by) VALUES (56,'2005-01-01','2021-01-01',48,5,'2021-03-05 14:49:11.962182','ds2020',NULL,NULL);
INSERT INTO t_hrac_klub (hrk_id,hrk_od,hrk_do,xhrk_hra_id,xhrk_klu_id,hrk_inserted,hrk_inserted_by,hrk_modified,hrk_modified_by) VALUES (57,'2017-01-01','2020-01-01',49,39,'2021-03-05 14:57:02.264856','ds2020',NULL,NULL);
INSERT INTO t_hrac_klub (hrk_id,hrk_od,hrk_do,xhrk_hra_id,xhrk_klu_id,hrk_inserted,hrk_inserted_by,hrk_modified,hrk_modified_by) VALUES (58,'2020-01-01','2021-01-01',49,18,'2021-03-05 14:57:04.576343','ds2020',NULL,NULL);
INSERT INTO t_hrac_klub (hrk_id,hrk_od,hrk_do,xhrk_hra_id,xhrk_klu_id,hrk_inserted,hrk_inserted_by,hrk_modified,hrk_modified_by) VALUES (59,'2012-01-01','2021-01-01',50,25,'2021-03-05 15:14:19.761985','ds2020',NULL,NULL);
INSERT INTO t_hrac_klub (hrk_id,hrk_od,hrk_do,xhrk_hra_id,xhrk_klu_id,hrk_inserted,hrk_inserted_by,hrk_modified,hrk_modified_by) VALUES (60,'2018-01-01','2019-01-01',51,5,'2021-03-05 15:15:13.96514','ds2020',NULL,NULL);
INSERT INTO t_hrac_klub (hrk_id,hrk_od,hrk_do,xhrk_hra_id,xhrk_klu_id,hrk_inserted,hrk_inserted_by,hrk_modified,hrk_modified_by) VALUES (61,'2019-01-01','2021-01-01',51,9,'2021-03-05 15:15:44.535882','ds2020',NULL,NULL);
INSERT INTO t_hrac_klub (hrk_id,hrk_od,hrk_do,xhrk_hra_id,xhrk_klu_id,hrk_inserted,hrk_inserted_by,hrk_modified,hrk_modified_by) VALUES (62,'2016-01-01','2020-01-01',52,40,'2021-03-05 15:18:17.091834','ds2020',NULL,NULL);
INSERT INTO t_hrac_klub (hrk_id,hrk_od,hrk_do,xhrk_hra_id,xhrk_klu_id,hrk_inserted,hrk_inserted_by,hrk_modified,hrk_modified_by) VALUES (63,'2015-01-01','2021-01-01',53,6,'2021-03-05 15:24:28.841632','ds2020',NULL,NULL);
INSERT INTO t_hrac_klub (hrk_id,hrk_od,hrk_do,xhrk_hra_id,xhrk_klu_id,hrk_inserted,hrk_inserted_by,hrk_modified,hrk_modified_by) VALUES (64,'2015-01-01','2021-01-01',54,12,'2021-03-05 15:25:56.648809','ds2020',NULL,NULL);
INSERT INTO t_hrac_klub (hrk_id,hrk_od,hrk_do,xhrk_hra_id,xhrk_klu_id,hrk_inserted,hrk_inserted_by,hrk_modified,hrk_modified_by) VALUES (65,'2014-01-01','2020-01-01',55,28,'2021-03-05 15:29:29.790644','ds2020',NULL,NULL);
INSERT INTO t_hrac_klub (hrk_id,hrk_od,hrk_do,xhrk_hra_id,xhrk_klu_id,hrk_inserted,hrk_inserted_by,hrk_modified,hrk_modified_by) VALUES (66,'2018-01-01','2021-01-01',56,41,'2021-03-05 15:31:25.999356','ds2020',NULL,NULL);
INSERT INTO t_hrac_klub (hrk_id,hrk_od,hrk_do,xhrk_hra_id,xhrk_klu_id,hrk_inserted,hrk_inserted_by,hrk_modified,hrk_modified_by) VALUES (67,'2012-01-01','2018-01-01',56,5,'2021-03-05 15:31:36.797001','ds2020',NULL,NULL);
INSERT INTO t_hrac_klub (hrk_id,hrk_od,hrk_do,xhrk_hra_id,xhrk_klu_id,hrk_inserted,hrk_inserted_by,hrk_modified,hrk_modified_by) VALUES (68,'2014-01-01','2021-01-01',57,2,'2021-03-05 15:32:42.692371','ds2020',NULL,NULL);
INSERT INTO t_hrac_klub (hrk_id,hrk_od,hrk_do,xhrk_hra_id,xhrk_klu_id,hrk_inserted,hrk_inserted_by,hrk_modified,hrk_modified_by) VALUES (69,'2018-01-01','2019-01-01',58,27,'2021-03-05 15:35:57.495377','ds2020',NULL,NULL);
INSERT INTO t_hrac_klub (hrk_id,hrk_od,hrk_do,xhrk_hra_id,xhrk_klu_id,hrk_inserted,hrk_inserted_by,hrk_modified,hrk_modified_by) VALUES (70,'2007-01-01','2021-01-01',59,27,'2021-03-05 15:36:44.685251','ds2020',NULL,NULL);
INSERT INTO t_hrac_klub (hrk_id,hrk_od,hrk_do,xhrk_hra_id,xhrk_klu_id,hrk_inserted,hrk_inserted_by,hrk_modified,hrk_modified_by) VALUES (71,'2017-01-01','2021-01-01',60,27,'2021-03-05 15:38:23.847922','ds2020',NULL,NULL);
INSERT INTO t_hrac_klub (hrk_id,hrk_od,hrk_do,xhrk_hra_id,xhrk_klu_id,hrk_inserted,hrk_inserted_by,hrk_modified,hrk_modified_by) VALUES (72,'2018-01-01','2021-01-01',61,40,'2021-03-05 15:40:59.607312','ds2020',NULL,NULL);
INSERT INTO t_hrac_klub (hrk_id,hrk_od,hrk_do,xhrk_hra_id,xhrk_klu_id,hrk_inserted,hrk_inserted_by,hrk_modified,hrk_modified_by) VALUES (73,'2017-01-01','2021-01-01',62,42,'2021-03-05 15:45:13.006256','ds2020',NULL,NULL);
INSERT INTO t_hrac_klub (hrk_id,hrk_od,hrk_do,xhrk_hra_id,xhrk_klu_id,hrk_inserted,hrk_inserted_by,hrk_modified,hrk_modified_by) VALUES (74,'2011-01-01','2021-01-01',63,43,'2021-03-05 15:46:47.252034','ds2020',NULL,NULL);
INSERT INTO t_hrac_klub (hrk_id,hrk_od,hrk_do,xhrk_hra_id,xhrk_klu_id,hrk_inserted,hrk_inserted_by,hrk_modified,hrk_modified_by) VALUES (75,'2015-01-01','2019-01-01',64,43,'2021-03-05 15:48:51.551373','ds2020',NULL,NULL);
INSERT INTO t_hrac_klub (hrk_id,hrk_od,hrk_do,xhrk_hra_id,xhrk_klu_id,hrk_inserted,hrk_inserted_by,hrk_modified,hrk_modified_by) VALUES (76,'2019-01-01','2021-01-01',64,44,'2021-03-05 15:48:53.450449','ds2020',NULL,NULL);
INSERT INTO t_hrac_klub (hrk_id,hrk_od,hrk_do,xhrk_hra_id,xhrk_klu_id,hrk_inserted,hrk_inserted_by,hrk_modified,hrk_modified_by) VALUES (77,'2015-01-01','2020-01-01',65,45,'2021-03-05 15:54:34.48905','ds2020',NULL,NULL);
INSERT INTO t_hrac_klub (hrk_id,hrk_od,hrk_do,xhrk_hra_id,xhrk_klu_id,hrk_inserted,hrk_inserted_by,hrk_modified,hrk_modified_by) VALUES (78,'2018-01-01','2019-01-01',66,45,'2021-03-05 15:56:56.893832','ds2020',NULL,NULL);
INSERT INTO t_hrac_klub (hrk_id,hrk_od,hrk_do,xhrk_hra_id,xhrk_klu_id,hrk_inserted,hrk_inserted_by,hrk_modified,hrk_modified_by) VALUES (79,'2018-01-01','2019-01-01',67,29,'2021-03-05 16:01:12.012981','ds2020',NULL,NULL);
INSERT INTO t_hrac_klub (hrk_id,hrk_od,hrk_do,xhrk_hra_id,xhrk_klu_id,hrk_inserted,hrk_inserted_by,hrk_modified,hrk_modified_by) VALUES (80,'2011-01-01','2020-01-01',68,29,'2021-03-05 16:04:24.385216','ds2020',NULL,NULL);
INSERT INTO t_hrac_klub (hrk_id,hrk_od,hrk_do,xhrk_hra_id,xhrk_klu_id,hrk_inserted,hrk_inserted_by,hrk_modified,hrk_modified_by) VALUES (81,'2018-01-01','2020-01-01',69,29,'2021-03-05 16:15:35.793284','ds2020',NULL,NULL);
INSERT INTO t_hrac_klub (hrk_id,hrk_od,hrk_do,xhrk_hra_id,xhrk_klu_id,hrk_inserted,hrk_inserted_by,hrk_modified,hrk_modified_by) VALUES (82,'2012-01-01','2020-01-01',70,46,'2021-03-05 16:21:23.516376','ds2020',NULL,NULL);
INSERT INTO t_hrac_klub (hrk_id,hrk_od,hrk_do,xhrk_hra_id,xhrk_klu_id,hrk_inserted,hrk_inserted_by,hrk_modified,hrk_modified_by) VALUES (83,'2016-01-01','2021-01-01',71,36,'2021-03-06 11:44:21.84513','ds2020',NULL,NULL);
INSERT INTO t_hrac_klub (hrk_id,hrk_od,hrk_do,xhrk_hra_id,xhrk_klu_id,hrk_inserted,hrk_inserted_by,hrk_modified,hrk_modified_by) VALUES (84,'2017-01-01','2021-01-01',72,38,'2021-03-06 11:54:36.459225','ds2020',NULL,NULL);
INSERT INTO t_hrac_klub (hrk_id,hrk_od,hrk_do,xhrk_hra_id,xhrk_klu_id,hrk_inserted,hrk_inserted_by,hrk_modified,hrk_modified_by) VALUES (85,'2016-01-01','2021-01-01',73,20,'2021-03-06 11:57:21.196255','ds2020',NULL,NULL);
INSERT INTO t_hrac_klub (hrk_id,hrk_od,hrk_do,xhrk_hra_id,xhrk_klu_id,hrk_inserted,hrk_inserted_by,hrk_modified,hrk_modified_by) VALUES (86,'2015-01-01','2021-01-01',74,2,'2021-03-06 12:06:23.603978','ds2020',NULL,NULL);
INSERT INTO t_hrac_klub (hrk_id,hrk_od,hrk_do,xhrk_hra_id,xhrk_klu_id,hrk_inserted,hrk_inserted_by,hrk_modified,hrk_modified_by) VALUES (87,'2018-01-01','2020-01-01',75,47,'2021-03-06 12:11:11.371961','ds2020',NULL,NULL);
INSERT INTO t_hrac_klub (hrk_id,hrk_od,hrk_do,xhrk_hra_id,xhrk_klu_id,hrk_inserted,hrk_inserted_by,hrk_modified,hrk_modified_by) VALUES (88,'2017-01-01','2019-01-01',76,48,'2021-03-06 12:16:10.656956','ds2020',NULL,NULL);
INSERT INTO t_hrac_klub (hrk_id,hrk_od,hrk_do,xhrk_hra_id,xhrk_klu_id,hrk_inserted,hrk_inserted_by,hrk_modified,hrk_modified_by) VALUES (89,'2015-01-01','2019-01-01',77,11,'2021-03-06 12:22:39.276152','ds2020',NULL,NULL);
INSERT INTO t_hrac_klub (hrk_id,hrk_od,hrk_do,xhrk_hra_id,xhrk_klu_id,hrk_inserted,hrk_inserted_by,hrk_modified,hrk_modified_by) VALUES (90,'2018-01-01','2020-01-01',78,49,'2021-03-06 12:33:54.217657','ds2020',NULL,NULL);
INSERT INTO t_hrac_klub (hrk_id,hrk_od,hrk_do,xhrk_hra_id,xhrk_klu_id,hrk_inserted,hrk_inserted_by,hrk_modified,hrk_modified_by) VALUES (91,'2015-01-01','2021-01-01',79,50,'2021-03-06 13:18:58.620289','ds2020',NULL,NULL);
INSERT INTO t_hrac_klub (hrk_id,hrk_od,hrk_do,xhrk_hra_id,xhrk_klu_id,hrk_inserted,hrk_inserted_by,hrk_modified,hrk_modified_by) VALUES (92,'2017-01-01','2020-01-01',80,51,'2021-03-06 13:31:58.092632','ds2020',NULL,NULL);
INSERT INTO t_hrac_klub (hrk_id,hrk_od,hrk_do,xhrk_hra_id,xhrk_klu_id,hrk_inserted,hrk_inserted_by,hrk_modified,hrk_modified_by) VALUES (93,'2018-01-01','2019-01-01',81,14,'2021-03-06 13:38:48.137519','ds2020',NULL,NULL);
INSERT INTO t_hrac_klub (hrk_id,hrk_od,hrk_do,xhrk_hra_id,xhrk_klu_id,hrk_inserted,hrk_inserted_by,hrk_modified,hrk_modified_by) VALUES (94,'2017-01-01','2019-01-01',82,52,'2021-03-06 13:48:22.276261','ds2020',NULL,NULL);
INSERT INTO t_hrac_klub (hrk_id,hrk_od,hrk_do,xhrk_hra_id,xhrk_klu_id,hrk_inserted,hrk_inserted_by,hrk_modified,hrk_modified_by) VALUES (95,'2015-01-01','2019-01-01',83,27,'2021-03-06 13:54:54.595391','ds2020',NULL,NULL);
INSERT INTO t_hrac_klub (hrk_id,hrk_od,hrk_do,xhrk_hra_id,xhrk_klu_id,hrk_inserted,hrk_inserted_by,hrk_modified,hrk_modified_by) VALUES (96,'2015-01-01','2019-01-01',84,50,'2021-03-06 14:01:25.424583','ds2020',NULL,NULL);
INSERT INTO t_hrac_klub (hrk_id,hrk_od,hrk_do,xhrk_hra_id,xhrk_klu_id,hrk_inserted,hrk_inserted_by,hrk_modified,hrk_modified_by) VALUES (97,'2018-01-01','2020-01-01',85,53,'2021-03-06 14:23:09.534861','ds2020',NULL,NULL);
INSERT INTO t_hrac_klub (hrk_id,hrk_od,hrk_do,xhrk_hra_id,xhrk_klu_id,hrk_inserted,hrk_inserted_by,hrk_modified,hrk_modified_by) VALUES (98,'2017-01-01','2020-01-01',86,43,'2021-03-06 16:08:40.967986','ds2020',NULL,NULL);
INSERT INTO t_hrac_klub (hrk_id,hrk_od,hrk_do,xhrk_hra_id,xhrk_klu_id,hrk_inserted,hrk_inserted_by,hrk_modified,hrk_modified_by) VALUES (99,'2017-01-01','2020-01-01',87,28,'2021-03-06 16:28:09.879942','ds2020',NULL,NULL);
INSERT INTO t_hrac_klub (hrk_id,hrk_od,hrk_do,xhrk_hra_id,xhrk_klu_id,hrk_inserted,hrk_inserted_by,hrk_modified,hrk_modified_by) VALUES (100,'2018-01-01','2021-01-01',88,54,'2021-03-06 17:03:13.756151','ds2020',NULL,NULL);
INSERT INTO t_hrac_klub (hrk_id,hrk_od,hrk_do,xhrk_hra_id,xhrk_klu_id,hrk_inserted,hrk_inserted_by,hrk_modified,hrk_modified_by) VALUES (101,'2018-01-01','2019-01-01',89,55,'2021-03-06 17:58:23.496314','ds2020',NULL,NULL);
INSERT INTO t_hrac_klub (hrk_id,hrk_od,hrk_do,xhrk_hra_id,xhrk_klu_id,hrk_inserted,hrk_inserted_by,hrk_modified,hrk_modified_by) VALUES (102,'2014-01-01','2021-01-01',90,51,'2021-03-06 20:03:05.847475','ds2020',NULL,NULL);
INSERT INTO t_hrac_klub (hrk_id,hrk_od,hrk_do,xhrk_hra_id,xhrk_klu_id,hrk_inserted,hrk_inserted_by,hrk_modified,hrk_modified_by) VALUES (103,'2018-01-01','2019-01-01',91,11,'2021-03-06 22:05:14.627172','ds2020',NULL,NULL);
INSERT INTO t_hrac_klub (hrk_id,hrk_od,hrk_do,xhrk_hra_id,xhrk_klu_id,hrk_inserted,hrk_inserted_by,hrk_modified,hrk_modified_by) VALUES (104,'2017-01-01','2020-01-01',92,56,'2021-03-06 22:28:24.366966','ds2020',NULL,NULL);


INSERT INTO c_zapas_typ (zat_id,zat_nazov,zat_inserted,zat_inserted_by,zat_modified,zat_modified_by) VALUES ('FIN','Finále','2021-03-04 17:06:29.712264','ds2020',NULL,NULL);
INSERT INTO c_zapas_typ (zat_id,zat_nazov,zat_inserted,zat_inserted_by,zat_modified,zat_modified_by) VALUES ('3rd','Zápas o tretie miesto','2021-03-04 17:06:29.712264','ds2020',NULL,NULL);
INSERT INTO c_zapas_typ (zat_id,zat_nazov,zat_inserted,zat_inserted_by,zat_modified,zat_modified_by) VALUES ('SEM','Semifinále','2021-03-04 17:06:29.712264','ds2020',NULL,NULL);
INSERT INTO c_zapas_typ (zat_id,zat_nazov,zat_inserted,zat_inserted_by,zat_modified,zat_modified_by) VALUES ('QTF','Štvrťfinále','2021-03-04 17:06:29.712264','ds2020',NULL,NULL);
INSERT INTO c_zapas_typ (zat_id,zat_nazov,zat_inserted,zat_inserted_by,zat_modified,zat_modified_by) VALUES ('GRP','Skupina','2021-03-04 17:06:29.712264','ds2020',NULL,NULL);


INSERT INTO c_pozicia (poz_id,poz_nazov,poz_inserted,poz_inserted_by,poz_modified,poz_modified_by) VALUES ('B','brankár','2021-03-05 17:06:38.03766','ds2020',NULL,NULL);
INSERT INTO c_pozicia (poz_id,poz_nazov,poz_inserted,poz_inserted_by,poz_modified,poz_modified_by) VALUES ('O','obranca','2021-03-05 17:06:38.03766','ds2020',NULL,NULL);
INSERT INTO c_pozicia (poz_id,poz_nazov,poz_inserted,poz_inserted_by,poz_modified,poz_modified_by) VALUES ('U','útočník','2021-03-05 17:06:38.03766','ds2020',NULL,NULL);


INSERT INTO t_rok (rok_id,rok_od,rok_do,xrok_cit_id1,xrok_cit_id2,rok_inserted,rok_inserted_by,rok_modified,rok_modified_by) VALUES (2019,'2019-05-10','2019-05-26',8,14,'2021-03-05 17:22:48.568435','ds2020',NULL,NULL);


INSERT INTO t_supiska (sup_id,xsup_rok_id,sup_cislo,xsup_pozicia_id,sup_inserted,sup_inserted_by,sup_modified,sup_modified_by,xsup_hra_id,xsup_cou_id) VALUES (1,2019,1,'B','2021-03-05 17:27:34.217227','ds2020',NULL,NULL,1,'SVK');
INSERT INTO t_supiska (sup_id,xsup_rok_id,sup_cislo,xsup_pozicia_id,sup_inserted,sup_inserted_by,sup_modified,sup_modified_by,xsup_hra_id,xsup_cou_id) VALUES (2,2019,2,'O','2021-03-05 17:28:38.891047','ds2020',NULL,NULL,2,'SVK');
INSERT INTO t_supiska (sup_id,xsup_rok_id,sup_cislo,xsup_pozicia_id,sup_inserted,sup_inserted_by,sup_modified,sup_modified_by,xsup_hra_id,xsup_cou_id) VALUES (3,2019,6,'O','2021-03-05 18:05:44.280348','ds2020',NULL,NULL,3,'SVK');
INSERT INTO t_supiska (sup_id,xsup_rok_id,sup_cislo,xsup_pozicia_id,sup_inserted,sup_inserted_by,sup_modified,sup_modified_by,xsup_hra_id,xsup_cou_id) VALUES (4,2019,52,'O','2021-03-05 18:08:34.41278','ds2020',NULL,NULL,4,'SVK');
INSERT INTO t_supiska (sup_id,xsup_rok_id,sup_cislo,xsup_pozicia_id,sup_inserted,sup_inserted_by,sup_modified,sup_modified_by,xsup_hra_id,xsup_cou_id) VALUES (5,2019,56,'U','2021-03-05 18:12:22.833931','ds2020',NULL,NULL,5,'SVK');
INSERT INTO t_supiska (sup_id,xsup_rok_id,sup_cislo,xsup_pozicia_id,sup_inserted,sup_inserted_by,sup_modified,sup_modified_by,xsup_hra_id,xsup_cou_id) VALUES (6,2019,64,'O','2021-03-05 18:13:41.559352','ds2020',NULL,NULL,6,'SVK');
INSERT INTO t_supiska (sup_id,xsup_rok_id,sup_cislo,xsup_pozicia_id,sup_inserted,sup_inserted_by,sup_modified,sup_modified_by,xsup_hra_id,xsup_cou_id) VALUES (7,2019,65,'O','2021-03-05 18:14:08.958367','ds2020',NULL,NULL,7,'SVK');
INSERT INTO t_supiska (sup_id,xsup_rok_id,sup_cislo,xsup_pozicia_id,sup_inserted,sup_inserted_by,sup_modified,sup_modified_by,xsup_hra_id,xsup_cou_id) VALUES (8,2019,12,'U','2021-03-05 18:16:03.574224','ds2020',NULL,NULL,8,'SVK');
INSERT INTO t_supiska (sup_id,xsup_rok_id,sup_cislo,xsup_pozicia_id,sup_inserted,sup_inserted_by,sup_modified,sup_modified_by,xsup_hra_id,xsup_cou_id) VALUES (9,2019,13,'U','2021-03-05 18:16:39.736489','ds2020',NULL,NULL,9,'SVK');
INSERT INTO t_supiska (sup_id,xsup_rok_id,sup_cislo,xsup_pozicia_id,sup_inserted,sup_inserted_by,sup_modified,sup_modified_by,xsup_hra_id,xsup_cou_id) VALUES (10,2019,14,'U','2021-03-05 18:17:15.806665','ds2020',NULL,NULL,10,'SVK');
INSERT INTO t_supiska (sup_id,xsup_rok_id,sup_cislo,xsup_pozicia_id,sup_inserted,sup_inserted_by,sup_modified,sup_modified_by,xsup_hra_id,xsup_cou_id) VALUES (11,2019,16,'U','2021-03-05 18:34:35.122472','ds2020',NULL,NULL,11,'SVK');
INSERT INTO t_supiska (sup_id,xsup_rok_id,sup_cislo,xsup_pozicia_id,sup_inserted,sup_inserted_by,sup_modified,sup_modified_by,xsup_hra_id,xsup_cou_id) VALUES (12,2019,17,'U','2021-03-05 18:35:52.477662','ds2020',NULL,NULL,12,'SVK');
INSERT INTO t_supiska (sup_id,xsup_rok_id,sup_cislo,xsup_pozicia_id,sup_inserted,sup_inserted_by,sup_modified,sup_modified_by,xsup_hra_id,xsup_cou_id) VALUES (13,2019,19,'U','2021-03-05 18:36:29.625966','ds2020',NULL,NULL,13,'SVK');
INSERT INTO t_supiska (sup_id,xsup_rok_id,sup_cislo,xsup_pozicia_id,sup_inserted,sup_inserted_by,sup_modified,sup_modified_by,xsup_hra_id,xsup_cou_id) VALUES (14,2019,23,'U','2021-03-05 18:37:01.237379','ds2020',NULL,NULL,14,'SVK');
INSERT INTO t_supiska (sup_id,xsup_rok_id,sup_cislo,xsup_pozicia_id,sup_inserted,sup_inserted_by,sup_modified,sup_modified_by,xsup_hra_id,xsup_cou_id) VALUES (15,2019,24,'U','2021-03-05 18:37:22.166829','ds2020',NULL,NULL,15,'SVK');
INSERT INTO t_supiska (sup_id,xsup_rok_id,sup_cislo,xsup_pozicia_id,sup_inserted,sup_inserted_by,sup_modified,sup_modified_by,xsup_hra_id,xsup_cou_id) VALUES (16,2019,27,'U','2021-03-05 18:37:47.181773','ds2020',NULL,NULL,16,'SVK');
INSERT INTO t_supiska (sup_id,xsup_rok_id,sup_cislo,xsup_pozicia_id,sup_inserted,sup_inserted_by,sup_modified,sup_modified_by,xsup_hra_id,xsup_cou_id) VALUES (17,2019,79,'U','2021-03-05 18:38:51.487092','ds2020',NULL,NULL,17,'SVK');
INSERT INTO t_supiska (sup_id,xsup_rok_id,sup_cislo,xsup_pozicia_id,sup_inserted,sup_inserted_by,sup_modified,sup_modified_by,xsup_hra_id,xsup_cou_id) VALUES (18,2019,81,'O','2021-03-05 18:39:30.40365','ds2020',NULL,NULL,18,'SVK');
INSERT INTO t_supiska (sup_id,xsup_rok_id,sup_cislo,xsup_pozicia_id,sup_inserted,sup_inserted_by,sup_modified,sup_modified_by,xsup_hra_id,xsup_cou_id) VALUES (19,2019,83,'O','2021-03-05 18:41:31.047126','ds2020',NULL,NULL,19,'SVK');
INSERT INTO t_supiska (sup_id,xsup_rok_id,sup_cislo,xsup_pozicia_id,sup_inserted,sup_inserted_by,sup_modified,sup_modified_by,xsup_hra_id,xsup_cou_id) VALUES (20,2019,90,'U','2021-03-05 18:42:03.541392','ds2020',NULL,NULL,20,'SVK');
INSERT INTO t_supiska (sup_id,xsup_rok_id,sup_cislo,xsup_pozicia_id,sup_inserted,sup_inserted_by,sup_modified,sup_modified_by,xsup_hra_id,xsup_cou_id) VALUES (21,2019,28,'U','2021-03-05 18:43:47.250133','ds2020',NULL,NULL,21,'SVK');
INSERT INTO t_supiska (sup_id,xsup_rok_id,sup_cislo,xsup_pozicia_id,sup_inserted,sup_inserted_by,sup_modified,sup_modified_by,xsup_hra_id,xsup_cou_id) VALUES (22,2019,30,'B','2021-03-05 18:44:21.873353','ds2020',NULL,NULL,22,'SVK');
INSERT INTO t_supiska (sup_id,xsup_rok_id,sup_cislo,xsup_pozicia_id,sup_inserted,sup_inserted_by,sup_modified,sup_modified_by,xsup_hra_id,xsup_cou_id) VALUES (23,2019,42,'B','2021-03-05 18:44:56.734989','ds2020',NULL,NULL,23,'SVK');
INSERT INTO t_supiska (sup_id,xsup_rok_id,sup_cislo,xsup_pozicia_id,sup_inserted,sup_inserted_by,sup_modified,sup_modified_by,xsup_hra_id,xsup_cou_id) VALUES (24,2019,47,'U','2021-03-05 18:46:00.489849','ds2020',NULL,NULL,24,'SVK');
INSERT INTO t_supiska (sup_id,xsup_rok_id,sup_cislo,xsup_pozicia_id,sup_inserted,sup_inserted_by,sup_modified,sup_modified_by,xsup_hra_id,xsup_cou_id) VALUES (25,2019,71,'O','2021-03-05 18:46:25.124866','ds2020',NULL,NULL,25,'SVK');
INSERT INTO t_supiska (sup_id,xsup_rok_id,sup_cislo,xsup_pozicia_id,sup_inserted,sup_inserted_by,sup_modified,sup_modified_by,xsup_hra_id,xsup_cou_id) VALUES (26,2019,12,'U','2021-03-05 18:47:19.511055','ds2020',NULL,NULL,26,'AUT');
INSERT INTO t_supiska (sup_id,xsup_rok_id,sup_cislo,xsup_pozicia_id,sup_inserted,sup_inserted_by,sup_modified,sup_modified_by,xsup_hra_id,xsup_cou_id) VALUES (27,2019,23,'U','2021-03-05 18:47:19.511055','ds2020',NULL,NULL,27,'ITA');
INSERT INTO t_supiska (sup_id,xsup_rok_id,sup_cislo,xsup_pozicia_id,sup_inserted,sup_inserted_by,sup_modified,sup_modified_by,xsup_hra_id,xsup_cou_id) VALUES (28,2019,27,'U','2021-03-05 18:47:19.511055','ds2020',NULL,NULL,28,'NOR');
INSERT INTO t_supiska (sup_id,xsup_rok_id,sup_cislo,xsup_pozicia_id,sup_inserted,sup_inserted_by,sup_modified,sup_modified_by,xsup_hra_id,xsup_cou_id) VALUES (29,2019,21,'U','2021-03-05 18:47:19.511055','ds2020',NULL,NULL,29,'LAT');
INSERT INTO t_supiska (sup_id,xsup_rok_id,sup_cislo,xsup_pozicia_id,sup_inserted,sup_inserted_by,sup_modified,sup_modified_by,xsup_hra_id,xsup_cou_id) VALUES (30,2019,63,'U','2021-03-05 18:47:19.511055','ds2020',NULL,NULL,30,'FRA');
INSERT INTO t_supiska (sup_id,xsup_rok_id,sup_cislo,xsup_pozicia_id,sup_inserted,sup_inserted_by,sup_modified,sup_modified_by,xsup_hra_id,xsup_cou_id) VALUES (31,2019,13,'O','2021-03-05 18:47:19.511055','ds2020',NULL,NULL,31,'GBR');
INSERT INTO t_supiska (sup_id,xsup_rok_id,sup_cislo,xsup_pozicia_id,sup_inserted,sup_inserted_by,sup_modified,sup_modified_by,xsup_hra_id,xsup_cou_id) VALUES (32,2019,20,'U','2021-03-05 18:47:19.511055','ds2020',NULL,NULL,32,'DEN');
INSERT INTO t_supiska (sup_id,xsup_rok_id,sup_cislo,xsup_pozicia_id,sup_inserted,sup_inserted_by,sup_modified,sup_modified_by,xsup_hra_id,xsup_cou_id) VALUES (33,2019,3,'U','2021-03-05 18:47:19.511055','ds2020',NULL,NULL,33,'AUT');
INSERT INTO t_supiska (sup_id,xsup_rok_id,sup_cislo,xsup_pozicia_id,sup_inserted,sup_inserted_by,sup_modified,sup_modified_by,xsup_hra_id,xsup_cou_id) VALUES (34,2019,5,'U','2021-03-05 18:47:19.511055','ds2020',NULL,NULL,34,'AUT');
INSERT INTO t_supiska (sup_id,xsup_rok_id,sup_cislo,xsup_pozicia_id,sup_inserted,sup_inserted_by,sup_modified,sup_modified_by,xsup_hra_id,xsup_cou_id) VALUES (35,2019,1,'B','2021-03-05 18:47:19.511055','ds2020',NULL,NULL,35,'ITA');
INSERT INTO t_supiska (sup_id,xsup_rok_id,sup_cislo,xsup_pozicia_id,sup_inserted,sup_inserted_by,sup_modified,sup_modified_by,xsup_hra_id,xsup_cou_id) VALUES (36,2019,3,'U','2021-03-05 18:47:19.511055','ds2020',NULL,NULL,36,'ITA');
INSERT INTO t_supiska (sup_id,xsup_rok_id,sup_cislo,xsup_pozicia_id,sup_inserted,sup_inserted_by,sup_modified,sup_modified_by,xsup_hra_id,xsup_cou_id) VALUES (37,2019,4,'O','2021-03-05 18:47:19.511055','ds2020',NULL,NULL,37,'NOR');
INSERT INTO t_supiska (sup_id,xsup_rok_id,sup_cislo,xsup_pozicia_id,sup_inserted,sup_inserted_by,sup_modified,sup_modified_by,xsup_hra_id,xsup_cou_id) VALUES (38,2019,13,'U','2021-03-05 18:47:19.511055','ds2020',NULL,NULL,38,'NOR');
INSERT INTO t_supiska (sup_id,xsup_rok_id,sup_cislo,xsup_pozicia_id,sup_inserted,sup_inserted_by,sup_modified,sup_modified_by,xsup_hra_id,xsup_cou_id) VALUES (39,2019,10,'U','2021-03-05 18:47:19.511055','ds2020',NULL,NULL,39,'LAT');
INSERT INTO t_supiska (sup_id,xsup_rok_id,sup_cislo,xsup_pozicia_id,sup_inserted,sup_inserted_by,sup_modified,sup_modified_by,xsup_hra_id,xsup_cou_id) VALUES (40,2019,11,'O','2021-03-05 18:47:19.511055','ds2020',NULL,NULL,40,'LAT');
INSERT INTO t_supiska (sup_id,xsup_rok_id,sup_cislo,xsup_pozicia_id,sup_inserted,sup_inserted_by,sup_modified,sup_modified_by,xsup_hra_id,xsup_cou_id) VALUES (41,2019,4,'O','2021-03-05 18:47:19.511055','ds2020',NULL,NULL,41,'FIN');
INSERT INTO t_supiska (sup_id,xsup_rok_id,sup_cislo,xsup_pozicia_id,sup_inserted,sup_inserted_by,sup_modified,sup_modified_by,xsup_hra_id,xsup_cou_id) VALUES (42,2019,24,'U','2021-03-05 18:47:19.511055','ds2020',NULL,NULL,42,'FIN');
INSERT INTO t_supiska (sup_id,xsup_rok_id,sup_cislo,xsup_pozicia_id,sup_inserted,sup_inserted_by,sup_modified,sup_modified_by,xsup_hra_id,xsup_cou_id) VALUES (43,2019,65,'U','2021-03-05 18:47:19.511055','ds2020',NULL,NULL,43,'FIN');
INSERT INTO t_supiska (sup_id,xsup_rok_id,sup_cislo,xsup_pozicia_id,sup_inserted,sup_inserted_by,sup_modified,sup_modified_by,xsup_hra_id,xsup_cou_id) VALUES (44,2019,61,'U','2021-03-05 18:47:19.511055','ds2020',NULL,NULL,44,'CAN');
INSERT INTO t_supiska (sup_id,xsup_rok_id,sup_cislo,xsup_pozicia_id,sup_inserted,sup_inserted_by,sup_modified,sup_modified_by,xsup_hra_id,xsup_cou_id) VALUES (45,2019,81,'U','2021-03-05 18:47:19.511055','ds2020',NULL,NULL,45,'CAN');
INSERT INTO t_supiska (sup_id,xsup_rok_id,sup_cislo,xsup_pozicia_id,sup_inserted,sup_inserted_by,sup_modified,sup_modified_by,xsup_hra_id,xsup_cou_id) VALUES (46,2019,72,'O','2021-03-05 18:47:19.511055','ds2020',NULL,NULL,46,'CAN');
INSERT INTO t_supiska (sup_id,xsup_rok_id,sup_cislo,xsup_pozicia_id,sup_inserted,sup_inserted_by,sup_modified,sup_modified_by,xsup_hra_id,xsup_cou_id) VALUES (47,2019,86,'U','2021-03-05 18:47:19.511055','ds2020',NULL,NULL,47,'RUS');
INSERT INTO t_supiska (sup_id,xsup_rok_id,sup_cislo,xsup_pozicia_id,sup_inserted,sup_inserted_by,sup_modified,sup_modified_by,xsup_hra_id,xsup_cou_id) VALUES (48,2019,8,'U','2021-03-05 18:47:19.511055','ds2020',NULL,NULL,48,'RUS');
INSERT INTO t_supiska (sup_id,xsup_rok_id,sup_cislo,xsup_pozicia_id,sup_inserted,sup_inserted_by,sup_modified,sup_modified_by,xsup_hra_id,xsup_cou_id) VALUES (49,2019,63,'U','2021-03-05 18:47:19.511055','ds2020',NULL,NULL,49,'RUS');
INSERT INTO t_supiska (sup_id,xsup_rok_id,sup_cislo,xsup_pozicia_id,sup_inserted,sup_inserted_by,sup_modified,sup_modified_by,xsup_hra_id,xsup_cou_id) VALUES (50,2019,93,'U','2021-03-05 18:47:19.511055','ds2020',NULL,NULL,50,'CZE');
INSERT INTO t_supiska (sup_id,xsup_rok_id,sup_cislo,xsup_pozicia_id,sup_inserted,sup_inserted_by,sup_modified,sup_modified_by,xsup_hra_id,xsup_cou_id) VALUES (51,2019,23,'U','2021-03-05 18:47:19.511055','ds2020',NULL,NULL,51,'CZE');
INSERT INTO t_supiska (sup_id,xsup_rok_id,sup_cislo,xsup_pozicia_id,sup_inserted,sup_inserted_by,sup_modified,sup_modified_by,xsup_hra_id,xsup_cou_id) VALUES (52,2019,67,'U','2021-03-05 18:47:19.511055','ds2020',NULL,NULL,52,'CZE');
INSERT INTO t_supiska (sup_id,xsup_rok_id,sup_cislo,xsup_pozicia_id,sup_inserted,sup_inserted_by,sup_modified,sup_modified_by,xsup_hra_id,xsup_cou_id) VALUES (53,2019,88,'U','2021-03-05 18:47:19.511055','ds2020',NULL,NULL,53,'SWE');
INSERT INTO t_supiska (sup_id,xsup_rok_id,sup_cislo,xsup_pozicia_id,sup_inserted,sup_inserted_by,sup_modified,sup_modified_by,xsup_hra_id,xsup_cou_id) VALUES (54,2019,23,'O','2021-03-05 18:47:19.511055','ds2020',NULL,NULL,54,'SWE');
INSERT INTO t_supiska (sup_id,xsup_rok_id,sup_cislo,xsup_pozicia_id,sup_inserted,sup_inserted_by,sup_modified,sup_modified_by,xsup_hra_id,xsup_cou_id) VALUES (55,2019,10,'U','2021-03-05 18:47:19.511055','ds2020',NULL,NULL,55,'SWE');
INSERT INTO t_supiska (sup_id,xsup_rok_id,sup_cislo,xsup_pozicia_id,sup_inserted,sup_inserted_by,sup_modified,sup_modified_by,xsup_hra_id,xsup_cou_id) VALUES (56,2019,30,'B','2021-03-05 18:47:19.511055','ds2020',NULL,NULL,56,'GER');
INSERT INTO t_supiska (sup_id,xsup_rok_id,sup_cislo,xsup_pozicia_id,sup_inserted,sup_inserted_by,sup_modified,sup_modified_by,xsup_hra_id,xsup_cou_id) VALUES (57,2019,29,'U','2021-03-05 18:47:19.511055','ds2020',NULL,NULL,57,'GER');
INSERT INTO t_supiska (sup_id,xsup_rok_id,sup_cislo,xsup_pozicia_id,sup_inserted,sup_inserted_by,sup_modified,sup_modified_by,xsup_hra_id,xsup_cou_id) VALUES (58,2019,72,'U','2021-03-05 18:47:19.511055','ds2020',NULL,NULL,58,'GER');
INSERT INTO t_supiska (sup_id,xsup_rok_id,sup_cislo,xsup_pozicia_id,sup_inserted,sup_inserted_by,sup_modified,sup_modified_by,xsup_hra_id,xsup_cou_id) VALUES (59,2019,88,'U','2021-03-05 18:47:19.511055','ds2020',NULL,NULL,59,'USA');
INSERT INTO t_supiska (sup_id,xsup_rok_id,sup_cislo,xsup_pozicia_id,sup_inserted,sup_inserted_by,sup_modified,sup_modified_by,xsup_hra_id,xsup_cou_id) VALUES (60,2019,12,'U','2021-03-05 18:47:19.511055','ds2020',NULL,NULL,60,'USA');
INSERT INTO t_supiska (sup_id,xsup_rok_id,sup_cislo,xsup_pozicia_id,sup_inserted,sup_inserted_by,sup_modified,sup_modified_by,xsup_hra_id,xsup_cou_id) VALUES (61,2019,55,'O','2021-03-05 18:47:19.511055','ds2020',NULL,NULL,61,'USA');
INSERT INTO t_supiska (sup_id,xsup_rok_id,sup_cislo,xsup_pozicia_id,sup_inserted,sup_inserted_by,sup_modified,sup_modified_by,xsup_hra_id,xsup_cou_id) VALUES (62,2019,13,'U','2021-03-05 18:47:19.511055','ds2020',NULL,NULL,62,'SUI');
INSERT INTO t_supiska (sup_id,xsup_rok_id,sup_cislo,xsup_pozicia_id,sup_inserted,sup_inserted_by,sup_modified,sup_modified_by,xsup_hra_id,xsup_cou_id) VALUES (63,2019,90,'O','2021-03-05 18:47:19.511055','ds2020',NULL,NULL,63,'SUI');
INSERT INTO t_supiska (sup_id,xsup_rok_id,sup_cislo,xsup_pozicia_id,sup_inserted,sup_inserted_by,sup_modified,sup_modified_by,xsup_hra_id,xsup_cou_id) VALUES (64,2019,21,'U','2021-03-05 18:47:19.511055','ds2020',NULL,NULL,64,'SUI');
INSERT INTO t_supiska (sup_id,xsup_rok_id,sup_cislo,xsup_pozicia_id,sup_inserted,sup_inserted_by,sup_modified,sup_modified_by,xsup_hra_id,xsup_cou_id) VALUES (65,2019,3,'O','2021-03-05 18:47:19.511055','ds2020',NULL,NULL,65,'FRA');
INSERT INTO t_supiska (sup_id,xsup_rok_id,sup_cislo,xsup_pozicia_id,sup_inserted,sup_inserted_by,sup_modified,sup_modified_by,xsup_hra_id,xsup_cou_id) VALUES (66,2019,8,'O','2021-03-05 18:47:19.511055','ds2020',NULL,NULL,66,'FRA');
INSERT INTO t_supiska (sup_id,xsup_rok_id,sup_cislo,xsup_pozicia_id,sup_inserted,sup_inserted_by,sup_modified,sup_modified_by,xsup_hra_id,xsup_cou_id) VALUES (67,2019,1,'B','2021-03-05 18:47:19.511055','ds2020',NULL,NULL,67,'GBR');
INSERT INTO t_supiska (sup_id,xsup_rok_id,sup_cislo,xsup_pozicia_id,sup_inserted,sup_inserted_by,sup_modified,sup_modified_by,xsup_hra_id,xsup_cou_id) VALUES (68,2019,20,'U','2021-03-05 18:47:19.511055','ds2020',NULL,NULL,68,'GBR');
INSERT INTO t_supiska (sup_id,xsup_rok_id,sup_cislo,xsup_pozicia_id,sup_inserted,sup_inserted_by,sup_modified,sup_modified_by,xsup_hra_id,xsup_cou_id) VALUES (69,2019,89,'U','2021-03-05 18:47:19.511055','ds2020',NULL,NULL,69,'DEN');
INSERT INTO t_supiska (sup_id,xsup_rok_id,sup_cislo,xsup_pozicia_id,sup_inserted,sup_inserted_by,sup_modified,sup_modified_by,xsup_hra_id,xsup_cou_id) VALUES (70,2019,9,'U','2021-03-05 18:47:19.511055','ds2020',NULL,NULL,70,'DEN');
INSERT INTO t_supiska (sup_id,xsup_rok_id,sup_cislo,xsup_pozicia_id,sup_inserted,sup_inserted_by,sup_modified,sup_modified_by,xsup_hra_id,xsup_cou_id) VALUES (71,2019,12,'U','2021-03-06 11:59:41.02389','ds2020',NULL,NULL,71,'FIN');
INSERT INTO t_supiska (sup_id,xsup_rok_id,sup_cislo,xsup_pozicia_id,sup_inserted,sup_inserted_by,sup_modified,sup_modified_by,xsup_hra_id,xsup_cou_id) VALUES (72,2019,27,'O','2021-03-06 12:00:40.506803','ds2020',NULL,NULL,72,'CAN');
INSERT INTO t_supiska (sup_id,xsup_rok_id,sup_cislo,xsup_pozicia_id,sup_inserted,sup_inserted_by,sup_modified,sup_modified_by,xsup_hra_id,xsup_cou_id) VALUES (73,2019,39,'U','2021-03-06 12:00:56.265052','ds2020',NULL,NULL,73,'CAN');
INSERT INTO t_supiska (sup_id,xsup_rok_id,sup_cislo,xsup_pozicia_id,sup_inserted,sup_inserted_by,sup_modified,sup_modified_by,xsup_hra_id,xsup_cou_id) VALUES (74,2019,25,'O','2021-03-06 12:05:51.327144','ds2020',NULL,NULL,74,'CAN');
INSERT INTO t_supiska (sup_id,xsup_rok_id,sup_cislo,xsup_pozicia_id,sup_inserted,sup_inserted_by,sup_modified,sup_modified_by,xsup_hra_id,xsup_cou_id) VALUES (75,2019,40,'O','2021-03-06 12:11:27.63716','ds2020',NULL,NULL,75,'FIN');
INSERT INTO t_supiska (sup_id,xsup_rok_id,sup_cislo,xsup_pozicia_id,sup_inserted,sup_inserted_by,sup_modified,sup_modified_by,xsup_hra_id,xsup_cou_id) VALUES (76,2019,21,'U','2021-03-06 12:16:58.281776','ds2020',NULL,NULL,76,'FIN');
INSERT INTO t_supiska (sup_id,xsup_rok_id,sup_cislo,xsup_pozicia_id,sup_inserted,sup_inserted_by,sup_modified,sup_modified_by,xsup_hra_id,xsup_cou_id) VALUES (77,2019,58,'O','2021-03-06 12:23:01.508605','ds2020',NULL,NULL,77,'FIN');
INSERT INTO t_supiska (sup_id,xsup_rok_id,sup_cislo,xsup_pozicia_id,sup_inserted,sup_inserted_by,sup_modified,sup_modified_by,xsup_hra_id,xsup_cou_id) VALUES (78,2019,82,'U','2021-03-06 12:34:22.772715','ds2020',NULL,NULL,78,'FIN');
INSERT INTO t_supiska (sup_id,xsup_rok_id,sup_cislo,xsup_pozicia_id,sup_inserted,sup_inserted_by,sup_modified,sup_modified_by,xsup_hra_id,xsup_cou_id) VALUES (79,2019,79,'U','2021-03-06 13:20:12.285274','ds2020',NULL,NULL,79,'CZE');
INSERT INTO t_supiska (sup_id,xsup_rok_id,sup_cislo,xsup_pozicia_id,sup_inserted,sup_inserted_by,sup_modified,sup_modified_by,xsup_hra_id,xsup_cou_id) VALUES (80,2019,25,'U','2021-03-06 13:33:09.22046','ds2020',NULL,NULL,80,'RUS');
INSERT INTO t_supiska (sup_id,xsup_rok_id,sup_cislo,xsup_pozicia_id,sup_inserted,sup_inserted_by,sup_modified,sup_modified_by,xsup_hra_id,xsup_cou_id) VALUES (81,2019,26,'U','2021-03-06 13:39:15.232579','ds2020',NULL,NULL,81,'CZE');
INSERT INTO t_supiska (sup_id,xsup_rok_id,sup_cislo,xsup_pozicia_id,sup_inserted,sup_inserted_by,sup_modified,sup_modified_by,xsup_hra_id,xsup_cou_id) VALUES (82,2019,81,'U','2021-03-06 13:48:56.499543','ds2020',NULL,NULL,82,'CZE');
INSERT INTO t_supiska (sup_id,xsup_rok_id,sup_cislo,xsup_pozicia_id,sup_inserted,sup_inserted_by,sup_modified,sup_modified_by,xsup_hra_id,xsup_cou_id) VALUES (83,2019,15,'U','2021-03-06 13:55:38.870291','ds2020',NULL,NULL,83,'RUS');
INSERT INTO t_supiska (sup_id,xsup_rok_id,sup_cislo,xsup_pozicia_id,sup_inserted,sup_inserted_by,sup_modified,sup_modified_by,xsup_hra_id,xsup_cou_id) VALUES (84,2019,43,'U','2021-03-06 14:01:59.871164','ds2020',NULL,NULL,84,'CZE');
INSERT INTO t_supiska (sup_id,xsup_rok_id,sup_cislo,xsup_pozicia_id,sup_inserted,sup_inserted_by,sup_modified,sup_modified_by,xsup_hra_id,xsup_cou_id) VALUES (85,2019,71,'U','2021-03-06 14:23:31.405685','ds2020',NULL,NULL,85,'RUS');
INSERT INTO t_supiska (sup_id,xsup_rok_id,sup_cislo,xsup_pozicia_id,sup_inserted,sup_inserted_by,sup_modified,sup_modified_by,xsup_hra_id,xsup_cou_id) VALUES (86,2019,19,'U','2021-03-06 16:09:14.375327','ds2020',NULL,NULL,86,'CAN');
INSERT INTO t_supiska (sup_id,xsup_rok_id,sup_cislo,xsup_pozicia_id,sup_inserted,sup_inserted_by,sup_modified,sup_modified_by,xsup_hra_id,xsup_cou_id) VALUES (87,2019,18,'U','2021-03-06 16:33:31.527828','ds2020',NULL,NULL,87,'CAN');
INSERT INTO t_supiska (sup_id,xsup_rok_id,sup_cislo,xsup_pozicia_id,sup_inserted,sup_inserted_by,sup_modified,sup_modified_by,xsup_hra_id,xsup_cou_id) VALUES (88,2019,16,'U','2021-03-06 17:03:57.386349','ds2020',NULL,NULL,88,'CAN');
INSERT INTO t_supiska (sup_id,xsup_rok_id,sup_cislo,xsup_pozicia_id,sup_inserted,sup_inserted_by,sup_modified,sup_modified_by,xsup_hra_id,xsup_cou_id) VALUES (89,2019,7,'O','2021-03-06 17:58:47.258711','ds2020',NULL,NULL,89,'FIN');
INSERT INTO t_supiska (sup_id,xsup_rok_id,sup_cislo,xsup_pozicia_id,sup_inserted,sup_inserted_by,sup_modified,sup_modified_by,xsup_hra_id,xsup_cou_id) VALUES (90,2019,13,'U','2021-03-06 20:03:31.349278','ds2020',NULL,NULL,90,'RUS');
INSERT INTO t_supiska (sup_id,xsup_rok_id,sup_cislo,xsup_pozicia_id,sup_inserted,sup_inserted_by,sup_modified,sup_modified_by,xsup_hra_id,xsup_cou_id) VALUES (91,2019,55,'O','2021-03-06 22:05:46.72857','ds2020',NULL,NULL,91,'FIN');
INSERT INTO t_supiska (sup_id,xsup_rok_id,sup_cislo,xsup_pozicia_id,sup_inserted,sup_inserted_by,sup_modified,sup_modified_by,xsup_hra_id,xsup_cou_id) VALUES (92,2019,20,'U','2021-03-06 22:28:48.600535','ds2020',NULL,NULL,92,'FIN');


INSERT INTO t_skupina (sku_id,sku_nazov,xsku_rok_id,xsku_cou_id,sku_inserted,sku_inserted_by,sku_modified,sku_modified_by) VALUES (1,'A',2019,'CAN','2021-03-05 19:09:59.075413','ds2020',NULL,NULL);
INSERT INTO t_skupina (sku_id,sku_nazov,xsku_rok_id,xsku_cou_id,sku_inserted,sku_inserted_by,sku_modified,sku_modified_by) VALUES (2,'A',2019,'FIN','2021-03-05 19:10:12.193679','ds2020',NULL,NULL);
INSERT INTO t_skupina (sku_id,sku_nazov,xsku_rok_id,xsku_cou_id,sku_inserted,sku_inserted_by,sku_modified,sku_modified_by) VALUES (3,'A',2019,'FRA','2021-03-05 19:10:23.61278','ds2020',NULL,NULL);
INSERT INTO t_skupina (sku_id,sku_nazov,xsku_rok_id,xsku_cou_id,sku_inserted,sku_inserted_by,sku_modified,sku_modified_by) VALUES (4,'A',2019,'GBR','2021-03-05 19:10:38.360083','ds2020',NULL,NULL);
INSERT INTO t_skupina (sku_id,sku_nazov,xsku_rok_id,xsku_cou_id,sku_inserted,sku_inserted_by,sku_modified,sku_modified_by) VALUES (5,'A',2019,'GER','2021-03-05 19:10:47.735876','ds2020',NULL,NULL);
INSERT INTO t_skupina (sku_id,sku_nazov,xsku_rok_id,xsku_cou_id,sku_inserted,sku_inserted_by,sku_modified,sku_modified_by) VALUES (6,'A',2019,'USA','2021-03-05 19:11:00.54017','ds2020',NULL,NULL);
INSERT INTO t_skupina (sku_id,sku_nazov,xsku_rok_id,xsku_cou_id,sku_inserted,sku_inserted_by,sku_modified,sku_modified_by) VALUES (7,'A',2019,'SVK','2021-03-05 19:11:09.431518','ds2020',NULL,NULL);
INSERT INTO t_skupina (sku_id,sku_nazov,xsku_rok_id,xsku_cou_id,sku_inserted,sku_inserted_by,sku_modified,sku_modified_by) VALUES (8,'A',2019,'DEN','2021-03-05 19:11:23.807995','ds2020',NULL,NULL);
INSERT INTO t_skupina (sku_id,sku_nazov,xsku_rok_id,xsku_cou_id,sku_inserted,sku_inserted_by,sku_modified,sku_modified_by) VALUES (9,'B',2019,'SWE','2021-03-05 19:12:02.924338','ds2020',NULL,NULL);
INSERT INTO t_skupina (sku_id,sku_nazov,xsku_rok_id,xsku_cou_id,sku_inserted,sku_inserted_by,sku_modified,sku_modified_by) VALUES (10,'B',2019,'RUS','2021-03-05 19:12:11.969233','ds2020',NULL,NULL);
INSERT INTO t_skupina (sku_id,sku_nazov,xsku_rok_id,xsku_cou_id,sku_inserted,sku_inserted_by,sku_modified,sku_modified_by) VALUES (11,'B',2019,'CZE','2021-03-05 19:12:22.028145','ds2020',NULL,NULL);
INSERT INTO t_skupina (sku_id,sku_nazov,xsku_rok_id,xsku_cou_id,sku_inserted,sku_inserted_by,sku_modified,sku_modified_by) VALUES (12,'B',2019,'SUI','2021-03-05 19:12:35.143429','ds2020',NULL,NULL);
INSERT INTO t_skupina (sku_id,sku_nazov,xsku_rok_id,xsku_cou_id,sku_inserted,sku_inserted_by,sku_modified,sku_modified_by) VALUES (13,'B',2019,'NOR','2021-03-05 19:12:48.029259','ds2020',NULL,NULL);
INSERT INTO t_skupina (sku_id,sku_nazov,xsku_rok_id,xsku_cou_id,sku_inserted,sku_inserted_by,sku_modified,sku_modified_by) VALUES (14,'B',2019,'LAT','2021-03-05 19:13:00.16205','ds2020',NULL,NULL);
INSERT INTO t_skupina (sku_id,sku_nazov,xsku_rok_id,xsku_cou_id,sku_inserted,sku_inserted_by,sku_modified,sku_modified_by) VALUES (15,'B',2019,'AUT','2021-03-05 19:13:10.331908','ds2020',NULL,NULL);
INSERT INTO t_skupina (sku_id,sku_nazov,xsku_rok_id,xsku_cou_id,sku_inserted,sku_inserted_by,sku_modified,sku_modified_by) VALUES (16,'B',2019,'ITA','2021-03-05 19:13:20.041196','ds2020',NULL,NULL);


INSERT INTO t_zapas (zap_id,zap_datum,xzap_cou_id1,zap_stav_cou_id1,xzap_cou_id2,zap_stav_cou_id2,xzap_cit_id,xzap_rok_id,zap_inserted,zap_inserted_by,zap_modified,zap_modified_by,xzap_zat_id) VALUES (1,'2019-05-10 16:15:00','FIN',3,'CAN',1,8,2019,'2021-03-05 19:28:52.627284','ds2020',NULL,NULL,'GRP');
INSERT INTO t_zapas (zap_id,zap_datum,xzap_cou_id1,zap_stav_cou_id1,xzap_cou_id2,zap_stav_cou_id2,xzap_cit_id,xzap_rok_id,zap_inserted,zap_inserted_by,zap_modified,zap_modified_by,xzap_zat_id) VALUES (2,'2019-05-10 20:15:00','USA',1,'SVK',4,8,2019,'2021-03-05 19:30:12.622792','ds2020',NULL,NULL,'GRP');
INSERT INTO t_zapas (zap_id,zap_datum,xzap_cou_id1,zap_stav_cou_id1,xzap_cou_id2,zap_stav_cou_id2,xzap_cit_id,xzap_rok_id,zap_inserted,zap_inserted_by,zap_modified,zap_modified_by,xzap_zat_id) VALUES (3,'2019-05-11 12:15:00','DEN',5,'FRA',4,8,2019,'2021-03-05 19:31:09.989049','ds2020',NULL,NULL,'GRP');
INSERT INTO t_zapas (zap_id,zap_datum,xzap_cou_id1,zap_stav_cou_id1,xzap_cou_id2,zap_stav_cou_id2,xzap_cit_id,xzap_rok_id,zap_inserted,zap_inserted_by,zap_modified,zap_modified_by,xzap_zat_id) VALUES (4,'2019-05-11 16:15:00','GER',3,'GBR',1,8,2019,'2021-03-05 19:31:37.733613','ds2020',NULL,NULL,'GRP');
INSERT INTO t_zapas (zap_id,zap_datum,xzap_cou_id1,zap_stav_cou_id1,xzap_cou_id2,zap_stav_cou_id2,xzap_cit_id,xzap_rok_id,zap_inserted,zap_inserted_by,zap_modified,zap_modified_by,xzap_zat_id) VALUES (5,'2019-05-11 20:15:00','SVK',2,'FIN',4,8,2019,'2021-03-05 19:32:06.62465','ds2020',NULL,NULL,'GRP');
INSERT INTO t_zapas (zap_id,zap_datum,xzap_cou_id1,zap_stav_cou_id1,xzap_cou_id2,zap_stav_cou_id2,xzap_cit_id,xzap_rok_id,zap_inserted,zap_inserted_by,zap_modified,zap_modified_by,xzap_zat_id) VALUES (6,'2019-05-12 12:15:00','USA',7,'FRA',1,8,2019,'2021-03-05 19:32:35.402315','ds2020',NULL,NULL,'GRP');
INSERT INTO t_zapas (zap_id,zap_datum,xzap_cou_id1,zap_stav_cou_id1,xzap_cou_id2,zap_stav_cou_id2,xzap_cit_id,xzap_rok_id,zap_inserted,zap_inserted_by,zap_modified,zap_modified_by,xzap_zat_id) VALUES (7,'2019-05-12 16:15:00','DEN',1,'GER',2,8,2019,'2021-03-05 19:33:04.199856','ds2020',NULL,NULL,'GRP');
INSERT INTO t_zapas (zap_id,zap_datum,xzap_cou_id1,zap_stav_cou_id1,xzap_cou_id2,zap_stav_cou_id2,xzap_cit_id,xzap_rok_id,zap_inserted,zap_inserted_by,zap_modified,zap_modified_by,xzap_zat_id) VALUES (8,'2019-05-12 20:15:00','GBR',0,'CAN',8,8,2019,'2021-03-05 19:33:31.054194','ds2020',NULL,NULL,'GRP');
INSERT INTO t_zapas (zap_id,zap_datum,xzap_cou_id1,zap_stav_cou_id1,xzap_cou_id2,zap_stav_cou_id2,xzap_cit_id,xzap_rok_id,zap_inserted,zap_inserted_by,zap_modified,zap_modified_by,xzap_zat_id) VALUES (9,'2019-05-13 16:15:00','USA',3,'FIN',2,8,2019,'2021-03-05 19:34:42.178484','ds2020',NULL,NULL,'GRP');
INSERT INTO t_zapas (zap_id,zap_datum,xzap_cou_id1,zap_stav_cou_id1,xzap_cou_id2,zap_stav_cou_id2,xzap_cit_id,xzap_rok_id,zap_inserted,zap_inserted_by,zap_modified,zap_modified_by,xzap_zat_id) VALUES (10,'2019-05-13 20:15:00','SVK',5,'CAN',6,8,2019,'2021-03-05 19:35:08.649174','ds2020',NULL,NULL,'GRP');
INSERT INTO t_zapas (zap_id,zap_datum,xzap_cou_id1,zap_stav_cou_id1,xzap_cou_id2,zap_stav_cou_id2,xzap_cit_id,xzap_rok_id,zap_inserted,zap_inserted_by,zap_modified,zap_modified_by,xzap_zat_id) VALUES (11,'2019-05-14 16:15:00','GBR',0,'DEN',9,8,2019,'2021-03-05 19:35:39.197696','ds2020',NULL,NULL,'GRP');
INSERT INTO t_zapas (zap_id,zap_datum,xzap_cou_id1,zap_stav_cou_id1,xzap_cou_id2,zap_stav_cou_id2,xzap_cit_id,xzap_rok_id,zap_inserted,zap_inserted_by,zap_modified,zap_modified_by,xzap_zat_id) VALUES (12,'2019-05-14 20:15:00','GER',4,'FRA',1,8,2019,'2021-03-05 19:36:03.401642','ds2020',NULL,NULL,'GRP');
INSERT INTO t_zapas (zap_id,zap_datum,xzap_cou_id1,zap_stav_cou_id1,xzap_cou_id2,zap_stav_cou_id2,xzap_cit_id,xzap_rok_id,zap_inserted,zap_inserted_by,zap_modified,zap_modified_by,xzap_zat_id) VALUES (13,'2019-05-15 16:15:00','USA',6,'GBR',3,8,2019,'2021-03-05 19:36:53.392573','ds2020',NULL,NULL,'GRP');
INSERT INTO t_zapas (zap_id,zap_datum,xzap_cou_id1,zap_stav_cou_id1,xzap_cou_id2,zap_stav_cou_id2,xzap_cit_id,xzap_rok_id,zap_inserted,zap_inserted_by,zap_modified,zap_modified_by,xzap_zat_id) VALUES (14,'2019-05-15 20:15:00','GER',3,'SVK',2,8,2019,'2021-03-05 19:37:26.601917','ds2020',NULL,NULL,'GRP');
INSERT INTO t_zapas (zap_id,zap_datum,xzap_cou_id1,zap_stav_cou_id1,xzap_cou_id2,zap_stav_cou_id2,xzap_cit_id,xzap_rok_id,zap_inserted,zap_inserted_by,zap_modified,zap_modified_by,xzap_zat_id) VALUES (15,'2019-05-16 16:15:00','CAN',5,'FRA',2,8,2019,'2021-03-05 19:37:54.463365','ds2020',NULL,NULL,'GRP');
INSERT INTO t_zapas (zap_id,zap_datum,xzap_cou_id1,zap_stav_cou_id1,xzap_cou_id2,zap_stav_cou_id2,xzap_cit_id,xzap_rok_id,zap_inserted,zap_inserted_by,zap_modified,zap_modified_by,xzap_zat_id) VALUES (16,'2019-05-16 20:15:00','FIN',3,'DEN',1,8,2019,'2021-03-05 19:38:19.720241','ds2020',NULL,NULL,'GRP');
INSERT INTO t_zapas (zap_id,zap_datum,xzap_cou_id1,zap_stav_cou_id1,xzap_cou_id2,zap_stav_cou_id2,xzap_cit_id,xzap_rok_id,zap_inserted,zap_inserted_by,zap_modified,zap_modified_by,xzap_zat_id) VALUES (17,'2019-05-17 16:15:00','FRA',3,'SVK',6,8,2019,'2021-03-05 19:38:44.00833','ds2020',NULL,NULL,'GRP');
INSERT INTO t_zapas (zap_id,zap_datum,xzap_cou_id1,zap_stav_cou_id1,xzap_cou_id2,zap_stav_cou_id2,xzap_cit_id,xzap_rok_id,zap_inserted,zap_inserted_by,zap_modified,zap_modified_by,xzap_zat_id) VALUES (18,'2019-05-17 20:15:00','FIN',5,'GBR',0,8,2019,'2021-03-05 19:39:40.797341','ds2020',NULL,NULL,'GRP');
INSERT INTO t_zapas (zap_id,zap_datum,xzap_cou_id1,zap_stav_cou_id1,xzap_cou_id2,zap_stav_cou_id2,xzap_cit_id,xzap_rok_id,zap_inserted,zap_inserted_by,zap_modified,zap_modified_by,xzap_zat_id) VALUES (19,'2019-05-18 12:15:00','DEN',1,'USA',7,8,2019,'2021-03-05 19:40:14.763199','ds2020',NULL,NULL,'GRP');
INSERT INTO t_zapas (zap_id,zap_datum,xzap_cou_id1,zap_stav_cou_id1,xzap_cou_id2,zap_stav_cou_id2,xzap_cit_id,xzap_rok_id,zap_inserted,zap_inserted_by,zap_modified,zap_modified_by,xzap_zat_id) VALUES (20,'2019-05-18 16:15:00','CAN',8,'GER',1,8,2019,'2021-03-05 19:40:36.007701','ds2020',NULL,NULL,'GRP');
INSERT INTO t_zapas (zap_id,zap_datum,xzap_cou_id1,zap_stav_cou_id1,xzap_cou_id2,zap_stav_cou_id2,xzap_cit_id,xzap_rok_id,zap_inserted,zap_inserted_by,zap_modified,zap_modified_by,xzap_zat_id) VALUES (21,'2019-05-18 20:15:00','GBR',1,'SVK',7,8,2019,'2021-03-05 19:41:09.60758','ds2020',NULL,NULL,'GRP');
INSERT INTO t_zapas (zap_id,zap_datum,xzap_cou_id1,zap_stav_cou_id1,xzap_cou_id2,zap_stav_cou_id2,xzap_cit_id,xzap_rok_id,zap_inserted,zap_inserted_by,zap_modified,zap_modified_by,xzap_zat_id) VALUES (22,'2019-05-19 16:15:00','GER',1,'USA',3,8,2019,'2021-03-05 19:41:37.259371','ds2020',NULL,NULL,'GRP');
INSERT INTO t_zapas (zap_id,zap_datum,xzap_cou_id1,zap_stav_cou_id1,xzap_cou_id2,zap_stav_cou_id2,xzap_cit_id,xzap_rok_id,zap_inserted,zap_inserted_by,zap_modified,zap_modified_by,xzap_zat_id) VALUES (23,'2019-05-19 20:15:00','FRA',0,'FIN',3,8,2019,'2021-03-05 19:42:06.476748','ds2020',NULL,NULL,'GRP');
INSERT INTO t_zapas (zap_id,zap_datum,xzap_cou_id1,zap_stav_cou_id1,xzap_cou_id2,zap_stav_cou_id2,xzap_cit_id,xzap_rok_id,zap_inserted,zap_inserted_by,zap_modified,zap_modified_by,xzap_zat_id) VALUES (24,'2019-05-20 16:15:00','FRA',3,'GBR',4,8,2019,'2021-03-05 19:42:36.331878','ds2020',NULL,NULL,'GRP');
INSERT INTO t_zapas (zap_id,zap_datum,xzap_cou_id1,zap_stav_cou_id1,xzap_cou_id2,zap_stav_cou_id2,xzap_cit_id,xzap_rok_id,zap_inserted,zap_inserted_by,zap_modified,zap_modified_by,xzap_zat_id) VALUES (25,'2019-05-20 20:15:00','CAN',5,'DEN',0,8,2019,'2021-03-05 19:43:24.929988','ds2020',NULL,NULL,'GRP');
INSERT INTO t_zapas (zap_id,zap_datum,xzap_cou_id1,zap_stav_cou_id1,xzap_cou_id2,zap_stav_cou_id2,xzap_cit_id,xzap_rok_id,zap_inserted,zap_inserted_by,zap_modified,zap_modified_by,xzap_zat_id) VALUES (26,'2019-05-21 12:15:00','FIN',2,'GER',4,8,2019,'2021-03-05 19:44:05.458136','ds2020',NULL,NULL,'GRP');
INSERT INTO t_zapas (zap_id,zap_datum,xzap_cou_id1,zap_stav_cou_id1,xzap_cou_id2,zap_stav_cou_id2,xzap_cit_id,xzap_rok_id,zap_inserted,zap_inserted_by,zap_modified,zap_modified_by,xzap_zat_id) VALUES (27,'2019-05-21 16:15:00','SVK',2,'DEN',1,8,2019,'2021-03-05 19:44:33.501983','ds2020',NULL,NULL,'GRP');
INSERT INTO t_zapas (zap_id,zap_datum,xzap_cou_id1,zap_stav_cou_id1,xzap_cou_id2,zap_stav_cou_id2,xzap_cit_id,xzap_rok_id,zap_inserted,zap_inserted_by,zap_modified,zap_modified_by,xzap_zat_id) VALUES (28,'2019-05-21 20:15:00','CAN',3,'USA',0,8,2019,'2021-03-05 19:44:57.954399','ds2020',NULL,NULL,'GRP');
INSERT INTO t_zapas (zap_id,zap_datum,xzap_cou_id1,zap_stav_cou_id1,xzap_cou_id2,zap_stav_cou_id2,xzap_cit_id,xzap_rok_id,zap_inserted,zap_inserted_by,zap_modified,zap_modified_by,xzap_zat_id) VALUES (29,'2019-05-10 16:15:00','RUS',5,'NOR',2,14,2019,'2021-03-05 21:32:16.784979','ds2020',NULL,NULL,'GRP');
INSERT INTO t_zapas (zap_id,zap_datum,xzap_cou_id1,zap_stav_cou_id1,xzap_cou_id2,zap_stav_cou_id2,xzap_cit_id,xzap_rok_id,zap_inserted,zap_inserted_by,zap_modified,zap_modified_by,xzap_zat_id) VALUES (30,'2019-05-10 20:15:00','CZE',5,'SWE',2,14,2019,'2021-03-05 21:32:45.372068','ds2020',NULL,NULL,'GRP');
INSERT INTO t_zapas (zap_id,zap_datum,xzap_cou_id1,zap_stav_cou_id1,xzap_cou_id2,zap_stav_cou_id2,xzap_cit_id,xzap_rok_id,zap_inserted,zap_inserted_by,zap_modified,zap_modified_by,xzap_zat_id) VALUES (31,'2019-05-11 12:15:00','SUI',9,'ITA',0,14,2019,'2021-03-05 21:33:15.847956','ds2020',NULL,NULL,'GRP');
INSERT INTO t_zapas (zap_id,zap_datum,xzap_cou_id1,zap_stav_cou_id1,xzap_cou_id2,zap_stav_cou_id2,xzap_cit_id,xzap_rok_id,zap_inserted,zap_inserted_by,zap_modified,zap_modified_by,xzap_zat_id) VALUES (33,'2019-05-11 16:15:00','LAT',5,'AUT',2,14,2019,'2021-03-05 21:33:53.485102','ds2020',NULL,NULL,'GRP');
INSERT INTO t_zapas (zap_id,zap_datum,xzap_cou_id1,zap_stav_cou_id1,xzap_cou_id2,zap_stav_cou_id2,xzap_cit_id,xzap_rok_id,zap_inserted,zap_inserted_by,zap_modified,zap_modified_by,xzap_zat_id) VALUES (34,'2019-05-11 20:15:00','NOR',2,'CZE',7,14,2019,'2021-03-05 21:34:11.229335','ds2020',NULL,NULL,'GRP');
INSERT INTO t_zapas (zap_id,zap_datum,xzap_cou_id1,zap_stav_cou_id1,xzap_cou_id2,zap_stav_cou_id2,xzap_cit_id,xzap_rok_id,zap_inserted,zap_inserted_by,zap_modified,zap_modified_by,xzap_zat_id) VALUES (35,'2019-05-12 12:15:00','RUS',5,'AUT',0,14,2019,'2021-03-05 21:34:32.441082','ds2020',NULL,NULL,'GRP');
INSERT INTO t_zapas (zap_id,zap_datum,xzap_cou_id1,zap_stav_cou_id1,xzap_cou_id2,zap_stav_cou_id2,xzap_cit_id,xzap_rok_id,zap_inserted,zap_inserted_by,zap_modified,zap_modified_by,xzap_zat_id) VALUES (36,'2019-05-12 16:15:00','ITA',0,'SWE',8,14,2019,'2021-03-05 21:34:53.658829','ds2020',NULL,NULL,'GRP');
INSERT INTO t_zapas (zap_id,zap_datum,xzap_cou_id1,zap_stav_cou_id1,xzap_cou_id2,zap_stav_cou_id2,xzap_cit_id,xzap_rok_id,zap_inserted,zap_inserted_by,zap_modified,zap_modified_by,xzap_zat_id) VALUES (37,'2019-05-12 20:15:00','LAT',1,'SUI',3,14,2019,'2021-03-05 21:35:09.404354','ds2020',NULL,NULL,'GRP');
INSERT INTO t_zapas (zap_id,zap_datum,xzap_cou_id1,zap_stav_cou_id1,xzap_cou_id2,zap_stav_cou_id2,xzap_cit_id,xzap_rok_id,zap_inserted,zap_inserted_by,zap_modified,zap_modified_by,xzap_zat_id) VALUES (38,'2019-05-13 16:15:00','RUS',3,'CZE',0,14,2019,'2021-03-05 21:35:32.408784','ds2020',NULL,NULL,'GRP');
INSERT INTO t_zapas (zap_id,zap_datum,xzap_cou_id1,zap_stav_cou_id1,xzap_cou_id2,zap_stav_cou_id2,xzap_cit_id,xzap_rok_id,zap_inserted,zap_inserted_by,zap_modified,zap_modified_by,xzap_zat_id) VALUES (39,'2019-05-13 20:15:00','NOR',1,'SWE',9,14,2019,'2021-03-05 21:35:50.445975','ds2020',NULL,NULL,'GRP');
INSERT INTO t_zapas (zap_id,zap_datum,xzap_cou_id1,zap_stav_cou_id1,xzap_cou_id2,zap_stav_cou_id2,xzap_cit_id,xzap_rok_id,zap_inserted,zap_inserted_by,zap_modified,zap_modified_by,xzap_zat_id) VALUES (40,'2019-05-14 16:15:00','ITA',0,'LAT',3,14,2019,'2021-03-05 21:36:02.367026','ds2020',NULL,NULL,'GRP');
INSERT INTO t_zapas (zap_id,zap_datum,xzap_cou_id1,zap_stav_cou_id1,xzap_cou_id2,zap_stav_cou_id2,xzap_cit_id,xzap_rok_id,zap_inserted,zap_inserted_by,zap_modified,zap_modified_by,xzap_zat_id) VALUES (41,'2019-05-14 20:15:00','SUI',4,'AUT',0,14,2019,'2021-03-05 21:36:19.670431','ds2020',NULL,NULL,'GRP');
INSERT INTO t_zapas (zap_id,zap_datum,xzap_cou_id1,zap_stav_cou_id1,xzap_cou_id2,zap_stav_cou_id2,xzap_cit_id,xzap_rok_id,zap_inserted,zap_inserted_by,zap_modified,zap_modified_by,xzap_zat_id) VALUES (42,'2019-05-15 16:15:00','SUI',4,'NOR',1,14,2019,'2021-03-05 21:36:38.379172','ds2020',NULL,NULL,'GRP');
INSERT INTO t_zapas (zap_id,zap_datum,xzap_cou_id1,zap_stav_cou_id1,xzap_cou_id2,zap_stav_cou_id2,xzap_cit_id,xzap_rok_id,zap_inserted,zap_inserted_by,zap_modified,zap_modified_by,xzap_zat_id) VALUES (43,'2019-05-15 20:15:00','RUS',10,'ITA',0,14,2019,'2021-03-05 21:36:58.901025','ds2020',NULL,NULL,'GRP');
INSERT INTO t_zapas (zap_id,zap_datum,xzap_cou_id1,zap_stav_cou_id1,xzap_cou_id2,zap_stav_cou_id2,xzap_cit_id,xzap_rok_id,zap_inserted,zap_inserted_by,zap_modified,zap_modified_by,xzap_zat_id) VALUES (44,'2019-05-16 16:15:00','SWE',9,'AUT',1,14,2019,'2021-03-05 21:37:19.126349','ds2020',NULL,NULL,'GRP');
INSERT INTO t_zapas (zap_id,zap_datum,xzap_cou_id1,zap_stav_cou_id1,xzap_cou_id2,zap_stav_cou_id2,xzap_cit_id,xzap_rok_id,zap_inserted,zap_inserted_by,zap_modified,zap_modified_by,xzap_zat_id) VALUES (45,'2019-05-16 20:15:00','CZE',6,'LAT',3,14,2019,'2021-03-05 21:37:39.737785','ds2020',NULL,NULL,'GRP');
INSERT INTO t_zapas (zap_id,zap_datum,xzap_cou_id1,zap_stav_cou_id1,xzap_cou_id2,zap_stav_cou_id2,xzap_cit_id,xzap_rok_id,zap_inserted,zap_inserted_by,zap_modified,zap_modified_by,xzap_zat_id) VALUES (46,'2019-05-17 16:15:00','AUT',3,'NOR',5,14,2019,'2021-03-05 21:37:57.409901','ds2020',NULL,NULL,'GRP');
INSERT INTO t_zapas (zap_id,zap_datum,xzap_cou_id1,zap_stav_cou_id1,xzap_cou_id2,zap_stav_cou_id2,xzap_cit_id,xzap_rok_id,zap_inserted,zap_inserted_by,zap_modified,zap_modified_by,xzap_zat_id) VALUES (47,'2019-05-17 20:15:00','CZE',8,'ITA',0,14,2019,'2021-03-05 21:38:13.579974','ds2020',NULL,NULL,'GRP');
INSERT INTO t_zapas (zap_id,zap_datum,xzap_cou_id1,zap_stav_cou_id1,xzap_cou_id2,zap_stav_cou_id2,xzap_cit_id,xzap_rok_id,zap_inserted,zap_inserted_by,zap_modified,zap_modified_by,xzap_zat_id) VALUES (48,'2019-05-18 12:15:00','LAT',1,'RUS',3,14,2019,'2021-03-05 21:38:29.054291','ds2020',NULL,NULL,'GRP');
INSERT INTO t_zapas (zap_id,zap_datum,xzap_cou_id1,zap_stav_cou_id1,xzap_cou_id2,zap_stav_cou_id2,xzap_cit_id,xzap_rok_id,zap_inserted,zap_inserted_by,zap_modified,zap_modified_by,xzap_zat_id) VALUES (49,'2019-05-18 16:15:00','ITA',1,'NOR',7,14,2019,'2021-03-05 21:38:48.191046','ds2020',NULL,NULL,'GRP');
INSERT INTO t_zapas (zap_id,zap_datum,xzap_cou_id1,zap_stav_cou_id1,xzap_cou_id2,zap_stav_cou_id2,xzap_cit_id,xzap_rok_id,zap_inserted,zap_inserted_by,zap_modified,zap_modified_by,xzap_zat_id) VALUES (50,'2019-05-18 20:15:00','SWE',4,'SUI',3,14,2019,'2021-03-05 21:39:06.864122','ds2020',NULL,NULL,'GRP');
INSERT INTO t_zapas (zap_id,zap_datum,xzap_cou_id1,zap_stav_cou_id1,xzap_cou_id2,zap_stav_cou_id2,xzap_cit_id,xzap_rok_id,zap_inserted,zap_inserted_by,zap_modified,zap_modified_by,xzap_zat_id) VALUES (51,'2019-05-19 16:15:00','AUT',0,'CZE',8,14,2019,'2021-03-05 21:39:23.829548','ds2020',NULL,NULL,'GRP');
INSERT INTO t_zapas (zap_id,zap_datum,xzap_cou_id1,zap_stav_cou_id1,xzap_cou_id2,zap_stav_cou_id2,xzap_cit_id,xzap_rok_id,zap_inserted,zap_inserted_by,zap_modified,zap_modified_by,xzap_zat_id) VALUES (52,'2019-05-19 20:15:00','SUI',0,'RUS',3,14,2019,'2021-03-05 21:40:00.700645','ds2020',NULL,NULL,'GRP');
INSERT INTO t_zapas (zap_id,zap_datum,xzap_cou_id1,zap_stav_cou_id1,xzap_cou_id2,zap_stav_cou_id2,xzap_cit_id,xzap_rok_id,zap_inserted,zap_inserted_by,zap_modified,zap_modified_by,xzap_zat_id) VALUES (53,'2019-05-20 16:15:00','SWE',5,'LAT',4,14,2019,'2021-03-05 21:40:16.212512','ds2020',NULL,NULL,'GRP');
INSERT INTO t_zapas (zap_id,zap_datum,xzap_cou_id1,zap_stav_cou_id1,xzap_cou_id2,zap_stav_cou_id2,xzap_cit_id,xzap_rok_id,zap_inserted,zap_inserted_by,zap_modified,zap_modified_by,xzap_zat_id) VALUES (54,'2019-05-20 20:15:00','AUT',3,'ITA',4,14,2019,'2021-03-05 21:40:33.232083','ds2020',NULL,NULL,'GRP');
INSERT INTO t_zapas (zap_id,zap_datum,xzap_cou_id1,zap_stav_cou_id1,xzap_cou_id2,zap_stav_cou_id2,xzap_cit_id,xzap_rok_id,zap_inserted,zap_inserted_by,zap_modified,zap_modified_by,xzap_zat_id) VALUES (55,'2019-05-21 12:15:00','CZE',5,'SUI',4,14,2019,'2021-03-05 21:40:50.358701','ds2020',NULL,NULL,'GRP');
INSERT INTO t_zapas (zap_id,zap_datum,xzap_cou_id1,zap_stav_cou_id1,xzap_cou_id2,zap_stav_cou_id2,xzap_cit_id,xzap_rok_id,zap_inserted,zap_inserted_by,zap_modified,zap_modified_by,xzap_zat_id) VALUES (56,'2019-05-21 16:15:00','NOR',1,'LAT',4,14,2019,'2021-03-05 21:41:09.821333','ds2020',NULL,NULL,'GRP');
INSERT INTO t_zapas (zap_id,zap_datum,xzap_cou_id1,zap_stav_cou_id1,xzap_cou_id2,zap_stav_cou_id2,xzap_cit_id,xzap_rok_id,zap_inserted,zap_inserted_by,zap_modified,zap_modified_by,xzap_zat_id) VALUES (57,'2019-05-21 20:15:00','SWE',4,'RUS',7,14,2019,'2021-03-05 21:41:26.869302','ds2020',NULL,NULL,'GRP');
INSERT INTO t_zapas (zap_id,zap_datum,xzap_cou_id1,zap_stav_cou_id1,xzap_cou_id2,zap_stav_cou_id2,xzap_cit_id,xzap_rok_id,zap_inserted,zap_inserted_by,zap_modified,zap_modified_by,xzap_zat_id) VALUES (58,'2019-05-23 16:15:00','CAN',3,'SUI',2,8,2019,'2021-03-05 21:44:58.324538','ds2020',NULL,NULL,'QTF');
INSERT INTO t_zapas (zap_id,zap_datum,xzap_cou_id1,zap_stav_cou_id1,xzap_cou_id2,zap_stav_cou_id2,xzap_cit_id,xzap_rok_id,zap_inserted,zap_inserted_by,zap_modified,zap_modified_by,xzap_zat_id) VALUES (59,'2019-05-23 16:15:00','RUS',4,'USA',3,14,2019,'2021-03-05 21:45:47.752253','ds2020',NULL,NULL,'QTF');
INSERT INTO t_zapas (zap_id,zap_datum,xzap_cou_id1,zap_stav_cou_id1,xzap_cou_id2,zap_stav_cou_id2,xzap_cit_id,xzap_rok_id,zap_inserted,zap_inserted_by,zap_modified,zap_modified_by,xzap_zat_id) VALUES (60,'2019-05-23 20:15:00','FIN',5,'SWE',4,8,2019,'2021-03-05 21:46:19.69641','ds2020',NULL,NULL,'QTF');
INSERT INTO t_zapas (zap_id,zap_datum,xzap_cou_id1,zap_stav_cou_id1,xzap_cou_id2,zap_stav_cou_id2,xzap_cit_id,xzap_rok_id,zap_inserted,zap_inserted_by,zap_modified,zap_modified_by,xzap_zat_id) VALUES (61,'2019-05-23 20:15:00','CZE',5,'GER',1,14,2019,'2021-03-05 21:46:44.308797','ds2020',NULL,NULL,'QTF');
INSERT INTO t_zapas (zap_id,zap_datum,xzap_cou_id1,zap_stav_cou_id1,xzap_cou_id2,zap_stav_cou_id2,xzap_cit_id,xzap_rok_id,zap_inserted,zap_inserted_by,zap_modified,zap_modified_by,xzap_zat_id) VALUES (62,'2019-05-25 15:15:00','RUS',0,'FIN',1,14,2019,'2021-03-05 21:47:44.446563','ds2020',NULL,NULL,'SEM');
INSERT INTO t_zapas (zap_id,zap_datum,xzap_cou_id1,zap_stav_cou_id1,xzap_cou_id2,zap_stav_cou_id2,xzap_cit_id,xzap_rok_id,zap_inserted,zap_inserted_by,zap_modified,zap_modified_by,xzap_zat_id) VALUES (63,'2019-05-25 19:15:00','CAN',5,'CZE',1,14,2019,'2021-03-05 21:48:11.256453','ds2020',NULL,NULL,'SEM');
INSERT INTO t_zapas (zap_id,zap_datum,xzap_cou_id1,zap_stav_cou_id1,xzap_cou_id2,zap_stav_cou_id2,xzap_cit_id,xzap_rok_id,zap_inserted,zap_inserted_by,zap_modified,zap_modified_by,xzap_zat_id) VALUES (64,'2019-05-26 15:45:00','CZE',2,'RUS',3,14,2019,'2021-03-05 21:49:05.298745','ds2020',NULL,NULL,'3rd');
INSERT INTO t_zapas (zap_id,zap_datum,xzap_cou_id1,zap_stav_cou_id1,xzap_cou_id2,zap_stav_cou_id2,xzap_cit_id,xzap_rok_id,zap_inserted,zap_inserted_by,zap_modified,zap_modified_by,xzap_zat_id) VALUES (65,'2019-05-26 20:15:00','CAN',1,'FIN',3,14,2019,'2021-03-05 21:49:58.418856','ds2020',NULL,NULL,'FIN');


INSERT INTO c_trest_typ (trt_id,trt_nazov,trt_inserted,trt_inserted_by,trt_modified,trt_modified_by) VALUES (1,'Menší trest','2021-03-06 11:28:23.262474','ds2020',NULL,NULL);
INSERT INTO c_trest_typ (trt_id,trt_nazov,trt_inserted,trt_inserted_by,trt_modified,trt_modified_by) VALUES (2,'Menší trest pre hráčsku lavicu','2021-03-06 11:28:57.810624','ds2020',NULL,NULL);
INSERT INTO c_trest_typ (trt_id,trt_nazov,trt_inserted,trt_inserted_by,trt_modified,trt_modified_by) VALUES (3,'Väčší trest','2021-03-06 11:29:47.52002','ds2020',NULL,NULL);
INSERT INTO c_trest_typ (trt_id,trt_nazov,trt_inserted,trt_inserted_by,trt_modified,trt_modified_by) VALUES (4,'Osobný trest','2021-03-06 11:30:17.434237','ds2020',NULL,NULL);
INSERT INTO c_trest_typ (trt_id,trt_nazov,trt_inserted,trt_inserted_by,trt_modified,trt_modified_by) VALUES (5,'Osobný trest do konca stretnutia','2021-03-06 11:30:37.608295','ds2020',NULL,NULL);
INSERT INTO c_trest_typ (trt_id,trt_nazov,trt_inserted,trt_inserted_by,trt_modified,trt_modified_by) VALUES (6,'Disciplinárny trest','2021-03-06 11:31:11.717835','ds2020',NULL,NULL);
INSERT INTO c_trest_typ (trt_id,trt_nazov,trt_inserted,trt_inserted_by,trt_modified,trt_modified_by) VALUES (7,'Trest v hre','2021-03-06 11:31:42.939123','ds2020',NULL,NULL);
INSERT INTO c_trest_typ (trt_id,trt_nazov,trt_inserted,trt_inserted_by,trt_modified,trt_modified_by) VALUES (8,'Trestné strieľanie','2021-03-06 11:32:00.032773','ds2020',NULL,NULL);

INSERT INTO t_trest (tre_id,xtre_zap_id,xtre_hra_id,xtre_trt_id,tre_cas,tre_dlzka_trestu,tre_inserted,tre_inserted_by,tre_modified,tre_modified_by) VALUES (1,65,71,1,5,2,'2021-03-06 11:45:29.930376','ds2020',NULL,NULL);
INSERT INTO t_trest (tre_id,xtre_zap_id,xtre_hra_id,xtre_trt_id,tre_cas,tre_dlzka_trestu,tre_inserted,tre_inserted_by,tre_modified,tre_modified_by) VALUES (2,65,44,8,6,0,'2021-03-06 11:48:31.092523','ds2020',NULL,NULL);
INSERT INTO t_trest (tre_id,xtre_zap_id,xtre_hra_id,xtre_trt_id,tre_cas,tre_dlzka_trestu,tre_inserted,tre_inserted_by,tre_modified,tre_modified_by) VALUES (3,65,74,1,11,4,'2021-03-06 12:07:25.95074','ds2020',NULL,NULL);
INSERT INTO t_trest (tre_id,xtre_zap_id,xtre_hra_id,xtre_trt_id,tre_cas,tre_dlzka_trestu,tre_inserted,tre_inserted_by,tre_modified,tre_modified_by) VALUES (4,65,75,1,11,2,'2021-03-06 12:12:03.601683','ds2020',NULL,NULL);
INSERT INTO t_trest (tre_id,xtre_zap_id,xtre_hra_id,xtre_trt_id,tre_cas,tre_dlzka_trestu,tre_inserted,tre_inserted_by,tre_modified,tre_modified_by) VALUES (5,65,76,1,15,2,'2021-03-06 12:17:25.739914','ds2020',NULL,NULL);
INSERT INTO t_trest (tre_id,xtre_zap_id,xtre_hra_id,xtre_trt_id,tre_cas,tre_dlzka_trestu,tre_inserted,tre_inserted_by,tre_modified,tre_modified_by) VALUES (6,65,72,1,23,2,'2021-03-06 12:18:27.746387','ds2020',NULL,NULL);
INSERT INTO t_trest (tre_id,xtre_zap_id,xtre_hra_id,xtre_trt_id,tre_cas,tre_dlzka_trestu,tre_inserted,tre_inserted_by,tre_modified,tre_modified_by) VALUES (7,65,77,1,39,2,'2021-03-06 12:23:55.446598','ds2020',NULL,NULL);
INSERT INTO t_trest (tre_id,xtre_zap_id,xtre_hra_id,xtre_trt_id,tre_cas,tre_dlzka_trestu,tre_inserted,tre_inserted_by,tre_modified,tre_modified_by) VALUES (8,64,79,1,5,2,'2021-03-06 13:21:10.693263','ds2020',NULL,NULL);
INSERT INTO t_trest (tre_id,xtre_zap_id,xtre_hra_id,xtre_trt_id,tre_cas,tre_dlzka_trestu,tre_inserted,tre_inserted_by,tre_modified,tre_modified_by) VALUES (9,64,84,1,44,2,'2021-03-06 14:03:34.685817','ds2020',NULL,NULL);
INSERT INTO t_trest (tre_id,xtre_zap_id,xtre_hra_id,xtre_trt_id,tre_cas,tre_dlzka_trestu,tre_inserted,tre_inserted_by,tre_modified,tre_modified_by) VALUES (10,63,45,1,7,2,'2021-03-06 16:03:07.707491','ds2020',NULL,NULL);
INSERT INTO t_trest (tre_id,xtre_zap_id,xtre_hra_id,xtre_trt_id,tre_cas,tre_dlzka_trestu,tre_inserted,tre_inserted_by,tre_modified,tre_modified_by) VALUES (11,63,86,1,15,2,'2021-03-06 16:14:40.818298','ds2020',NULL,NULL);
INSERT INTO t_trest (tre_id,xtre_zap_id,xtre_hra_id,xtre_trt_id,tre_cas,tre_dlzka_trestu,tre_inserted,tre_inserted_by,tre_modified,tre_modified_by) VALUES (12,63,46,1,50,2,'2021-03-06 16:42:56.050032','ds2020',NULL,NULL);
INSERT INTO t_trest (tre_id,xtre_zap_id,xtre_hra_id,xtre_trt_id,tre_cas,tre_dlzka_trestu,tre_inserted,tre_inserted_by,tre_modified,tre_modified_by) VALUES (13,63,87,1,56,2,'2021-03-06 16:55:36.020034','ds2020',NULL,NULL);
INSERT INTO t_trest (tre_id,xtre_zap_id,xtre_hra_id,xtre_trt_id,tre_cas,tre_dlzka_trestu,tre_inserted,tre_inserted_by,tre_modified,tre_modified_by) VALUES (14,63,81,1,56,2,'2021-03-06 16:56:47.138085','ds2020',NULL,NULL);
INSERT INTO t_trest (tre_id,xtre_zap_id,xtre_hra_id,xtre_trt_id,tre_cas,tre_dlzka_trestu,tre_inserted,tre_inserted_by,tre_modified,tre_modified_by) VALUES (15,63,88,1,59,2,'2021-03-06 17:05:17.970097','ds2020',NULL,NULL);
INSERT INTO t_trest (tre_id,xtre_zap_id,xtre_hra_id,xtre_trt_id,tre_cas,tre_dlzka_trestu,tre_inserted,tre_inserted_by,tre_modified,tre_modified_by) VALUES (16,63,51,1,59,4,'2021-03-06 17:06:30.487521','ds2020',NULL,NULL);
INSERT INTO t_trest (tre_id,xtre_zap_id,xtre_hra_id,xtre_trt_id,tre_cas,tre_dlzka_trestu,tre_inserted,tre_inserted_by,tre_modified,tre_modified_by) VALUES (17,63,46,1,59,2,'2021-03-06 17:12:10.052305','ds2020',NULL,NULL);
INSERT INTO t_trest (tre_id,xtre_zap_id,xtre_hra_id,xtre_trt_id,tre_cas,tre_dlzka_trestu,tre_inserted,tre_inserted_by,tre_modified,tre_modified_by) VALUES (18,62,89,1,5,2,'2021-03-06 18:01:11.374559','ds2020',NULL,NULL);
INSERT INTO t_trest (tre_id,xtre_zap_id,xtre_hra_id,xtre_trt_id,tre_cas,tre_dlzka_trestu,tre_inserted,tre_inserted_by,tre_modified,tre_modified_by) VALUES (19,62,48,1,5,2,'2021-03-06 18:03:10.615061','ds2020',NULL,NULL);
INSERT INTO t_trest (tre_id,xtre_zap_id,xtre_hra_id,xtre_trt_id,tre_cas,tre_dlzka_trestu,tre_inserted,tre_inserted_by,tre_modified,tre_modified_by) VALUES (20,62,47,1,6,2,'2021-03-06 19:32:42.522386','ds2020',NULL,NULL);
INSERT INTO t_trest (tre_id,xtre_zap_id,xtre_hra_id,xtre_trt_id,tre_cas,tre_dlzka_trestu,tre_inserted,tre_inserted_by,tre_modified,tre_modified_by) VALUES (21,62,90,1,21,2,'2021-03-06 20:04:25.555628','ds2020',NULL,NULL);
INSERT INTO t_trest (tre_id,xtre_zap_id,xtre_hra_id,xtre_trt_id,tre_cas,tre_dlzka_trestu,tre_inserted,tre_inserted_by,tre_modified,tre_modified_by) VALUES (22,62,89,1,46,2,'2021-03-06 20:05:45.337024','ds2020',NULL,NULL);
INSERT INTO t_trest (tre_id,xtre_zap_id,xtre_hra_id,xtre_trt_id,tre_cas,tre_dlzka_trestu,tre_inserted,tre_inserted_by,tre_modified,tre_modified_by) VALUES (23,5,91,1,9,2,'2021-03-06 22:10:22.879652','ds2020',NULL,NULL);
INSERT INTO t_trest (tre_id,xtre_zap_id,xtre_hra_id,xtre_trt_id,tre_cas,tre_dlzka_trestu,tre_inserted,tre_inserted_by,tre_modified,tre_modified_by) VALUES (24,5,7,1,13,2,'2021-03-06 22:13:33.578942','ds2020',NULL,NULL);
INSERT INTO t_trest (tre_id,xtre_zap_id,xtre_hra_id,xtre_trt_id,tre_cas,tre_dlzka_trestu,tre_inserted,tre_inserted_by,tre_modified,tre_modified_by) VALUES (25,5,20,1,24,2,'2021-03-06 22:22:12.281626','ds2020',NULL,NULL);
INSERT INTO t_trest (tre_id,xtre_zap_id,xtre_hra_id,xtre_trt_id,tre_cas,tre_dlzka_trestu,tre_inserted,tre_inserted_by,tre_modified,tre_modified_by) VALUES (26,5,2,1,28,2,'2021-03-06 22:22:49.076899','ds2020',NULL,NULL);
INSERT INTO t_trest (tre_id,xtre_zap_id,xtre_hra_id,xtre_trt_id,tre_cas,tre_dlzka_trestu,tre_inserted,tre_inserted_by,tre_modified,tre_modified_by) VALUES (27,5,92,1,31,2,'2021-03-06 22:29:22.24698','ds2020',NULL,NULL);
INSERT INTO t_trest (tre_id,xtre_zap_id,xtre_hra_id,xtre_trt_id,tre_cas,tre_dlzka_trestu,tre_inserted,tre_inserted_by,tre_modified,tre_modified_by) VALUES (28,5,71,1,52,2,'2021-03-06 22:37:50.241481','ds2020',NULL,NULL);
INSERT INTO t_trest (tre_id,xtre_zap_id,xtre_hra_id,xtre_trt_id,tre_cas,tre_dlzka_trestu,tre_inserted,tre_inserted_by,tre_modified,tre_modified_by) VALUES (29,5,14,3,12,5,'2021-04-06 13:00:25.87078','ds2020',NULL,NULL);
INSERT INTO t_trest (tre_id,xtre_zap_id,xtre_hra_id,xtre_trt_id,tre_cas,tre_dlzka_trestu,tre_inserted,tre_inserted_by,tre_modified,tre_modified_by) VALUES (30,5,89,3,2,5,'2021-04-06 13:02:51.589452','ds2020',NULL,NULL);
INSERT INTO t_trest (tre_id,xtre_zap_id,xtre_hra_id,xtre_trt_id,tre_cas,tre_dlzka_trestu,tre_inserted,tre_inserted_by,tre_modified,tre_modified_by) VALUES (31,24,30,1,14,2,'2021-04-08 11:27:04.041523','ds2020',NULL,NULL);
INSERT INTO t_trest (tre_id,xtre_zap_id,xtre_hra_id,xtre_trt_id,tre_cas,tre_dlzka_trestu,tre_inserted,tre_inserted_by,tre_modified,tre_modified_by) VALUES (32,24,65,1,48,2,'2021-04-08 11:27:39.2443','ds2020',NULL,NULL);
INSERT INTO t_trest (tre_id,xtre_zap_id,xtre_hra_id,xtre_trt_id,tre_cas,tre_dlzka_trestu,tre_inserted,tre_inserted_by,tre_modified,tre_modified_by) VALUES (33,24,31,1,27,2,'2021-04-08 11:28:21.102901','ds2020',NULL,NULL);
INSERT INTO t_trest (tre_id,xtre_zap_id,xtre_hra_id,xtre_trt_id,tre_cas,tre_dlzka_trestu,tre_inserted,tre_inserted_by,tre_modified,tre_modified_by) VALUES (34,24,67,1,56,2,'2021-04-08 11:28:36.802668','ds2020',NULL,NULL);
INSERT INTO t_trest (tre_id,xtre_zap_id,xtre_hra_id,xtre_trt_id,tre_cas,tre_dlzka_trestu,tre_inserted,tre_inserted_by,tre_modified,tre_modified_by) VALUES (35,41,33,2,6,2,'2021-04-08 11:29:49.903821','ds2020',NULL,NULL);
INSERT INTO t_trest (tre_id,xtre_zap_id,xtre_hra_id,xtre_trt_id,tre_cas,tre_dlzka_trestu,tre_inserted,tre_inserted_by,tre_modified,tre_modified_by) VALUES (36,41,26,1,10,2,'2021-04-08 11:30:37.84162','ds2020',NULL,NULL);
INSERT INTO t_trest (tre_id,xtre_zap_id,xtre_hra_id,xtre_trt_id,tre_cas,tre_dlzka_trestu,tre_inserted,tre_inserted_by,tre_modified,tre_modified_by) VALUES (37,41,26,1,35,2,'2021-04-08 11:31:01.05036','ds2020',NULL,NULL);
INSERT INTO t_trest (tre_id,xtre_zap_id,xtre_hra_id,xtre_trt_id,tre_cas,tre_dlzka_trestu,tre_inserted,tre_inserted_by,tre_modified,tre_modified_by) VALUES (38,41,34,1,46,2,'2021-04-08 11:31:32.566829','ds2020',NULL,NULL);
INSERT INTO t_trest (tre_id,xtre_zap_id,xtre_hra_id,xtre_trt_id,tre_cas,tre_dlzka_trestu,tre_inserted,tre_inserted_by,tre_modified,tre_modified_by) VALUES (39,41,34,1,58,2,'2021-04-08 11:31:44.815765','ds2020',NULL,NULL);
INSERT INTO t_trest (tre_id,xtre_zap_id,xtre_hra_id,xtre_trt_id,tre_cas,tre_dlzka_trestu,tre_inserted,tre_inserted_by,tre_modified,tre_modified_by) VALUES (40,41,33,1,59,2,'2021-04-08 11:32:17.775237','ds2020',NULL,NULL);
INSERT INTO t_trest (tre_id,xtre_zap_id,xtre_hra_id,xtre_trt_id,tre_cas,tre_dlzka_trestu,tre_inserted,tre_inserted_by,tre_modified,tre_modified_by) VALUES (41,41,33,4,59,10,'2021-04-08 11:32:43.481041','ds2020',NULL,NULL);
INSERT INTO t_trest (tre_id,xtre_zap_id,xtre_hra_id,xtre_trt_id,tre_cas,tre_dlzka_trestu,tre_inserted,tre_inserted_by,tre_modified,tre_modified_by) VALUES (42,41,63,1,16,2,'2021-04-08 11:33:27.498225','ds2020',NULL,NULL);
INSERT INTO t_trest (tre_id,xtre_zap_id,xtre_hra_id,xtre_trt_id,tre_cas,tre_dlzka_trestu,tre_inserted,tre_inserted_by,tre_modified,tre_modified_by) VALUES (43,41,63,1,16,2,'2021-04-08 11:33:32.117681','ds2020',NULL,NULL);
INSERT INTO t_trest (tre_id,xtre_zap_id,xtre_hra_id,xtre_trt_id,tre_cas,tre_dlzka_trestu,tre_inserted,tre_inserted_by,tre_modified,tre_modified_by) VALUES (44,41,64,1,45,2,'2021-04-08 11:34:19.999447','ds2020',NULL,NULL);
INSERT INTO t_trest (tre_id,xtre_zap_id,xtre_hra_id,xtre_trt_id,tre_cas,tre_dlzka_trestu,tre_inserted,tre_inserted_by,tre_modified,tre_modified_by) VALUES (45,41,64,4,45,10,'2021-04-08 11:34:37.688797','ds2020',NULL,NULL);
INSERT INTO t_trest (tre_id,xtre_zap_id,xtre_hra_id,xtre_trt_id,tre_cas,tre_dlzka_trestu,tre_inserted,tre_inserted_by,tre_modified,tre_modified_by) VALUES (46,57,80,1,10,2,'2021-04-08 11:40:41.413168','ds2020',NULL,NULL);
INSERT INTO t_trest (tre_id,xtre_zap_id,xtre_hra_id,xtre_trt_id,tre_cas,tre_dlzka_trestu,tre_inserted,tre_inserted_by,tre_modified,tre_modified_by) VALUES (47,57,83,1,15,2,'2021-04-08 11:41:20.587983','ds2020',NULL,NULL);
INSERT INTO t_trest (tre_id,xtre_zap_id,xtre_hra_id,xtre_trt_id,tre_cas,tre_dlzka_trestu,tre_inserted,tre_inserted_by,tre_modified,tre_modified_by) VALUES (48,57,85,1,59,2,'2021-04-08 11:42:47.027226','ds2020',NULL,NULL);
INSERT INTO t_trest (tre_id,xtre_zap_id,xtre_hra_id,xtre_trt_id,tre_cas,tre_dlzka_trestu,tre_inserted,tre_inserted_by,tre_modified,tre_modified_by) VALUES (49,57,53,4,40,10,'2021-04-08 11:45:56.818281','ds2020',NULL,NULL);
INSERT INTO t_trest (tre_id,xtre_zap_id,xtre_hra_id,xtre_trt_id,tre_cas,tre_dlzka_trestu,tre_inserted,tre_inserted_by,tre_modified,tre_modified_by) VALUES (50,57,54,1,45,2,'2021-04-08 11:46:33.489117','ds2020',NULL,NULL);
INSERT INTO t_trest (tre_id,xtre_zap_id,xtre_hra_id,xtre_trt_id,tre_cas,tre_dlzka_trestu,tre_inserted,tre_inserted_by,tre_modified,tre_modified_by) VALUES (51,22,58,2,55,2,'2021-04-08 11:49:54.86608','ds2020',NULL,NULL);
INSERT INTO t_trest (tre_id,xtre_zap_id,xtre_hra_id,xtre_trt_id,tre_cas,tre_dlzka_trestu,tre_inserted,tre_inserted_by,tre_modified,tre_modified_by) VALUES (52,22,59,1,9,2,'2021-04-08 11:51:58.226152','ds2020',NULL,NULL);
INSERT INTO t_trest (tre_id,xtre_zap_id,xtre_hra_id,xtre_trt_id,tre_cas,tre_dlzka_trestu,tre_inserted,tre_inserted_by,tre_modified,tre_modified_by) VALUES (53,22,60,1,59,2,'2021-04-08 11:52:34.957585','ds2020',NULL,NULL);
INSERT INTO t_trest (tre_id,xtre_zap_id,xtre_hra_id,xtre_trt_id,tre_cas,tre_dlzka_trestu,tre_inserted,tre_inserted_by,tre_modified,tre_modified_by) VALUES (54,56,29,1,14,2,'2021-04-08 11:55:04.629145','ds2020',NULL,NULL);
INSERT INTO t_trest (tre_id,xtre_zap_id,xtre_hra_id,xtre_trt_id,tre_cas,tre_dlzka_trestu,tre_inserted,tre_inserted_by,tre_modified,tre_modified_by) VALUES (55,56,29,3,19,5,'2021-04-08 11:55:29.923996','ds2020',NULL,NULL);
INSERT INTO t_trest (tre_id,xtre_zap_id,xtre_hra_id,xtre_trt_id,tre_cas,tre_dlzka_trestu,tre_inserted,tre_inserted_by,tre_modified,tre_modified_by) VALUES (56,56,39,1,30,2,'2021-04-08 11:55:56.571497','ds2020',NULL,NULL);
INSERT INTO t_trest (tre_id,xtre_zap_id,xtre_hra_id,xtre_trt_id,tre_cas,tre_dlzka_trestu,tre_inserted,tre_inserted_by,tre_modified,tre_modified_by) VALUES (57,56,28,1,21,2,'2021-04-08 11:56:33.14233','ds2020',NULL,NULL);
INSERT INTO t_trest (tre_id,xtre_zap_id,xtre_hra_id,xtre_trt_id,tre_cas,tre_dlzka_trestu,tre_inserted,tre_inserted_by,tre_modified,tre_modified_by) VALUES (58,56,37,5,35,25,'2021-04-08 11:57:42.240184','ds2020',NULL,NULL);
INSERT INTO t_trest (tre_id,xtre_zap_id,xtre_hra_id,xtre_trt_id,tre_cas,tre_dlzka_trestu,tre_inserted,tre_inserted_by,tre_modified,tre_modified_by) VALUES (59,56,38,1,48,2,'2021-04-08 11:58:47.344405','ds2020',NULL,NULL);
INSERT INTO t_trest (tre_id,xtre_zap_id,xtre_hra_id,xtre_trt_id,tre_cas,tre_dlzka_trestu,tre_inserted,tre_inserted_by,tre_modified,tre_modified_by) VALUES (60,56,38,3,56,5,'2021-04-08 11:59:31.537277','ds2020',NULL,NULL);
INSERT INTO t_trest (tre_id,xtre_zap_id,xtre_hra_id,xtre_trt_id,tre_cas,tre_dlzka_trestu,tre_inserted,tre_inserted_by,tre_modified,tre_modified_by) VALUES (61,47,50,2,47,2,'2021-04-08 12:18:45.449941','ds2020',NULL,NULL);
INSERT INTO t_trest (tre_id,xtre_zap_id,xtre_hra_id,xtre_trt_id,tre_cas,tre_dlzka_trestu,tre_inserted,tre_inserted_by,tre_modified,tre_modified_by) VALUES (62,47,27,2,2,2,'2021-04-08 12:19:24.943857','ds2020',NULL,NULL);
INSERT INTO t_trest (tre_id,xtre_zap_id,xtre_hra_id,xtre_trt_id,tre_cas,tre_dlzka_trestu,tre_inserted,tre_inserted_by,tre_modified,tre_modified_by) VALUES (63,47,27,1,17,2,'2021-04-08 12:19:45.390822','ds2020',NULL,NULL);
INSERT INTO t_trest (tre_id,xtre_zap_id,xtre_hra_id,xtre_trt_id,tre_cas,tre_dlzka_trestu,tre_inserted,tre_inserted_by,tre_modified,tre_modified_by) VALUES (64,47,35,1,33,2,'2021-04-08 12:20:13.811444','ds2020',NULL,NULL);
INSERT INTO t_trest (tre_id,xtre_zap_id,xtre_hra_id,xtre_trt_id,tre_cas,tre_dlzka_trestu,tre_inserted,tre_inserted_by,tre_modified,tre_modified_by) VALUES (65,3,32,3,12,5,'2021-04-08 12:23:43.077015','ds2020',NULL,NULL);
INSERT INTO t_trest (tre_id,xtre_zap_id,xtre_hra_id,xtre_trt_id,tre_cas,tre_dlzka_trestu,tre_inserted,tre_inserted_by,tre_modified,tre_modified_by) VALUES (66,3,32,1,21,2,'2021-04-08 12:24:01.917118','ds2020',NULL,NULL);
INSERT INTO t_trest (tre_id,xtre_zap_id,xtre_hra_id,xtre_trt_id,tre_cas,tre_dlzka_trestu,tre_inserted,tre_inserted_by,tre_modified,tre_modified_by) VALUES (67,3,69,1,25,2,'2021-04-08 12:24:31.278025','ds2020',NULL,NULL);
INSERT INTO t_trest (tre_id,xtre_zap_id,xtre_hra_id,xtre_trt_id,tre_cas,tre_dlzka_trestu,tre_inserted,tre_inserted_by,tre_modified,tre_modified_by) VALUES (68,3,70,1,48,2,'2021-04-08 12:25:12.44801','ds2020',NULL,NULL);
INSERT INTO t_trest (tre_id,xtre_zap_id,xtre_hra_id,xtre_trt_id,tre_cas,tre_dlzka_trestu,tre_inserted,tre_inserted_by,tre_modified,tre_modified_by) VALUES (69,3,30,4,57,10,'2021-04-08 12:26:10.928726','ds2020',NULL,NULL);
INSERT INTO t_trest (tre_id,xtre_zap_id,xtre_hra_id,xtre_trt_id,tre_cas,tre_dlzka_trestu,tre_inserted,tre_inserted_by,tre_modified,tre_modified_by) VALUES (70,3,65,3,17,5,'2021-04-08 12:26:41.248544','ds2020',NULL,NULL);
INSERT INTO t_trest (tre_id,xtre_zap_id,xtre_hra_id,xtre_trt_id,tre_cas,tre_dlzka_trestu,tre_inserted,tre_inserted_by,tre_modified,tre_modified_by) VALUES (71,22,57,1,13,2,'2021-04-08 12:29:45.398141','ds2020',NULL,NULL);
INSERT INTO t_trest (tre_id,xtre_zap_id,xtre_hra_id,xtre_trt_id,tre_cas,tre_dlzka_trestu,tre_inserted,tre_inserted_by,tre_modified,tre_modified_by) VALUES (72,22,58,3,28,5,'2021-04-08 12:30:15.465411','ds2020',NULL,NULL);
INSERT INTO t_trest (tre_id,xtre_zap_id,xtre_hra_id,xtre_trt_id,tre_cas,tre_dlzka_trestu,tre_inserted,tre_inserted_by,tre_modified,tre_modified_by) VALUES (73,22,61,4,34,10,'2021-04-08 12:31:04.589905','ds2020',NULL,NULL);
INSERT INTO t_trest (tre_id,xtre_zap_id,xtre_hra_id,xtre_trt_id,tre_cas,tre_dlzka_trestu,tre_inserted,tre_inserted_by,tre_modified,tre_modified_by) VALUES (74,22,60,1,49,2,'2021-04-08 12:31:34.197631','ds2020',NULL,NULL);
INSERT INTO t_trest (tre_id,xtre_zap_id,xtre_hra_id,xtre_trt_id,tre_cas,tre_dlzka_trestu,tre_inserted,tre_inserted_by,tre_modified,tre_modified_by) VALUES (75,57,80,3,49,5,'2021-04-08 12:33:21.117162','ds2020',NULL,NULL);


INSERT INTO t_gol (gol_id,xgol_cou_id,gol_cas,xgol_zap_id,xgol_hra_id1,xgol_hra_id2,gol_inserted,gol_inserted_by,gol_modified,gol_modified_by) VALUES (1,'CAN',11,65,72,73,'2021-03-06 11:57:48.997069','ds2020',NULL,NULL);
INSERT INTO t_gol (gol_id,xgol_cou_id,gol_cas,xgol_zap_id,xgol_hra_id1,xgol_hra_id2,gol_inserted,gol_inserted_by,gol_modified,gol_modified_by) VALUES (2,'FIN',23,65,71,41,'2021-03-06 12:20:12.521138','ds2020',NULL,NULL);
INSERT INTO t_gol (gol_id,xgol_cou_id,gol_cas,xgol_zap_id,xgol_hra_id1,xgol_hra_id2,gol_inserted,gol_inserted_by,gol_modified,gol_modified_by) VALUES (3,'FIN',43,65,71,42,'2021-03-06 12:28:27.309728','ds2020',NULL,NULL);
INSERT INTO t_gol (gol_id,xgol_cou_id,gol_cas,xgol_zap_id,xgol_hra_id1,xgol_hra_id2,gol_inserted,gol_inserted_by,gol_modified,gol_modified_by) VALUES (4,'FIN',56,65,78,77,'2021-03-06 12:35:26.425056','ds2020',NULL,NULL);
INSERT INTO t_gol (gol_id,xgol_cou_id,gol_cas,xgol_zap_id,xgol_hra_id1,xgol_hra_id2,gol_inserted,gol_inserted_by,gol_modified,gol_modified_by) VALUES (5,'RUS',13,64,80,47,'2021-03-06 13:35:48.810867','ds2020',NULL,NULL);
INSERT INTO t_gol (gol_id,xgol_cou_id,gol_cas,xgol_zap_id,xgol_hra_id1,xgol_hra_id2,gol_inserted,gol_inserted_by,gol_modified,gol_modified_by) VALUES (6,'CZE',14,64,81,50,'2021-03-06 13:41:00.013045','ds2020',NULL,NULL);
INSERT INTO t_gol (gol_id,xgol_cou_id,gol_cas,xgol_zap_id,xgol_hra_id1,xgol_hra_id2,gol_inserted,gol_inserted_by,gol_modified,gol_modified_by) VALUES (7,'CZE',19,64,82,52,'2021-03-06 13:51:31.156012','ds2020',NULL,NULL);
INSERT INTO t_gol (gol_id,xgol_cou_id,gol_cas,xgol_zap_id,xgol_hra_id1,xgol_hra_id2,gol_inserted,gol_inserted_by,gol_modified,gol_modified_by) VALUES (8,'RUS',21,64,83,48,'2021-03-06 13:57:15.677304','ds2020',NULL,NULL);
INSERT INTO t_gol (gol_id,xgol_cou_id,gol_cas,xgol_zap_id,xgol_hra_id1,xgol_hra_id2,gol_inserted,gol_inserted_by,gol_modified,gol_modified_by) VALUES (11,'RUS',61,64,85,85,'2021-03-06 14:24:58.497472','ds2020',NULL,NULL);
INSERT INTO t_gol (gol_id,xgol_cou_id,gol_cas,xgol_zap_id,xgol_hra_id1,xgol_hra_id2,gol_inserted,gol_inserted_by,gol_modified,gol_modified_by) VALUES (12,'CAN',6,63,44,45,'2021-03-06 16:01:53.934804','ds2020',NULL,NULL);
INSERT INTO t_gol (gol_id,xgol_cou_id,gol_cas,xgol_zap_id,xgol_hra_id1,xgol_hra_id2,gol_inserted,gol_inserted_by,gol_modified,gol_modified_by) VALUES (13,'CAN',21,63,74,72,'2021-03-06 16:23:14.696529','ds2020',NULL,NULL);
INSERT INTO t_gol (gol_id,xgol_cou_id,gol_cas,xgol_zap_id,xgol_hra_id1,xgol_hra_id2,gol_inserted,gol_inserted_by,gol_modified,gol_modified_by) VALUES (14,'CAN',26,63,87,45,'2021-03-06 16:35:50.565001','ds2020',NULL,NULL);
INSERT INTO t_gol (gol_id,xgol_cou_id,gol_cas,xgol_zap_id,xgol_hra_id1,xgol_hra_id2,gol_inserted,gol_inserted_by,gol_modified,gol_modified_by) VALUES (15,'CAN',47,63,86,73,'2021-03-06 16:40:24.62402','ds2020',NULL,NULL);
INSERT INTO t_gol (gol_id,xgol_cou_id,gol_cas,xgol_zap_id,xgol_hra_id1,xgol_hra_id2,gol_inserted,gol_inserted_by,gol_modified,gol_modified_by) VALUES (16,'CAN',53,63,46,44,'2021-03-06 16:49:06.177452','ds2020',NULL,NULL);
INSERT INTO t_gol (gol_id,xgol_cou_id,gol_cas,xgol_zap_id,xgol_hra_id1,xgol_hra_id2,gol_inserted,gol_inserted_by,gol_modified,gol_modified_by) VALUES (17,'CZE',54,63,79,52,'2021-03-06 16:53:59.223393','ds2020',NULL,NULL);
INSERT INTO t_gol (gol_id,xgol_cou_id,gol_cas,xgol_zap_id,xgol_hra_id1,xgol_hra_id2,gol_inserted,gol_inserted_by,gol_modified,gol_modified_by) VALUES (18,'FIN',51,62,71,41,'2021-03-06 20:56:53.113672','ds2020',NULL,NULL);
INSERT INTO t_gol (gol_id,xgol_cou_id,gol_cas,xgol_zap_id,xgol_hra_id1,xgol_hra_id2,gol_inserted,gol_inserted_by,gol_modified,gol_modified_by) VALUES (19,'SVK',11,5,18,2,'2021-03-06 22:11:50.552378','ds2020',NULL,NULL);
INSERT INTO t_gol (gol_id,xgol_cou_id,gol_cas,xgol_zap_id,xgol_hra_id1,xgol_hra_id2,gol_inserted,gol_inserted_by,gol_modified,gol_modified_by) VALUES (20,'FIN',15,5,75,43,'2021-03-06 22:16:06.385502','ds2020',NULL,NULL);
INSERT INTO t_gol (gol_id,xgol_cou_id,gol_cas,xgol_zap_id,xgol_hra_id1,xgol_hra_id2,gol_inserted,gol_inserted_by,gol_modified,gol_modified_by) VALUES (21,'FIN',17,5,42,43,'2021-03-06 22:18:19.036766','ds2020',NULL,NULL);
INSERT INTO t_gol (gol_id,xgol_cou_id,gol_cas,xgol_zap_id,xgol_hra_id1,xgol_hra_id2,gol_inserted,gol_inserted_by,gol_modified,gol_modified_by) VALUES (22,'SVK',40,5,4,21,'2021-03-06 22:35:37.10368','ds2020',NULL,NULL);
INSERT INTO t_gol (gol_id,xgol_cou_id,gol_cas,xgol_zap_id,xgol_hra_id1,xgol_hra_id2,gol_inserted,gol_inserted_by,gol_modified,gol_modified_by) VALUES (23,'FIN',50,5,42,43,'2021-03-06 22:37:06.817622','ds2020',NULL,NULL);
INSERT INTO t_gol (gol_id,xgol_cou_id,gol_cas,xgol_zap_id,xgol_hra_id1,xgol_hra_id2,gol_inserted,gol_inserted_by,gol_modified,gol_modified_by) VALUES (24,'FIN',60,5,42,43,'2021-03-06 22:38:45.743998','ds2020',NULL,NULL);
























